{"id":111,"date":"2021-04-20T14:36:31","date_gmt":"2021-04-20T14:36:31","guid":{"rendered":"https:\/\/www.prumkadc.cz\/?page_id=111"},"modified":"2026-01-28T01:27:41","modified_gmt":"2026-01-28T01:27:41","slug":"prijimaci-rizeni-sps","status":"publish","type":"page","link":"https:\/\/www.prumkadc.cz\/index.php\/prijimaci-rizeni-sps\/","title":{"rendered":"P\u0159ij\u00edmac\u00ed \u0159\u00edzen\u00ed SP\u0160 2026\/2027"},"content":{"rendered":"\n<hr class=\"wp-block-separator has-alpha-channel-opacity\"\/>\n\n\n\n<p><strong><mark style=\"background-color:rgba(0, 0, 0, 0)\" class=\"has-inline-color has-vivid-red-color\">1.&nbsp;kolo p\u0159ij\u00edmac\u00edho \u0159\u00edzen\u00ed na S\u0160<\/mark><\/strong><\/p>\n\n\n\n<p>Podle \u00a760 odst. 2b a dal\u0161\u00edch ustanoven\u00ed z\u00e1kona \u010d. 561\/2004 Sb. o p\u0159ed\u0161koln\u00edm, z\u00e1kladn\u00edm, st\u0159edn\u00edm, vy\u0161\u0161\u00edm odborn\u00e9m a jin\u00e9m vzd\u011bl\u00e1v\u00e1n\u00ed v&nbsp;platn\u00e9m zn\u011bn\u00ed (\u0161kolsk\u00fd z\u00e1kon) a v&nbsp;n\u00e1vaznosti na vyhl\u00e1\u0161ku \u010d. 422\/2023 Sb. o p\u0159ij\u00edmac\u00edm \u0159\u00edzen\u00ed ke st\u0159edn\u00edmu vzd\u011bl\u00e1v\u00e1n\u00ed a vzd\u011bl\u00e1v\u00e1n\u00ed v&nbsp;konzervato\u0159i ve zn\u011bn\u00ed pozd\u011bj\u0161\u00edch p\u0159edpis\u016f \u0159editel \u0161koly stanovuje pro p\u0159ij\u00edmac\u00ed \u0159\u00edzen\u00ed v&nbsp;roce 2026 p\u0159edpokl\u00e1dan\u00fd po\u010det p\u0159ij\u00edman\u00fdch uchaze\u010d\u016f do 1.&nbsp;ro\u010dn\u00edk\u016f st\u0159edn\u00edho vzd\u011bl\u00e1v\u00e1n\u00ed s&nbsp;maturitn\u00ed zkou\u0161kou, obor\u016f denn\u00ed formy vzd\u011bl\u00e1v\u00e1n\u00ed:<\/p>\n\n\n\n<figure class=\"wp-block-table\"><table><tbody><tr><td><strong>K\u00f3d oboru<\/strong><\/td><td><strong>N\u00e1zev oboru<\/strong><\/td><td><strong>Po\u010det p\u0159ij\u00edman\u00fdch<\/strong><\/td><\/tr><tr><td>23-41-M\/01<\/td><td>Stroj\u00edrenstv\u00ed<\/td><td>30 uchaze\u010d\u016f<\/td><\/tr><tr><td>26-41-M\/01<\/td><td>Elektrotechnika<\/td><td>60 uchaze\u010d\u016f<\/td><\/tr><tr><td>36-47-M\/01<\/td><td>Stavebnictv\u00ed<strong>&nbsp;<\/strong><\/td><td>60 uchaze\u010d\u016f<\/td><\/tr><tr><td>37-41-M\/01<\/td><td>Provoz a ekonomika dopravy<\/td><td>60 uchaze\u010d\u016f<\/td><\/tr><tr><td>78-42-M\/01<\/td><td>Technick\u00e9 lyceum<\/td><td>20 uchaze\u010d\u016f<\/td><\/tr><\/tbody><\/table><figcaption class=\"wp-element-caption\"><br><strong>Term\u00edn pro pod\u00e1v\u00e1n\u00ed p\u0159ihl\u00e1\u0161ek:<\/strong> <strong>od 1.&nbsp;2.&nbsp;do 20.&nbsp;2.&nbsp;2026<\/strong><\/figcaption><\/figure>\n\n\n\n<p><strong>Forma pro pod\u00e1v\u00e1n\u00ed p\u0159ihl\u00e1\u0161ek:<\/strong><\/p>\n\n\n\n<ul class=\"wp-block-list\">\n<li><strong>PROST\u0158EDNICTV\u00cdM DIPSY<\/strong> na z\u00e1klad\u011b p\u0159ihl\u00e1\u0161en\u00ed identitou ob\u010dana (nap\u0159. bankovn\u00ed identitou) &#8211; elektronicky (TUTO VARIANTU DOPORU\u010cUJEME)<\/li>\n\n\n\n<li><strong>NA TISKOPISU<\/strong>, kter\u00fd stanov\u00ed ministerstvo &#8211; osobn\u011b, datovou schr\u00e1nkou nebo po\u0161tou<\/li>\n<\/ul>\n\n\n\n<p><strong>Potvrzen\u00ed l\u00e9ka\u0159e vy\u017eadujeme pouze u oboru Elektrotechnika.<\/strong> <\/p>\n\n\n\n<div class=\"wp-block-file\">\n    <a href=\"https:\/\/www.prumkadc.cz\/wp-content\/uploads\/2025\/01\/Zdravotni_posudek.pdf\" class=\"wp-block-file__button wp-element-button\" download>St\u00e1hnout<\/a>\n<\/div>\n\n\n\n<p><strong>Uchaze\u010di se speci\u00e1ln\u00edmi vzd\u011bl\u00e1vac\u00edmi pot\u0159ebami <\/strong>mohou p\u0159ed p\u0159ij\u00edmac\u00edmi zkou\u0161kami dolo\u017eit zpr\u00e1vu \u0161kolsk\u00e9ho poradensk\u00e9ho za\u0159\u00edzen\u00ed a po\u017e\u00e1dat o jej\u00ed zohledn\u011bn\u00ed v&nbsp;p\u0159ij\u00edmac\u00edm \u0159\u00edzen\u00ed. <\/p>\n\n\n\n<p><strong>Term\u00edn kon\u00e1n\u00ed jednotn\u00e9 zkou\u0161ky: 10.4.&nbsp;a 13.&nbsp;4.&nbsp;2026.<\/strong><\/p>\n\n\n\n<p><strong>N\u00e1hradn\u00ed term\u00edn kon\u00e1n\u00ed jednotn\u00e9 zkou\u0161ky: 29.4.&nbsp;a 30.&nbsp;4.&nbsp;2026.<\/strong><\/p>\n\n\n\n<p><strong>V\u00fdsledky p\u0159ij\u00edmac\u00edho \u0159\u00edzen\u00ed se vyhla\u0161uj\u00ed spole\u010dn\u011b a\u017e po vykon\u00e1n\u00ed n\u00e1hradn\u00edho term\u00ednu. <\/strong>V\u00fdsledky naleznete v&nbsp;syst\u00e9mu DIPSY (v&nbsp;p\u0159\u00edpad\u011b pod\u00e1n\u00ed p\u0159ihl\u00e1\u0161ky prost\u0159ednictv\u00edm DIPSY) a budou zve\u0159ejn\u011bny na ve\u0159ejn\u011b p\u0159\u00edstupn\u00e9m m\u00edst\u011b \u0161koly (hlavn\u00ed vchod budovy \u010csl. arm\u00e1dy 681\/10, D\u011b\u010d\u00edn I-D\u011b\u010d\u00edn)<\/p>\n\n\n\n<p><strong>Uchaze\u010di budou hodnoceni na z\u00e1klad\u011b:<\/strong><\/p>\n\n\n\n<ul class=\"wp-block-list\">\n<li>v\u00fdsledk\u016f jednotn\u00fdch zkou\u0161ek z&nbsp;matematiky a \u010desk\u00e9ho jazyka<\/li>\n\n\n\n<li>v\u00fdsledk\u016f vzd\u011bl\u00e1v\u00e1n\u00ed ze Z\u0160 (1.&nbsp;pololet\u00ed 9.&nbsp;ro\u010dn\u00edku a v\u00fdledky z&nbsp; 8.&nbsp;ro\u010dn\u00edku)<\/li>\n<\/ul>\n\n\n\n<p>podrobn\u011b viz Jednotn\u00e1 krit\u00e9ria p\u0159ij\u00edmac\u00edho \u0159\u00edzen\u00ed 2026<\/p>\n\n\n\n<p><strong>Jednotn\u00e1 krit\u00e9ria p\u0159ij\u00edmac\u00edho \u0159\u00edzen\u00ed 2026<\/strong><\/p>\n\n\n\n<div class=\"wp-block-file\">\n    <a href=\"https:\/\/www.prumkadc.cz\/wp-content\/uploads\/2026\/01\/prijimacky_kriteria_1kolo.pdf\" class=\"wp-block-file__button wp-element-button\" download>St\u00e1hnout<\/a>\n<\/div>\n\n\n\n<p>Kompletn\u00ed informace o p\u0159ij\u00edmac\u00edm \u0159\u00edzen\u00ed najdete na str\u00e1nk\u00e1ch <strong><a href=\"http:\/\/prihlaskynastredni.cz\">P\u0159ihl\u00e1\u0161ky na st\u0159edn\u00ed \u0161koly 2026<\/a><\/strong> (prihlaskynastredni.cz)<\/p>\n\n\n\n<hr class=\"wp-block-separator has-alpha-channel-opacity\"\/>\n\n\n\n<p><strong>Vyhl\u00e1\u0161en\u00ed v\u00fdsledk\u016f p\u0159ij\u00edmac\u00edho \u0159\u00edzen\u00ed pro \u0161koln\u00ed rok 2026\/2027<\/strong><\/p>\n\n\n\n<p>V\u00fdsledky p\u0159ij\u00edmac\u00edho \u0159\u00edzen\u00ed pro jednotliv\u00e1 zam\u011b\u0159en\u00ed budou zve\u0159ejn\u011bna zde dne 15.5.2026<\/p>\n\n\n\n\n\n\n\n\n\n\n\n<p>V\u00fdsledky budou tak\u00e9 k\u00a0dispozici v\u00a0informa\u010dn\u00edm syst\u00e9mu\u00a0<a href=\"https:\/\/dipsy.gov.cz\/prihlaska\/intro\" target=\"_blank\" rel=\"noreferrer noopener\">DIPSY<\/a>, u hlavn\u00edho vchodu do budovy VO\u0160 a SP\u0160 D\u011b\u010d\u00edn. Ve v\u0161ech p\u0159\u00edpadech mus\u00edte zn\u00e1t registra\u010dn\u00ed \u010d\u00edslo uchaze\u010de.<\/p>\n\n\n\n<hr class=\"wp-block-separator has-alpha-channel-opacity\"\/>\n\n\n\n<p><strong>Seznam u\u010debnic pro \u0161koln\u00ed rok 2026\/2027&nbsp;1.&nbsp;ro\u010dn\u00edk<\/strong><\/p>\n\n\n\n<div class=\"wp-block-file\"><a id=\"wp-block-file--media-58fb9b4b-37ec-4cc6-8f0c-e76501c81db6\" href=\"https:\/\/www.prumkadc.cz\/wp-content\/uploads\/2025\/07\/Ucebnice-2025-26.pdf\">Seznam u\u010debnic pro \u0161koln\u00ed rok 2026\/2027 &#8211; elektrotechnika, stroj\u00edrenstv\u00ed<\/a><a href=\"https:\/\/www.prumkadc.cz\/wp-content\/uploads\/2025\/07\/Ucebnice-2025-26.pdf\" class=\"wp-block-file__button wp-element-button\" download aria-describedby=\"wp-block-file--media-58fb9b4b-37ec-4cc6-8f0c-e76501c81db6\">St\u00e1hnout<\/a><\/div>\n\n\n\n<div class=\"wp-block-file\"><a id=\"wp-block-file--media-fa8877d2-3863-46c6-ba23-d2df1bfa68c6\" href=\"https:\/\/www.prumkadc.cz\/wp-content\/uploads\/2025\/07\/Seznam-ucebnic-pro-skolni-rok-2025_26.pdf\">Seznam u\u010debnic pro \u0161koln\u00ed rok 2026\/2027 &#8211; provoz a ekonomika dopravy, stavebnictv\u00ed<\/a><a href=\"https:\/\/www.prumkadc.cz\/wp-content\/uploads\/2025\/07\/Seznam-ucebnic-pro-skolni-rok-2025_26.pdf\" class=\"wp-block-file__button wp-element-button\" download aria-describedby=\"wp-block-file--media-fa8877d2-3863-46c6-ba23-d2df1bfa68c6\">St\u00e1hnout<\/a><\/div>\n\n\n\n<p><\/p>\n","protected":false},"excerpt":{"rendered":"<p>1.&nbsp;kolo p\u0159ij\u00edmac\u00edho \u0159\u00edzen\u00ed na S\u0160 Podle \u00a760 odst. 2b a dal\u0161\u00edch ustanoven\u00ed z\u00e1kona \u010d. 561\/2004 Sb. o p\u0159ed\u0161koln\u00edm, z\u00e1kladn\u00edm, st\u0159edn\u00edm, vy\u0161\u0161\u00edm odborn\u00e9m a jin\u00e9m vzd\u011bl\u00e1v\u00e1n\u00ed v&nbsp;platn\u00e9m zn\u011bn\u00ed (\u0161kolsk\u00fd z\u00e1kon) a v&nbsp;n\u00e1vaznosti na vyhl\u00e1\u0161ku \u010d. 422\/2023 Sb. o p\u0159ij\u00edmac\u00edm \u0159\u00edzen\u00ed ke st\u0159edn\u00edmu vzd\u011bl\u00e1v\u00e1n\u00ed a vzd\u011bl\u00e1v\u00e1n\u00ed v&nbsp;konzervato\u0159i ve zn\u011bn\u00ed pozd\u011bj\u0161\u00edch p\u0159edpis\u016f \u0159editel \u0161koly stanovuje pro p\u0159ij\u00edmac\u00ed \u0159\u00edzen\u00ed [&hellip;]<\/p>\n","protected":false},"author":5,"featured_media":0,"parent":0,"menu_order":0,"comment_status":"closed","ping_status":"closed","template":"","meta":{"_acf_changed":false,"footnotes":""},"class_list":["post-111","page","type-page","status-publish","hentry"],"acf":[],"_links":{"self":[{"href":"https:\/\/www.prumkadc.cz\/index.php\/wp-json\/wp\/v2\/pages\/111","targetHints":{"allow":["GET"]}}],"collection":[{"href":"https:\/\/www.prumkadc.cz\/index.php\/wp-json\/wp\/v2\/pages"}],"about":[{"href":"https:\/\/www.prumkadc.cz\/index.php\/wp-json\/wp\/v2\/types\/page"}],"author":[{"embeddable":true,"href":"https:\/\/www.prumkadc.cz\/index.php\/wp-json\/wp\/v2\/users\/5"}],"replies":[{"embeddable":true,"href":"https:\/\/www.prumkadc.cz\/index.php\/wp-json\/wp\/v2\/comments?post=111"}],"version-history":[{"count":24,"href":"https:\/\/www.prumkadc.cz\/index.php\/wp-json\/wp\/v2\/pages\/111\/revisions"}],"predecessor-version":[{"id":6364,"href":"https:\/\/www.prumkadc.cz\/index.php\/wp-json\/wp\/v2\/pages\/111\/revisions\/6364"}],"wp:attachment":[{"href":"https:\/\/www.prumkadc.cz\/index.php\/wp-json\/wp\/v2\/media?parent=111"}],"curies":[{"name":"wp","href":"https:\/\/api.w.org\/{rel}","templated":true}]}}

Přijímací řízení SPŠ 2026/2027

<hr class="wp-block-separator has-alpha-channel-opacity"/>



<p><strong><mark style="background-color:rgba(0, 0, 0, 0)" class="has-inline-color has-vivid-red-color">1.&nbsp;kolo přijímacího řízení na SŠ</mark></strong></p>



<p>Podle §60 odst. 2b a dalších ustanovení zákona č. 561/2004 Sb. o předškolním, základním, středním, vyšším odborném a jiném vzdělávání v&nbsp;platném znění (školský zákon) a v&nbsp;návaznosti na vyhlášku č. 422/2023 Sb. o přijímacím řízení ke střednímu vzdělávání a vzdělávání v&nbsp;konzervatoři ve znění pozdějších předpisů ředitel školy stanovuje pro přijímací řízení v&nbsp;roce 2026 předpokládaný počet přijímaných uchazečů do 1.&nbsp;ročníků středního vzdělávání s&nbsp;maturitní zkouškou, oborů denní formy vzdělávání:</p>



<figure class="wp-block-table"><table><tbody><tr><td><strong>Kód oboru</strong></td><td><strong>Název oboru</strong></td><td><strong>Počet přijímaných</strong></td></tr><tr><td>23-41-M/01</td><td>Strojírenství</td><td>30 uchazečů</td></tr><tr><td>26-41-M/01</td><td>Elektrotechnika</td><td>60 uchazečů</td></tr><tr><td>36-47-M/01</td><td>Stavebnictví<strong>&nbsp;</strong></td><td>60 uchazečů</td></tr><tr><td>37-41-M/01</td><td>Provoz a ekonomika dopravy</td><td>60 uchazečů</td></tr><tr><td>78-42-M/01</td><td>Technické lyceum</td><td>20 uchazečů</td></tr></tbody></table><figcaption class="wp-element-caption"><br><strong>Termín pro podávání přihlášek:</strong> <strong>od 1.&nbsp;2.&nbsp;do 20.&nbsp;2.&nbsp;2026</strong></figcaption></figure>



<p><strong>Forma pro podávání přihlášek:</strong></p>



<ul class="wp-block-list">
<li><strong>PROSTŘEDNICTVÍM DIPSY</strong> na základě přihlášení identitou občana (např. bankovní identitou) &#8211; elektronicky (TUTO VARIANTU DOPORUČUJEME)</li>



<li><strong>NA TISKOPISU</strong>, který stanoví ministerstvo &#8211; osobně, datovou schránkou nebo poštou</li>
</ul>



<p><strong>Potvrzení lékaře vyžadujeme pouze u oboru Elektrotechnika.</strong> </p>



<div class="wp-block-file">
    <a href="https://www.prumkadc.cz/wp-content/uploads/2025/01/Zdravotni_posudek.pdf" class="wp-block-file__button wp-element-button" download>Stáhnout</a>
</div>



<p><strong>Uchazeči se speciálními vzdělávacími potřebami </strong>mohou před přijímacími zkouškami doložit zprávu školského poradenského zařízení a požádat o její zohlednění v&nbsp;přijímacím řízení. </p>



<p><strong>Termín konání jednotné zkoušky: 10.4.&nbsp;a 13.&nbsp;4.&nbsp;2026.</strong></p>



<p><strong>Náhradní termín konání jednotné zkoušky: 29.4.&nbsp;a 30.&nbsp;4.&nbsp;2026.</strong></p>



<p><strong>Výsledky přijímacího řízení se vyhlašují společně až po vykonání náhradního termínu. </strong>Výsledky naleznete v&nbsp;systému DIPSY (v&nbsp;případě podání přihlášky prostřednictvím DIPSY) a budou zveřejněny na veřejně přístupném místě školy (hlavní vchod budovy Čsl. armády 681/10, Děčín I-Děčín)</p>



<p><strong>Uchazeči budou hodnoceni na základě:</strong></p>



<ul class="wp-block-list">
<li>výsledků jednotných zkoušek z&nbsp;matematiky a českého jazyka</li>



<li>výsledků vzdělávání ze ZŠ (1.&nbsp;pololetí 9.&nbsp;ročníku a výledky z&nbsp; 8.&nbsp;ročníku)</li>
</ul>



<p>podrobně viz Jednotná kritéria přijímacího řízení 2026</p>



<p><strong>Jednotná kritéria přijímacího řízení 2026</strong></p>



<div class="wp-block-file">
    <a href="https://www.prumkadc.cz/wp-content/uploads/2026/01/prijimacky_kriteria_1kolo.pdf" class="wp-block-file__button wp-element-button" download>Stáhnout</a>
</div>



<p>Kompletní informace o přijímacím řízení najdete na stránkách <strong><a href="http://prihlaskynastredni.cz">Přihlášky na střední školy 2026</a></strong> (prihlaskynastredni.cz)</p>



<hr class="wp-block-separator has-alpha-channel-opacity"/>



<p><strong>Vyhlášení výsledků přijímacího řízení pro školní rok 2026/2027</strong></p>



<p>Výsledky přijímacího řízení pro jednotlivá zaměření budou zveřejněna zde dne 15.5.2026</p>











<p>Výsledky budou také k dispozici v informačním systému <a href="https://dipsy.gov.cz/prihlaska/intro" target="_blank" rel="noreferrer noopener">DIPSY</a>, u hlavního vchodu do budovy VOŠ a SPŠ Děčín. Ve všech případech musíte znát registrační číslo uchazeče.</p>



<hr class="wp-block-separator has-alpha-channel-opacity"/>



<p><strong>Seznam učebnic pro školní rok 2026/2027&nbsp;1.&nbsp;ročník</strong></p>



<div class="wp-block-file"><a id="wp-block-file--media-58fb9b4b-37ec-4cc6-8f0c-e76501c81db6" href="https://www.prumkadc.cz/wp-content/uploads/2025/07/Ucebnice-2025-26.pdf">Seznam učebnic pro školní rok 2026/2027 &#8211; elektrotechnika, strojírenství</a><a href="https://www.prumkadc.cz/wp-content/uploads/2025/07/Ucebnice-2025-26.pdf" class="wp-block-file__button wp-element-button" download aria-describedby="wp-block-file--media-58fb9b4b-37ec-4cc6-8f0c-e76501c81db6">Stáhnout</a></div>



<div class="wp-block-file"><a id="wp-block-file--media-fa8877d2-3863-46c6-ba23-d2df1bfa68c6" href="https://www.prumkadc.cz/wp-content/uploads/2025/07/Seznam-ucebnic-pro-skolni-rok-2025_26.pdf">Seznam učebnic pro školní rok 2026/2027 &#8211; provoz a ekonomika dopravy, stavebnictví</a><a href="https://www.prumkadc.cz/wp-content/uploads/2025/07/Seznam-ucebnic-pro-skolni-rok-2025_26.pdf" class="wp-block-file__button wp-element-button" download aria-describedby="wp-block-file--media-fa8877d2-3863-46c6-ba23-d2df1bfa68c6">Stáhnout</a></div>



<p></p>

<p>1.&nbsp;kolo přijímacího řízení na SŠ Podle §60 odst. 2b a dalších ustanovení zákona č. 561/2004 Sb. o předškolním, základním, středním, vyšším odborném a jiném vzdělávání v&nbsp;platném znění (školský zákon) a v&nbsp;návaznosti na vyhlášku č. 422/2023 Sb. o přijímacím řízení ke střednímu vzdělávání a vzdělávání v&nbsp;konzervatoři ve znění pozdějších předpisů ředitel školy stanovuje pro přijímací řízení [&hellip;]</p>
