{"id":115,"date":"2021-04-20T14:37:08","date_gmt":"2021-04-20T14:37:08","guid":{"rendered":"https:\/\/www.prumkadc.cz\/?page_id=115"},"modified":"2026-01-28T01:41:46","modified_gmt":"2026-01-28T01:41:46","slug":"sps-obor-elektrotechnika","status":"publish","type":"page","link":"https:\/\/www.prumkadc.cz\/index.php\/sps-obor-elektrotechnika\/","title":{"rendered":"SP\u0160 &#8211; obor Elektrotechnika"},"content":{"rendered":"\n<figure class=\"wp-block-table\"><table><tbody><tr><td>N\u00e1zev oboru<\/td><td><strong>Elektrotechnika<\/strong><\/td><\/tr><tr><td>K\u00f3d oboru<\/td><td>26-41-M\/01<\/td><\/tr><tr><td>Zam\u011b\u0159en\u00ed<\/td><td><strong>po\u010d\u00edta\u010dov\u00e9 syst\u00e9my<br>za\u0159\u00edzen\u00ed silnoproud\u00e9 elektrotechniky<br>elektrick\u00e1 trakce v&nbsp;doprav\u011b<\/strong><\/td><\/tr><tr><td>Forma studia<\/td><td>denn\u00ed<\/td><\/tr><tr><td>D\u00e9lka studia<\/td><td>4 roky<\/td><\/tr><tr><td>Zp\u016fsob zakon\u010den\u00ed<\/td><td>maturitn\u00ed zkou\u0161ka<\/td><\/tr><tr><td>M\u00edsto v\u00fduky<\/td><td>st\u0159edisko SP\u0160 strojn\u00ed a elektro, Slovansk\u00e1 1000\/55, D\u011b\u010d\u00edn VI<\/td><\/tr><\/tbody><\/table><\/figure>\n\n\n\n<div class=\"wp-block-file\"><a href=\"https:\/\/www.prumkadc.cz\/wp-content\/uploads\/2022\/01\/ucebni_plan_ELE.pdf\">U\u010debn\u00ed pl\u00e1n Elektrotechnika<\/a><a href=\"https:\/\/www.prumkadc.cz\/wp-content\/uploads\/2022\/01\/ucebni_plan_ELE.pdf\" class=\"wp-block-file__button wp-element-button\" download>St\u00e1hnout<\/a><\/div>\n\n\n\n<p>Spole\u010dn\u00fd elektrotechnick\u00fd r\u00e1mec prvn\u00edch dvou ro\u010dn\u00edk\u016f studia je od t\u0159et\u00edho ro\u010dn\u00edku specializov\u00e1n na zam\u011b\u0159en\u00ed.<\/p>\n\n\n\n<p>Ve spole\u010dn\u00e9 \u010d\u00e1sti studia je za\u0159azen p\u0159edm\u011bt informa\u010dn\u00ed a komunika\u010dn\u00edch technologie, kter\u00fd je sm\u011brov\u00e1n na efektivn\u00ed vyu\u017e\u00edv\u00e1n\u00ed po\u010d\u00edta\u010d\u016f v&nbsp;kontextu informa\u010dn\u00ed spole\u010dnosti. Absolventi v\u0161ech zam\u011b\u0159en\u00ed oboru Elektrotechnika se tak\u00e9 mohou pustit do samostatn\u00e9ho podnik\u00e1n\u00ed v&nbsp;oboru. Umo\u017en\u00edme jim slo\u017een\u00ed nezbytn\u00fdch zkou\u0161ek z&nbsp;vyhl\u00e1\u0161ky \u010d. 50\/1978 \u00a7 5.<\/p>\n\n\n\n<h2 class=\"wp-block-heading\">Po\u010d\u00edta\u010dov\u00e9 syst\u00e9my<\/h2>\n\n\n\n<p>Zam\u011b\u0159en\u00ed rozv\u00edj\u00ed obsahov\u00fd r\u00e1mec p\u0159edm\u011btu informa\u010dn\u00ed a komunika\u010dn\u00ed technologie. Technick\u00e9 vybaven\u00ed po\u010d\u00edta\u010d\u016f se soust\u0159ed\u00ed na osobn\u00ed po\u010d\u00edta\u010de a po\u010d\u00edta\u010dov\u00e9 s\u00edt\u011b. Diskutov\u00e1ny jsou kl\u00ed\u010dov\u00e9 sou\u010d\u00e1sti, jejich v\u00fdb\u011br, integrace do celku a n\u00e1sledn\u00e1 \u00fadr\u017eba a konfigurace. Programov\u00e9 vybaven\u00ed po\u010d\u00edta\u010d\u016f se soust\u0159e\u010fuje na desktopov\u00e9 aplikace, opera\u010dn\u00ed syst\u00e9my a webov\u00e9 technologie.<\/p>\n\n\n\n<p>Absolventi zam\u011b\u0159en\u00ed nach\u00e1zej\u00ed uplatn\u011bn\u00ed u firem zab\u00fdvaj\u00edc\u00edch se v\u00fdrobou, prodejem a spr\u00e1vou technick\u00e9ho a programov\u00e9ho vybaven\u00ed, resp. u \u0161irok\u00e9ho spektra firem, kter\u00e9 tyto technologie z\u00e1kaznicky vyu\u017e\u00edvaj\u00ed &#8211; ve firm\u00e1ch soukrom\u00fdch i ve st\u00e1tn\u00ed spr\u00e1v\u011b.<\/p>\n\n\n\n<h2 class=\"wp-block-heading\">Za\u0159\u00edzen\u00ed silnoproud\u00e9 elektrotechniky<\/h2>\n\n\n\n<p>Studenti z\u00edsk\u00e1vaj\u00ed \u0161irok\u00e9 elektrotechnick\u00e9 vzd\u011bl\u00e1n\u00ed zam\u011b\u0159en\u00e9 na silnoproudou elektrotechniku. P\u0159i studiu se podrobn\u011b sezn\u00e1m\u00ed s&nbsp;oblast\u00ed v\u00fdroby, rozvod\u016f a vyu\u017eit\u00ed el. energie (S\u010cE).<\/p>\n\n\n\n<p>Absolventi najdou \u0161irok\u00e9 uplatn\u011bn\u00ed v&nbsp;energetice, elektrotechnick\u00fdch v\u00fdrobn\u00edch podnic\u00edch, v&nbsp;servisn\u00edch organizac\u00edch pro instalaci a \u00fadr\u017ebu elektrick\u00fdch za\u0159\u00edzen\u00ed, v&nbsp;elektr\u00e1renstv\u00ed atd.<\/p>\n\n\n\n<h2 class=\"wp-block-heading\">Elektrick\u00e1 trakce v&nbsp;doprav\u011b<\/h2>\n\n\n\n<p>Studenti si osvoj\u00ed krom\u011b elektrotechnick\u00e9ho vzd\u011bl\u00e1n\u00ed i znalosti z&nbsp;mechanick\u00fdch a el. za\u0159\u00edzen\u00ed vozidel elektrick\u00e9 trakce i dopravn\u00ed energetiky.<\/p>\n\n\n\n<p>Absolventi nach\u00e1zej\u00ed uplatn\u011bn\u00ed zejm\u00e9na jako strojvedouc\u00ed lokomotiv v\u0161ech trakc\u00ed nejenom u \u010cD, ale i u soukrom\u00fdch dopravc\u016f, na vle\u010dk\u00e1ch dol\u016f i velk\u00fdch podnik\u016f, v&nbsp;metru, MHD apod. D\u00e1le mohou pracovat jako technici pro provoz a \u00fadr\u017ebu dopravn\u00edch prost\u0159edk\u016f i pevn\u00e9ho trak\u010dn\u00edho za\u0159\u00edzen\u00ed el. trakce na \u017eeleznici i MHD.<\/p>\n\n\n\n<p>Uplatn\u011bn\u00ed absolvent\u016f je \u0161irok\u00e9. Kdo by cht\u011bl ov\u0161em pracovat v\u00fdhradn\u011b jako strojvedouc\u00ed, mus\u00ed m\u00edt velmi dobr\u00fd zdravotn\u00ed stav.<\/p>\n\n\n\n<p>Nejen &#8222;trak\u010d\u00e1ci&#8220;, ale v\u0161ichni z\u00e1jemci o elektrotechniku a dopravu se maj\u00ed mo\u017enost pod\u00edlet na na vytv\u00e1\u0159en\u00ed unik\u00e1tn\u00ed modelov\u00e9 \u017eeleznice v&nbsp;krou\u017eku, kter\u00fd vede pan Danita.<\/p>\n\n\n\n<p>Atraktivn\u00ed nab\u00eddkou pro z\u00e1jemce o profesi strojvedouc\u00edho je stipendijn\u00ed program \u010cesk\u00fdch drah \u010c\u00e9D\u00e9s. Dostanete pracovn\u00ed smlouvu na dob\u0159e placenou pr\u00e1ci a b\u011bhem studia je\u0161t\u011b \u0161t\u011bdr\u00e9 stipendium.<br>Bli\u017e\u0161\u00ed informace naleznete na str\u00e1nk\u00e1ch<a href=\"http:\/\/www.mojedraha.cz\/\"><strong>&nbsp;\u010cD, a.s. &#8211; Stipendijn\u00ed program \u010deDes<\/strong><\/a><\/p>\n\n\n\n<figure class=\"wp-block-image size-full\"><a href=\"mojedraha.cz(otev\u0159e se na nov\u00e9 z\u00e1lo\u017ece)\"><img fetchpriority=\"high\" decoding=\"async\" width=\"300\" height=\"300\" src=\"https:\/\/www.prumkadc.cz\/wp-content\/uploads\/2022\/01\/banner_SCP_CEDES_2019_300x300_v03_final.jpg\" alt=\"\" class=\"wp-image-1380\" srcset=\"https:\/\/www.prumkadc.cz\/wp-content\/uploads\/2022\/01\/banner_SCP_CEDES_2019_300x300_v03_final.jpg 300w, https:\/\/www.prumkadc.cz\/wp-content\/uploads\/2022\/01\/banner_SCP_CEDES_2019_300x300_v03_final-100x100.jpg 100w, https:\/\/www.prumkadc.cz\/wp-content\/uploads\/2022\/01\/banner_SCP_CEDES_2019_300x300_v03_final-150x150.jpg 150w\" sizes=\"(max-width: 300px) 100vw, 300px\" \/><\/a><\/figure>\n\n\n\n<p><\/p>\n","protected":false},"excerpt":{"rendered":"<p>N\u00e1zev oboru Elektrotechnika K\u00f3d oboru 26-41-M\/01 Zam\u011b\u0159en\u00ed po\u010d\u00edta\u010dov\u00e9 syst\u00e9myza\u0159\u00edzen\u00ed silnoproud\u00e9 elektrotechnikyelektrick\u00e1 trakce v&nbsp;doprav\u011b Forma studia denn\u00ed D\u00e9lka studia 4 roky Zp\u016fsob zakon\u010den\u00ed maturitn\u00ed zkou\u0161ka M\u00edsto v\u00fduky st\u0159edisko SP\u0160 strojn\u00ed a elektro, Slovansk\u00e1 1000\/55, D\u011b\u010d\u00edn VI Spole\u010dn\u00fd elektrotechnick\u00fd r\u00e1mec prvn\u00edch dvou ro\u010dn\u00edk\u016f studia je od t\u0159et\u00edho ro\u010dn\u00edku specializov\u00e1n na zam\u011b\u0159en\u00ed. Ve spole\u010dn\u00e9 \u010d\u00e1sti studia je za\u0159azen [&hellip;]<\/p>\n","protected":false},"author":5,"featured_media":0,"parent":0,"menu_order":0,"comment_status":"closed","ping_status":"closed","template":"","meta":{"_acf_changed":false,"footnotes":""},"class_list":["post-115","page","type-page","status-publish","hentry"],"acf":[],"_links":{"self":[{"href":"https:\/\/www.prumkadc.cz\/index.php\/wp-json\/wp\/v2\/pages\/115","targetHints":{"allow":["GET"]}}],"collection":[{"href":"https:\/\/www.prumkadc.cz\/index.php\/wp-json\/wp\/v2\/pages"}],"about":[{"href":"https:\/\/www.prumkadc.cz\/index.php\/wp-json\/wp\/v2\/types\/page"}],"author":[{"embeddable":true,"href":"https:\/\/www.prumkadc.cz\/index.php\/wp-json\/wp\/v2\/users\/5"}],"replies":[{"embeddable":true,"href":"https:\/\/www.prumkadc.cz\/index.php\/wp-json\/wp\/v2\/comments?post=115"}],"version-history":[{"count":3,"href":"https:\/\/www.prumkadc.cz\/index.php\/wp-json\/wp\/v2\/pages\/115\/revisions"}],"predecessor-version":[{"id":6365,"href":"https:\/\/www.prumkadc.cz\/index.php\/wp-json\/wp\/v2\/pages\/115\/revisions\/6365"}],"wp:attachment":[{"href":"https:\/\/www.prumkadc.cz\/index.php\/wp-json\/wp\/v2\/media?parent=115"}],"curies":[{"name":"wp","href":"https:\/\/api.w.org\/{rel}","templated":true}]}}

SPŠ &#8211; obor Elektrotechnika

<figure class="wp-block-table"><table><tbody><tr><td>Název oboru</td><td><strong>Elektrotechnika</strong></td></tr><tr><td>Kód oboru</td><td>26-41-M/01</td></tr><tr><td>Zaměření</td><td><strong>počítačové systémy<br>zařízení silnoproudé elektrotechniky<br>elektrická trakce v&nbsp;dopravě</strong></td></tr><tr><td>Forma studia</td><td>denní</td></tr><tr><td>Délka studia</td><td>4 roky</td></tr><tr><td>Způsob zakončení</td><td>maturitní zkouška</td></tr><tr><td>Místo výuky</td><td>středisko SPŠ strojní a elektro, Slovanská 1000/55, Děčín VI</td></tr></tbody></table></figure>



<div class="wp-block-file"><a href="https://www.prumkadc.cz/wp-content/uploads/2022/01/ucebni_plan_ELE.pdf">Učební plán Elektrotechnika</a><a href="https://www.prumkadc.cz/wp-content/uploads/2022/01/ucebni_plan_ELE.pdf" class="wp-block-file__button wp-element-button" download>Stáhnout</a></div>



<p>Společný elektrotechnický rámec prvních dvou ročníků studia je od třetího ročníku specializován na zaměření.</p>



<p>Ve společné části studia je zařazen předmět informační a komunikačních technologie, který je směrován na efektivní využívání počítačů v&nbsp;kontextu informační společnosti. Absolventi všech zaměření oboru Elektrotechnika se také mohou pustit do samostatného podnikání v&nbsp;oboru. Umožníme jim složení nezbytných zkoušek z&nbsp;vyhlášky č. 50/1978 § 5.</p>



<h2 class="wp-block-heading">Počítačové systémy</h2>



<p>Zaměření rozvíjí obsahový rámec předmětu informační a komunikační technologie. Technické vybavení počítačů se soustředí na osobní počítače a počítačové sítě. Diskutovány jsou klíčové součásti, jejich výběr, integrace do celku a následná údržba a konfigurace. Programové vybavení počítačů se soustřeďuje na desktopové aplikace, operační systémy a webové technologie.</p>



<p>Absolventi zaměření nacházejí uplatnění u firem zabývajících se výrobou, prodejem a správou technického a programového vybavení, resp. u širokého spektra firem, které tyto technologie zákaznicky využívají &#8211; ve firmách soukromých i ve státní správě.</p>



<h2 class="wp-block-heading">Zařízení silnoproudé elektrotechniky</h2>



<p>Studenti získávají široké elektrotechnické vzdělání zaměřené na silnoproudou elektrotechniku. Při studiu se podrobně seznámí s&nbsp;oblastí výroby, rozvodů a využití el. energie (SČE).</p>



<p>Absolventi najdou široké uplatnění v&nbsp;energetice, elektrotechnických výrobních podnicích, v&nbsp;servisních organizacích pro instalaci a údržbu elektrických zařízení, v&nbsp;elektrárenství atd.</p>



<h2 class="wp-block-heading">Elektrická trakce v&nbsp;dopravě</h2>



<p>Studenti si osvojí kromě elektrotechnického vzdělání i znalosti z&nbsp;mechanických a el. zařízení vozidel elektrické trakce i dopravní energetiky.</p>



<p>Absolventi nacházejí uplatnění zejména jako strojvedoucí lokomotiv všech trakcí nejenom u ČD, ale i u soukromých dopravců, na vlečkách dolů i velkých podniků, v&nbsp;metru, MHD apod. Dále mohou pracovat jako technici pro provoz a údržbu dopravních prostředků i pevného trakčního zařízení el. trakce na železnici i MHD.</p>



<p>Uplatnění absolventů je široké. Kdo by chtěl ovšem pracovat výhradně jako strojvedoucí, musí mít velmi dobrý zdravotní stav.</p>



<p>Nejen &#8222;trakčáci&#8220;, ale všichni zájemci o elektrotechniku a dopravu se mají možnost podílet na na vytváření unikátní modelové železnice v&nbsp;kroužku, který vede pan Danita.</p>



<p>Atraktivní nabídkou pro zájemce o profesi strojvedoucího je stipendijní program Českých drah ČéDés. Dostanete pracovní smlouvu na dobře placenou práci a během studia ještě štědré stipendium.<br>Bližší informace naleznete na stránkách<a href="http://www.mojedraha.cz/"><strong>&nbsp;ČD, a.s. &#8211; Stipendijní program čeDes</strong></a></p>



<figure class="wp-block-image size-full"><a href="mojedraha.cz(otevře se na nové záložce)"><img fetchpriority="high" decoding="async" width="300" height="300" src="https://www.prumkadc.cz/wp-content/uploads/2022/01/banner_SCP_CEDES_2019_300x300_v03_final.jpg" alt="" class="wp-image-1380" srcset="https://www.prumkadc.cz/wp-content/uploads/2022/01/banner_SCP_CEDES_2019_300x300_v03_final.jpg 300w, https://www.prumkadc.cz/wp-content/uploads/2022/01/banner_SCP_CEDES_2019_300x300_v03_final-100x100.jpg 100w, https://www.prumkadc.cz/wp-content/uploads/2022/01/banner_SCP_CEDES_2019_300x300_v03_final-150x150.jpg 150w" sizes="(max-width: 300px) 100vw, 300px" /></a></figure>



<p></p>

<p>Název oboru Elektrotechnika Kód oboru 26-41-M/01 Zaměření počítačové systémyzařízení silnoproudé elektrotechnikyelektrická trakce v&nbsp;dopravě Forma studia denní Délka studia 4 roky Způsob zakončení maturitní zkouška Místo výuky středisko SPŠ strojní a elektro, Slovanská 1000/55, Děčín VI Společný elektrotechnický rámec prvních dvou ročníků studia je od třetího ročníku specializován na zaměření. Ve společné části studia je zařazen [&hellip;]</p>
