{"id":117,"date":"2021-04-20T14:37:33","date_gmt":"2021-04-20T14:37:33","guid":{"rendered":"https:\/\/www.prumkadc.cz\/?page_id=117"},"modified":"2022-09-21T17:03:41","modified_gmt":"2022-09-21T17:03:41","slug":"sps-obor-provoz-a-ekonomika-dopravy","status":"publish","type":"page","link":"https:\/\/www.prumkadc.cz\/index.php\/sps-obor-provoz-a-ekonomika-dopravy\/","title":{"rendered":"SP\u0160 &#8211; obor Provoz a ekonomika dopravy"},"content":{"rendered":"\n<figure class=\"wp-block-table\"><table><tbody><tr><td>N\u00e1zev oboru<\/td><td><strong>Provoz a ekonomika dopravy<\/strong><\/td><\/tr><tr><td>K\u00f3d oboru<\/td><td>37-41-M\/01<\/td><\/tr><tr><td>Zam\u011b\u0159en\u00ed<\/td><td><strong>logistika<br>\u017eelezni\u010dn\u00ed doprava a p\u0159eprava<\/strong><\/td><\/tr><tr><td>Forma studia<\/td><td>denn\u00ed<\/td><\/tr><tr><td>D\u00e9lka studia<\/td><td>4 roky<\/td><\/tr><tr><td>Zp\u016fsob zakon\u010den\u00ed<\/td><td>maturitn\u00ed zkou\u0161ka<\/td><\/tr><tr><td>M\u00edsto v\u00fduky<\/td><td>st\u0159edisko \u010cSA, \u010csl. arm\u00e1dy 681\/10, D\u011b\u010d\u00edn I<\/td><\/tr><\/tbody><\/table><\/figure>\n\n\n\n<div class=\"wp-block-file\"><a id=\"wp-block-file--media-ac552c71-39d1-4874-adc5-190996ba1ca1\" href=\"https:\/\/www.prumkadc.cz\/wp-content\/uploads\/2022\/01\/ucebni_plan_PED.pdf\">U\u010debn\u00ed pl\u00e1n PED<\/a><a href=\"https:\/\/www.prumkadc.cz\/wp-content\/uploads\/2022\/01\/ucebni_plan_PED.pdf\" class=\"wp-block-file__button\" download aria-describedby=\"wp-block-file--media-ac552c71-39d1-4874-adc5-190996ba1ca1\">St\u00e1hnout<\/a><\/div>\n\n\n\n<p>Tento studijn\u00ed obor je pro svoji \u0161\u00ed\u0159i odborn\u00e9ho spektra rozd\u011blen na dv\u011b r\u016fzn\u00e1 zam\u011b\u0159en\u00ed, ze kter\u00fdch si studenti po ukon\u010den\u00ed prvn\u00edho ro\u010dn\u00edku mohou vybrat to, kter\u00e9 nejl\u00e9pe odpov\u00edd\u00e1 jejich p\u0159edstav\u00e1m a studijn\u00edm p\u0159edpoklad\u016fm. Vol\u00ed mezi zam\u011b\u0159en\u00edm:<br><strong>Logistika v&nbsp;EU<\/strong><br><strong>\u017delezni\u010dn\u00ed doprava a p\u0159eprava<\/strong><\/p>\n\n\n\n<h2 class=\"wp-block-heading\">Logistika<\/h2>\n\n\n\n<p>Na tomto zam\u011b\u0159en\u00ed se studenti p\u0159ipravuj\u00ed pro pr\u00e1ci ve firm\u00e1ch, kter\u00e9 zaji\u0161\u0165uj\u00ed a realizuj\u00ed v\u00fdrobu a p\u0159epravu zbo\u017e\u00ed dle p\u0159\u00e1n\u00ed z\u00e1kazn\u00edka v&nbsp;tuzemsku i zahrani\u010d\u00ed. Firmy po\u017eaduj\u00ed od sv\u00fdch zam\u011bstnanc\u016f znalost dvou ciz\u00edch jazyk\u016f, firemn\u00ed ekonomiky a zvl\u00e1dnut\u00ed pr\u00e1ce s&nbsp;v\u00fdpo\u010detn\u00ed technikou. Proto zde maj\u00ed prioritu ciz\u00ed jazyky (povinn\u00e9 jsou dva sv\u011btov\u00e9 jazyky, t\u0159et\u00ed ciz\u00ed jazyk je nab\u00edzen jako nepovinn\u00fd p\u0159edm\u011bt) a odborn\u00e9 ekonomicko-provozn\u00ed p\u0159edm\u011bty. Jejich studium je zam\u011b\u0159eno na zvl\u00e1dnut\u00ed problematiky v\u0161ech druh\u016f n\u00e1kladn\u00ed dopravy &#8211; silni\u010dn\u00ed, \u017eelezni\u010dn\u00ed, leteck\u00e9 i lodn\u00ed a logistiky.<\/p>\n\n\n\n<p>Nejlep\u0161\u00ed studenti pak absolvuj\u00ed speci\u00e1ln\u00ed p\u0159\u00edpravu na slo\u017een\u00ed zkou\u0161ky First certificate in English (to ov\u0161em ji\u017e z\u00e1le\u017e\u00ed na p\u00edli a individu\u00e1ln\u00ed p\u0159\u00edprav\u011b ka\u017ed\u00e9ho z&nbsp;nich).<\/p>\n\n\n\n<p>\u0160kola m\u00e1 akreditaci na prov\u00e1d\u011bn\u00ed zkou\u0161ek pro Certifik\u00e1t FIATA.<\/p>\n\n\n\n<p>Absolventi nach\u00e1zej\u00ed uplatn\u011bn\u00ed ve vnitrost\u00e1tn\u00edch i mezin\u00e1rodn\u00edch dopravn\u00edch, spedi\u010dn\u00edch i v\u00fdrobn\u00edch firm\u00e1ch.<\/p>\n\n\n\n<h2 class=\"wp-block-heading\">\u017delezni\u010dn\u00ed doprava a p\u0159eprava<\/h2>\n\n\n\n<p>Toto zam\u011b\u0159en\u00ed je vhodn\u00e9 pro v\u0161echny, kter\u00e9 zaj\u00edm\u00e1 \u017eeleznice a jej\u00ed provoz.<\/p>\n\n\n\n<p>B\u011bhem v\u00fduky jsou studenti do hloubky seznamov\u00e1ni s&nbsp;dopravn\u00edmi a p\u0159epravn\u00edmi p\u0159edpisy, \u00fa\u010dastn\u00ed se odborn\u00fdch p\u0159edn\u00e1\u0161ek a \u0161kolen\u00ed s&nbsp;odborn\u00edky z&nbsp;provozu. \u010c\u00e1st v\u00fduky tak\u00e9 prob\u00edh\u00e1 p\u0159\u00edmo na pracovi\u0161t\u00edch \u010cD, a.s.. Zde si studenti prov\u011b\u0159uj\u00ed sv\u00e9 teoretick\u00e9 znalosti v&nbsp;r\u00e1mci provozn\u00ed praxe.<\/p>\n\n\n\n<p>Studenti jsou v&nbsp;pr\u016fb\u011bhu studia p\u0159ipravov\u00e1ni k&nbsp;jednotliv\u00fdm odborn\u00fdm zkou\u0161k\u00e1m na pracovn\u00ed pozice \u2013 inform\u00e1tor v&nbsp;osobn\u00ed doprav\u011b, obsluha vlak\u016f osobn\u00ed dopravy, osobn\u00ed pokladn\u00edk, n\u00e1kladn\u00ed pokladn\u00edk, v\u00fdhybk\u00e1\u0159 a v\u00fdprav\u010d\u00ed.<\/p>\n\n\n\n<p>O absolventy tohoto zam\u011b\u0159en\u00ed je velk\u00fd z\u00e1jem ze strany \u010cD, a.s., ale tak\u00e9 u ostatn\u00edch dopravn\u00edch spole\u010dnost\u00ed provozuj\u00edc\u00edch ve\u0159ejnou \u010di neve\u0159ejnou osobn\u00ed i n\u00e1kladn\u00ed \u017eelezni\u010dn\u00ed dopravu. Studenti je\u0161t\u011b p\u0159ed maturitou mohou slo\u017eit pot\u0159ebn\u00e9 odborn\u00e9 zkou\u0161ky, kter\u00e9 jim umo\u017en\u00ed okam\u017eit\u00fd n\u00e1stup na odborn\u00e9 pracovn\u00ed pozice.<\/p>\n\n\n\n<p>Pro studijn\u00ed zam\u011b\u0159en\u00ed \u017delezni\u010dn\u00ed doprava a p\u0159eprava je v\u00fdhodnou mo\u017enost\u00ed vyu\u017eit\u00ed stipendijn\u00edho programu<strong>&nbsp;\u010cesk\u00fdch drah<\/strong>&nbsp;<strong>\u010c\u00e9D\u00e9s<\/strong>. Dostanete pracovn\u00ed smlouvu na dob\u0159e placenou pr\u00e1ci a b\u011bhem studia a\u017e 134&nbsp;000&nbsp;K\u010d. Bli\u017e\u0161\u00ed informace naleznete na str\u00e1nk\u00e1ch \u010cD, a.s. &#8211;&nbsp;<strong><a href=\"http:\/\/www.mojedraha.cz\/\">Stipendijn\u00ed program \u010deDes.<\/a><\/strong><\/p>\n\n\n\n<figure class=\"wp-block-image size-full\"><a href=\"https:\/\/www.cd.cz\/kariera\/pro-zaky-a-ucitele.htm\"><img fetchpriority=\"high\" decoding=\"async\" width=\"300\" height=\"300\" src=\"https:\/\/www.prumkadc.cz\/wp-content\/uploads\/2022\/01\/banner_SCP_CEDES_2019_300x300_v03_final-1.jpg\" alt=\"\" class=\"wp-image-1383\" srcset=\"https:\/\/www.prumkadc.cz\/wp-content\/uploads\/2022\/01\/banner_SCP_CEDES_2019_300x300_v03_final-1.jpg 300w, https:\/\/www.prumkadc.cz\/wp-content\/uploads\/2022\/01\/banner_SCP_CEDES_2019_300x300_v03_final-1-100x100.jpg 100w, https:\/\/www.prumkadc.cz\/wp-content\/uploads\/2022\/01\/banner_SCP_CEDES_2019_300x300_v03_final-1-150x150.jpg 150w\" sizes=\"(max-width: 300px) 100vw, 300px\" \/><\/a><\/figure>\n\n\n\n<p>Dal\u0161\u00ed mo\u017enost\u00ed je vyu\u017e\u00edt Stipendijn\u00ed program Go Your Way.<\/p>\n\n\n\n<figure class=\"wp-block-image size-large\"><img decoding=\"async\" src=\"https:\/\/www.prumkadc.cz\/wp-content\/uploads\/2022\/09\/CDCargo_newsletter_stipendium_A5-1024x702.png\" alt=\"\" class=\"wp-image-2323\"\/><\/figure>\n\n\n\n<p><a href=\"https:\/\/www.spravazeleznic.cz\/studenti\/nadrazak\"><\/a>Dal\u0161\u00ed nab\u00eddku student\u016fm poskytuje&nbsp;<strong>Spr\u00e1va \u017eeleznic, s.o.<\/strong>. Pro studenty nab\u00edz\u00ed komplexn\u00ed informace na jejich&nbsp;<a href=\"https:\/\/www.spravazeleznic.cz\/studenti\/\">Studentsk\u00e9m webu<\/a>, jeho\u017e prost\u0159ednictv\u00edm se mohou hl\u00e1sit na odborn\u00e9 st\u00e1\u017ee, praxe, z\u00fa\u010dastnit se&nbsp; stipendijn\u00edho programu \u201e<strong>N\u00e1dra\u017d\u00e1k<\/strong>\u201c apod. Kompletn\u00ed informace k&nbsp;programu N\u00e1dra\u017d\u00e1k naleznete&nbsp;<a rel=\"noreferrer noopener\" href=\"https:\/\/www.spravazeleznic.cz\/studenti\/nadrazak\" target=\"_blank\">zde<\/a><\/p>\n\n\n\n<figure class=\"wp-block-image size-full is-resized\"><img decoding=\"async\" src=\"https:\/\/www.prumkadc.cz\/wp-content\/uploads\/2022\/01\/nadrazak-1.png\" alt=\"\" class=\"wp-image-1388\" width=\"300\" height=\"275\"\/><\/figure>\n\n\n\n<p>V\u0161echna zam\u011b\u0159en\u00ed oboru Provoz a ekonomika dopravy jsou vhodn\u00e1 pro chlapce i d\u011bv\u010data a umo\u017e\u0148uj\u00ed p\u0159\u00edpravu na z\u00edsk\u00e1n\u00ed \u0159idi\u010dsk\u00e9ho pr\u016fkazu skupiny B.<\/p>\n\n\n\n<p>Absolventi v\u0161ech zam\u011b\u0159en\u00ed tohoto oboru mohou pokra\u010dovat ve studiu na vysok\u00fdch \u0161kol\u00e1ch technick\u00fdch i ekonomick\u00fdch sm\u011br\u016f.<\/p>\n","protected":false},"excerpt":{"rendered":"<p>N\u00e1zev oboru Provoz a ekonomika dopravy K\u00f3d oboru 37-41-M\/01 Zam\u011b\u0159en\u00ed logistika\u017eelezni\u010dn\u00ed doprava a p\u0159eprava Forma studia denn\u00ed D\u00e9lka studia 4 roky Zp\u016fsob zakon\u010den\u00ed maturitn\u00ed zkou\u0161ka M\u00edsto v\u00fduky st\u0159edisko \u010cSA, \u010csl. arm\u00e1dy 681\/10, D\u011b\u010d\u00edn I Tento studijn\u00ed obor je pro svoji \u0161\u00ed\u0159i odborn\u00e9ho spektra rozd\u011blen na dv\u011b r\u016fzn\u00e1 zam\u011b\u0159en\u00ed, ze kter\u00fdch si studenti po ukon\u010den\u00ed prvn\u00edho [&hellip;]<\/p>\n","protected":false},"author":5,"featured_media":0,"parent":0,"menu_order":0,"comment_status":"closed","ping_status":"closed","template":"","meta":{"_acf_changed":false,"footnotes":""},"class_list":["post-117","page","type-page","status-publish","hentry"],"acf":[],"_links":{"self":[{"href":"https:\/\/www.prumkadc.cz\/index.php\/wp-json\/wp\/v2\/pages\/117","targetHints":{"allow":["GET"]}}],"collection":[{"href":"https:\/\/www.prumkadc.cz\/index.php\/wp-json\/wp\/v2\/pages"}],"about":[{"href":"https:\/\/www.prumkadc.cz\/index.php\/wp-json\/wp\/v2\/types\/page"}],"author":[{"embeddable":true,"href":"https:\/\/www.prumkadc.cz\/index.php\/wp-json\/wp\/v2\/users\/5"}],"replies":[{"embeddable":true,"href":"https:\/\/www.prumkadc.cz\/index.php\/wp-json\/wp\/v2\/comments?post=117"}],"version-history":[{"count":5,"href":"https:\/\/www.prumkadc.cz\/index.php\/wp-json\/wp\/v2\/pages\/117\/revisions"}],"predecessor-version":[{"id":1390,"href":"https:\/\/www.prumkadc.cz\/index.php\/wp-json\/wp\/v2\/pages\/117\/revisions\/1390"}],"wp:attachment":[{"href":"https:\/\/www.prumkadc.cz\/index.php\/wp-json\/wp\/v2\/media?parent=117"}],"curies":[{"name":"wp","href":"https:\/\/api.w.org\/{rel}","templated":true}]}}

SPŠ &#8211; obor Provoz a ekonomika dopravy

<figure class="wp-block-table"><table><tbody><tr><td>Název oboru</td><td><strong>Provoz a ekonomika dopravy</strong></td></tr><tr><td>Kód oboru</td><td>37-41-M/01</td></tr><tr><td>Zaměření</td><td><strong>logistika<br>železniční doprava a přeprava</strong></td></tr><tr><td>Forma studia</td><td>denní</td></tr><tr><td>Délka studia</td><td>4 roky</td></tr><tr><td>Způsob zakončení</td><td>maturitní zkouška</td></tr><tr><td>Místo výuky</td><td>středisko ČSA, Čsl. armády 681/10, Děčín I</td></tr></tbody></table></figure>



<div class="wp-block-file"><a id="wp-block-file--media-ac552c71-39d1-4874-adc5-190996ba1ca1" href="https://www.prumkadc.cz/wp-content/uploads/2022/01/ucebni_plan_PED.pdf">Učební plán PED</a><a href="https://www.prumkadc.cz/wp-content/uploads/2022/01/ucebni_plan_PED.pdf" class="wp-block-file__button" download aria-describedby="wp-block-file--media-ac552c71-39d1-4874-adc5-190996ba1ca1">Stáhnout</a></div>



<p>Tento studijní obor je pro svoji šíři odborného spektra rozdělen na dvě různá zaměření, ze kterých si studenti po ukončení prvního ročníku mohou vybrat to, které nejlépe odpovídá jejich představám a studijním předpokladům. Volí mezi zaměřením:<br><strong>Logistika v&nbsp;EU</strong><br><strong>Železniční doprava a přeprava</strong></p>



<h2 class="wp-block-heading">Logistika</h2>



<p>Na tomto zaměření se studenti připravují pro práci ve firmách, které zajišťují a realizují výrobu a přepravu zboží dle přání zákazníka v&nbsp;tuzemsku i zahraničí. Firmy požadují od svých zaměstnanců znalost dvou cizích jazyků, firemní ekonomiky a zvládnutí práce s&nbsp;výpočetní technikou. Proto zde mají prioritu cizí jazyky (povinné jsou dva světové jazyky, třetí cizí jazyk je nabízen jako nepovinný předmět) a odborné ekonomicko-provozní předměty. Jejich studium je zaměřeno na zvládnutí problematiky všech druhů nákladní dopravy &#8211; silniční, železniční, letecké i lodní a logistiky.</p>



<p>Nejlepší studenti pak absolvují speciální přípravu na složení zkoušky First certificate in English (to ovšem již záleží na píli a individuální přípravě každého z&nbsp;nich).</p>



<p>Škola má akreditaci na provádění zkoušek pro Certifikát FIATA.</p>



<p>Absolventi nacházejí uplatnění ve vnitrostátních i mezinárodních dopravních, spedičních i výrobních firmách.</p>



<h2 class="wp-block-heading">Železniční doprava a přeprava</h2>



<p>Toto zaměření je vhodné pro všechny, které zajímá železnice a její provoz.</p>



<p>Během výuky jsou studenti do hloubky seznamováni s&nbsp;dopravními a přepravními předpisy, účastní se odborných přednášek a školení s&nbsp;odborníky z&nbsp;provozu. Část výuky také probíhá přímo na pracovištích ČD, a.s.. Zde si studenti prověřují své teoretické znalosti v&nbsp;rámci provozní praxe.</p>



<p>Studenti jsou v&nbsp;průběhu studia připravováni k&nbsp;jednotlivým odborným zkouškám na pracovní pozice – informátor v&nbsp;osobní dopravě, obsluha vlaků osobní dopravy, osobní pokladník, nákladní pokladník, výhybkář a výpravčí.</p>



<p>O absolventy tohoto zaměření je velký zájem ze strany ČD, a.s., ale také u ostatních dopravních společností provozujících veřejnou či neveřejnou osobní i nákladní železniční dopravu. Studenti ještě před maturitou mohou složit potřebné odborné zkoušky, které jim umožní okamžitý nástup na odborné pracovní pozice.</p>



<p>Pro studijní zaměření Železniční doprava a přeprava je výhodnou možností využití stipendijního programu<strong>&nbsp;Českých drah</strong>&nbsp;<strong>ČéDés</strong>. Dostanete pracovní smlouvu na dobře placenou práci a během studia až 134&nbsp;000&nbsp;Kč. Bližší informace naleznete na stránkách ČD, a.s. &#8211;&nbsp;<strong><a href="http://www.mojedraha.cz/">Stipendijní program čeDes.</a></strong></p>



<figure class="wp-block-image size-full"><a href="https://www.cd.cz/kariera/pro-zaky-a-ucitele.htm"><img fetchpriority="high" decoding="async" width="300" height="300" src="https://www.prumkadc.cz/wp-content/uploads/2022/01/banner_SCP_CEDES_2019_300x300_v03_final-1.jpg" alt="" class="wp-image-1383" srcset="https://www.prumkadc.cz/wp-content/uploads/2022/01/banner_SCP_CEDES_2019_300x300_v03_final-1.jpg 300w, https://www.prumkadc.cz/wp-content/uploads/2022/01/banner_SCP_CEDES_2019_300x300_v03_final-1-100x100.jpg 100w, https://www.prumkadc.cz/wp-content/uploads/2022/01/banner_SCP_CEDES_2019_300x300_v03_final-1-150x150.jpg 150w" sizes="(max-width: 300px) 100vw, 300px" /></a></figure>



<p>Další možností je využít Stipendijní program Go Your Way.</p>



<figure class="wp-block-image size-large"><img decoding="async" src="https://www.prumkadc.cz/wp-content/uploads/2022/09/CDCargo_newsletter_stipendium_A5-1024x702.png" alt="" class="wp-image-2323"/></figure>



<p><a href="https://www.spravazeleznic.cz/studenti/nadrazak"></a>Další nabídku studentům poskytuje&nbsp;<strong>Správa železnic, s.o.</strong>. Pro studenty nabízí komplexní informace na jejich&nbsp;<a href="https://www.spravazeleznic.cz/studenti/">Studentském webu</a>, jehož prostřednictvím se mohou hlásit na odborné stáže, praxe, zúčastnit se&nbsp; stipendijního programu „<strong>NádraŽák</strong>“ apod. Kompletní informace k&nbsp;programu NádraŽák naleznete&nbsp;<a rel="noreferrer noopener" href="https://www.spravazeleznic.cz/studenti/nadrazak" target="_blank">zde</a></p>



<figure class="wp-block-image size-full is-resized"><img decoding="async" src="https://www.prumkadc.cz/wp-content/uploads/2022/01/nadrazak-1.png" alt="" class="wp-image-1388" width="300" height="275"/></figure>



<p>Všechna zaměření oboru Provoz a ekonomika dopravy jsou vhodná pro chlapce i děvčata a umožňují přípravu na získání řidičského průkazu skupiny B.</p>



<p>Absolventi všech zaměření tohoto oboru mohou pokračovat ve studiu na vysokých školách technických i ekonomických směrů.</p>

<p>Název oboru Provoz a ekonomika dopravy Kód oboru 37-41-M/01 Zaměření logistikaželezniční doprava a přeprava Forma studia denní Délka studia 4 roky Způsob zakončení maturitní zkouška Místo výuky středisko ČSA, Čsl. armády 681/10, Děčín I Tento studijní obor je pro svoji šíři odborného spektra rozdělen na dvě různá zaměření, ze kterých si studenti po ukončení prvního [&hellip;]</p>
