{"id":1204,"date":"2021-11-08T15:05:42","date_gmt":"2021-11-08T15:05:42","guid":{"rendered":"https:\/\/www.prumkadc.cz\/?page_id=1204"},"modified":"2023-05-11T05:55:02","modified_gmt":"2023-05-11T05:55:02","slug":"sablony-2019","status":"publish","type":"page","link":"https:\/\/www.prumkadc.cz\/index.php\/sablony-2019\/","title":{"rendered":"\u0160ablony 2019"},"content":{"rendered":"\n<p>Projekt byl zrealizov\u00e1n a ukon\u010den. Spln\u011bny byly v\u0161echny aktivity.<\/p>\n\n\n\n<p>N\u00e1zev projektu: <strong>\u201e\u0160ablony 2019\u201c<\/strong><\/p>\n\n\n\n<p>Registra\u010dn\u00ed \u010d\u00edslo: <strong>CZ.02.3.68\/0.0\/0.0\/18_065\/0015560<\/strong><\/p>\n\n\n\n<p>Vyhla\u0161ovatel: <strong>M\u0160MT<\/strong><\/p>\n\n\n\n<p>P\u0159\u00edjemce projektu: <strong>VO\u0160 a SP\u0160 strojn\u00ed, stavebn\u00ed a dopravn\u00ed, D\u011b\u010d\u00edn, p.o.<\/strong><\/p>\n\n\n\n<p>Term\u00edn realizace: <strong>1.&nbsp;9.&nbsp;2019 \u2013 31.&nbsp;8.&nbsp;2021<\/strong><\/p>\n\n\n\n<p>Anotace projektu: <strong>C\u00edlem projektu je rozvoj v&nbsp;oblastech, kter\u00e9 \u0161kola\/\u0161kolsk\u00e9 za\u0159\u00edzen\u00ed ur\u010d\u00ed jako prioritn\u00ed pro sv\u016fj rozvoj a budouc\u00ed sm\u011b\u0159ov\u00e1n\u00ed. Projekt je zam\u011b\u0159en na : person\u00e1ln\u00ed podporu, osobnostn\u011b profesn\u00ed rozvoj pedagog\u016f, spole\u010dn\u00e9 vzd\u011bl\u00e1v\u00e1n\u00ed \u017e\u00e1k\u016f a student\u016f, podpora extrakurikul\u00e1rn\u00edch aktivit, aktivity rozv\u00edjej\u00edc\u00ed ICT.<\/strong><\/p>\n\n\n\n<p><strong>Realizovan\u00e9 aktivity:<\/strong><\/p>\n\n\n\n<ul class=\"wp-block-list\">\n<li>Koordin\u00e1tor spolupr\u00e1ce \u0161koly a zam\u011bstnavatele \u2013 person\u00e1ln\u00ed podpora<\/li>\n\n\n\n<li>\u0160koln\u00ed kari\u00e9rov\u00fd poradce \u2013 person\u00e1ln\u00ed podpora<\/li>\n\n\n\n<li>Vzd\u011bl\u00e1v\u00e1n\u00ed pedagogick\u00fdch pracovn\u00edk\u016f \u2013 DVPP<\/li>\n\n\n\n<li>Sd\u00edlen\u00ed zku\u0161enost\u00ed pedagog\u016f z&nbsp;r\u016fzn\u00fdch \u0161kol prost\u0159ednictv\u00edm vz\u00e1jemn\u00fdch n\u00e1v\u0161t\u011bv<\/li>\n\n\n\n<li>Tandemov\u00e1 v\u00fduka na S\u0160<\/li>\n\n\n\n<li>CLIL ve v\u00fduce S\u0160<\/li>\n\n\n\n<li>Zapojen\u00ed odborn\u00edka z&nbsp;praxe do v\u00fduky v&nbsp;S\u0160<\/li>\n\n\n\n<li>St\u00e1\u017ee pedagog\u016f u zam\u011bstnavatel\u016f<\/li>\n\n\n\n<li>Vyu\u017eit\u00ed ICT ve vzd\u011bl\u00e1v\u00e1n\u00ed<\/li>\n\n\n\n<li>Dou\u010dov\u00e1n\u00ed \u017e\u00e1k\u016f S\u0160 ohro\u017een\u00fdch \u0161koln\u00edm ne\u00fasp\u011bchem<\/li>\n\n\n\n<li>Projektov\u00fd den ve \u0161kole<\/li>\n\n\n\n<li>Projektov\u00fd den mimo \u0161kolu<\/li>\n\n\n\n<li>Komunitn\u011b osv\u011btv\u00e1 setk\u00e1n\u00ed<\/li>\n\n\n\n<li>Klub DM<\/li>\n<\/ul>\n","protected":false},"excerpt":{"rendered":"<p>Projekt byl zrealizov\u00e1n a ukon\u010den. Spln\u011bny byly v\u0161echny aktivity. N\u00e1zev projektu: \u201e\u0160ablony 2019\u201c Registra\u010dn\u00ed \u010d\u00edslo: CZ.02.3.68\/0.0\/0.0\/18_065\/0015560 Vyhla\u0161ovatel: M\u0160MT P\u0159\u00edjemce projektu: VO\u0160 a SP\u0160 strojn\u00ed, stavebn\u00ed a dopravn\u00ed, D\u011b\u010d\u00edn, p.o. Term\u00edn realizace: 1.&nbsp;9.&nbsp;2019 \u2013 31.&nbsp;8.&nbsp;2021 Anotace projektu: C\u00edlem projektu je rozvoj v&nbsp;oblastech, kter\u00e9 \u0161kola\/\u0161kolsk\u00e9 za\u0159\u00edzen\u00ed ur\u010d\u00ed jako prioritn\u00ed pro sv\u016fj rozvoj a budouc\u00ed sm\u011b\u0159ov\u00e1n\u00ed. Projekt je [&hellip;]<\/p>\n","protected":false},"author":5,"featured_media":0,"parent":0,"menu_order":12,"comment_status":"closed","ping_status":"closed","template":"","meta":{"_acf_changed":false,"footnotes":""},"class_list":["post-1204","page","type-page","status-publish","hentry"],"acf":[],"_links":{"self":[{"href":"https:\/\/www.prumkadc.cz\/index.php\/wp-json\/wp\/v2\/pages\/1204","targetHints":{"allow":["GET"]}}],"collection":[{"href":"https:\/\/www.prumkadc.cz\/index.php\/wp-json\/wp\/v2\/pages"}],"about":[{"href":"https:\/\/www.prumkadc.cz\/index.php\/wp-json\/wp\/v2\/types\/page"}],"author":[{"embeddable":true,"href":"https:\/\/www.prumkadc.cz\/index.php\/wp-json\/wp\/v2\/users\/5"}],"replies":[{"embeddable":true,"href":"https:\/\/www.prumkadc.cz\/index.php\/wp-json\/wp\/v2\/comments?post=1204"}],"version-history":[{"count":1,"href":"https:\/\/www.prumkadc.cz\/index.php\/wp-json\/wp\/v2\/pages\/1204\/revisions"}],"predecessor-version":[{"id":1205,"href":"https:\/\/www.prumkadc.cz\/index.php\/wp-json\/wp\/v2\/pages\/1204\/revisions\/1205"}],"wp:attachment":[{"href":"https:\/\/www.prumkadc.cz\/index.php\/wp-json\/wp\/v2\/media?parent=1204"}],"curies":[{"name":"wp","href":"https:\/\/api.w.org\/{rel}","templated":true}]}}

Šablony 2019

<p>Projekt byl zrealizován a ukončen. Splněny byly všechny aktivity.</p>



<p>Název projektu: <strong>„Šablony 2019“</strong></p>



<p>Registrační číslo: <strong>CZ.02.3.68/0.0/0.0/18_065/0015560</strong></p>



<p>Vyhlašovatel: <strong>MŠMT</strong></p>



<p>Příjemce projektu: <strong>VOŠ a SPŠ strojní, stavební a dopravní, Děčín, p.o.</strong></p>



<p>Termín realizace: <strong>1.&nbsp;9.&nbsp;2019 – 31.&nbsp;8.&nbsp;2021</strong></p>



<p>Anotace projektu: <strong>Cílem projektu je rozvoj v&nbsp;oblastech, které škola/školské zařízení určí jako prioritní pro svůj rozvoj a budoucí směřování. Projekt je zaměřen na : personální podporu, osobnostně profesní rozvoj pedagogů, společné vzdělávání žáků a studentů, podpora extrakurikulárních aktivit, aktivity rozvíjející ICT.</strong></p>



<p><strong>Realizované aktivity:</strong></p>



<ul class="wp-block-list">
<li>Koordinátor spolupráce školy a zaměstnavatele – personální podpora</li>



<li>Školní kariérový poradce – personální podpora</li>



<li>Vzdělávání pedagogických pracovníků – DVPP</li>



<li>Sdílení zkušeností pedagogů z&nbsp;různých škol prostřednictvím vzájemných návštěv</li>



<li>Tandemová výuka na SŠ</li>



<li>CLIL ve výuce SŠ</li>



<li>Zapojení odborníka z&nbsp;praxe do výuky v&nbsp;SŠ</li>



<li>Stáže pedagogů u zaměstnavatelů</li>



<li>Využití ICT ve vzdělávání</li>



<li>Doučování žáků SŠ ohrožených školním neúspěchem</li>



<li>Projektový den ve škole</li>



<li>Projektový den mimo školu</li>



<li>Komunitně osvětvá setkání</li>



<li>Klub DM</li>
</ul>

<p>Projekt byl zrealizován a ukončen. Splněny byly všechny aktivity. Název projektu: „Šablony 2019“ Registrační číslo: CZ.02.3.68/0.0/0.0/18_065/0015560 Vyhlašovatel: MŠMT Příjemce projektu: VOŠ a SPŠ strojní, stavební a dopravní, Děčín, p.o. Termín realizace: 1.&nbsp;9.&nbsp;2019 – 31.&nbsp;8.&nbsp;2021 Anotace projektu: Cílem projektu je rozvoj v&nbsp;oblastech, které škola/školské zařízení určí jako prioritní pro svůj rozvoj a budoucí směřování. Projekt je [&hellip;]</p>
