{"id":127,"date":"2021-04-20T14:39:10","date_gmt":"2021-04-20T14:39:10","guid":{"rendered":"https:\/\/www.prumkadc.cz\/?page_id=127"},"modified":"2022-01-20T07:56:08","modified_gmt":"2022-01-20T07:56:08","slug":"vos-obor-ochrana-pamatek-a-krajiny","status":"publish","type":"page","link":"https:\/\/www.prumkadc.cz\/index.php\/vos-obor-ochrana-pamatek-a-krajiny\/","title":{"rendered":"VO\u0160 &#8211; obor Ochrana pam\u00e1tek a krajiny"},"content":{"rendered":"\n<figure class=\"wp-block-table\"><table><tbody><tr><td>N\u00e1zev oboru<\/td><td><strong>Ochrana pam\u00e1tek a krajiny<\/strong><\/td><\/tr><tr><td>K\u00f3d oboru<\/td><td>36 &#8211; 41 &#8211; N\/06<\/td><\/tr><tr><td>Zam\u011b\u0159en\u00ed<\/td><td>&nbsp;<\/td><\/tr><tr><td>Forma studia<\/td><td>denn\u00ed \/ kombinovan\u00e1 <\/td><\/tr><tr><td>D\u00e9lka studia<\/td><td>3 roky \/ 3,5 roku <\/td><\/tr><tr><td>Podm\u00ednky p\u0159ijet\u00ed<\/td><td>bez p\u0159ij\u00edmac\u00edch zkou\u0161ek (podm\u00ednka p\u0159ijet\u00ed &#8211; maturitn\u00ed zkou\u0161ka)<\/td><\/tr><tr><td>Zp\u016fsob zakon\u010den\u00ed<\/td><td>absolutorium<\/td><\/tr><tr><td>M\u00edsto v\u00fduky<\/td><td>st\u0159edisko \u010cSA, \u010csl. arm\u00e1dy 681\/10, D\u011b\u010d\u00edn I<\/td><\/tr><\/tbody><\/table><\/figure>\n\n\n\n<p><strong>Studium je ur\u010deno absolvent\u016fm gymn\u00e1zi\u00ed a st\u0159edn\u00edch odborn\u00fdch \u0161kol<\/strong>.<\/p>\n\n\n\n<p><strong>Zp\u016fsob studia<\/strong>&nbsp;je obdobn\u00fd jako u vysoko\u0161kolsk\u00e9ho syst\u00e9mu. V&nbsp;zimn\u00edm semestru prob\u00edh\u00e1 od z\u00e1\u0159\u00ed do prosince v\u00fduka, v&nbsp;lednu je zkou\u0161kov\u00e9 obdob\u00ed. V&nbsp;letn\u00edm semestru se vyu\u010duje od \u00fanora &#8211; kv\u011btna, zkou\u0161kov\u00e9 obdob\u00ed je v&nbsp;\u010dervnu.<br>U d\u00e1lkov\u00e9ho studia prob\u00edh\u00e1 v\u00fduka jeden cel\u00fd den v&nbsp;t\u00fddnu (\u00fater\u00fd, \u010dtvrtek) formou konzultac\u00ed.<\/p>\n\n\n\n<p><strong>\u0160koln\u00e9<\/strong>&nbsp;\u010din\u00ed 3000&nbsp;K\u010d ro\u010dn\u011b a plat\u00ed se ve dvou spl\u00e1tk\u00e1ch &#8211; v&nbsp;z\u00e1\u0159\u00ed a v&nbsp;\u00fanoru.<\/p>\n\n\n\n<p><strong>Absolvent<\/strong>&nbsp;z\u00edsk\u00e1v\u00e1 titul DiS. (diplomovan\u00fd specialista v&nbsp;oboru &#8230;). Studenti oboru \u017eelezni\u010dn\u00ed stavitelstv\u00ed b\u011bhem studia vykon\u00e1vaj\u00ed profesn\u00ed zkou\u0161ky pot\u0159ebn\u00e9 pro pr\u00e1ci na \u017eeleznici. Vzhledem k&nbsp;tomu, \u017ee tento obor vyu\u010dujeme jako jedin\u00e1 \u0161kola v&nbsp;republice, nemaj\u00ed jeho absolventi probl\u00e9my s&nbsp;uplatn\u011bn\u00edm v&nbsp;praxi.<\/p>\n\n\n\n<div class=\"wp-block-file\"><a href=\"https:\/\/www.prumkadc.cz\/wp-content\/uploads\/2021\/08\/Ucebni-plan-denni-studium-1.pdf\">U\u010debn\u00ed pl\u00e1n OCH denn\u00ed<\/a><a href=\"https:\/\/www.prumkadc.cz\/wp-content\/uploads\/2021\/08\/Ucebni-plan-denni-studium-1.pdf\" class=\"wp-block-file__button\" download>St\u00e1hnout<\/a><\/div>\n\n\n\n<div class=\"wp-block-file\"><a href=\"https:\/\/www.prumkadc.cz\/wp-content\/uploads\/2021\/08\/Ucebni-plan-kombinovane-studium-1.pdf\">U\u010debn\u00ed pl\u00e1n OCH kombinovan\u00e1<\/a><a href=\"https:\/\/www.prumkadc.cz\/wp-content\/uploads\/2021\/08\/Ucebni-plan-kombinovane-studium-1.pdf\" class=\"wp-block-file__button\" download>St\u00e1hnout<\/a><\/div>\n","protected":false},"excerpt":{"rendered":"<p>N\u00e1zev oboru Ochrana pam\u00e1tek a krajiny K\u00f3d oboru 36 &#8211; 41 &#8211; N\/06 Zam\u011b\u0159en\u00ed &nbsp; Forma studia denn\u00ed \/ kombinovan\u00e1 D\u00e9lka studia 3 roky \/ 3,5 roku Podm\u00ednky p\u0159ijet\u00ed bez p\u0159ij\u00edmac\u00edch zkou\u0161ek (podm\u00ednka p\u0159ijet\u00ed &#8211; maturitn\u00ed zkou\u0161ka) Zp\u016fsob zakon\u010den\u00ed absolutorium M\u00edsto v\u00fduky st\u0159edisko \u010cSA, \u010csl. arm\u00e1dy 681\/10, D\u011b\u010d\u00edn I Studium je ur\u010deno absolvent\u016fm gymn\u00e1zi\u00ed a [&hellip;]<\/p>\n","protected":false},"author":5,"featured_media":0,"parent":0,"menu_order":0,"comment_status":"closed","ping_status":"closed","template":"","meta":{"_acf_changed":false,"footnotes":""},"class_list":["post-127","page","type-page","status-publish","hentry"],"acf":[],"_links":{"self":[{"href":"https:\/\/www.prumkadc.cz\/index.php\/wp-json\/wp\/v2\/pages\/127","targetHints":{"allow":["GET"]}}],"collection":[{"href":"https:\/\/www.prumkadc.cz\/index.php\/wp-json\/wp\/v2\/pages"}],"about":[{"href":"https:\/\/www.prumkadc.cz\/index.php\/wp-json\/wp\/v2\/types\/page"}],"author":[{"embeddable":true,"href":"https:\/\/www.prumkadc.cz\/index.php\/wp-json\/wp\/v2\/users\/5"}],"replies":[{"embeddable":true,"href":"https:\/\/www.prumkadc.cz\/index.php\/wp-json\/wp\/v2\/comments?post=127"}],"version-history":[{"count":5,"href":"https:\/\/www.prumkadc.cz\/index.php\/wp-json\/wp\/v2\/pages\/127\/revisions"}],"predecessor-version":[{"id":1375,"href":"https:\/\/www.prumkadc.cz\/index.php\/wp-json\/wp\/v2\/pages\/127\/revisions\/1375"}],"wp:attachment":[{"href":"https:\/\/www.prumkadc.cz\/index.php\/wp-json\/wp\/v2\/media?parent=127"}],"curies":[{"name":"wp","href":"https:\/\/api.w.org\/{rel}","templated":true}]}}

VOŠ &#8211; obor Ochrana památek a krajiny

<figure class="wp-block-table"><table><tbody><tr><td>Název oboru</td><td><strong>Ochrana památek a krajiny</strong></td></tr><tr><td>Kód oboru</td><td>36 &#8211; 41 &#8211; N/06</td></tr><tr><td>Zaměření</td><td>&nbsp;</td></tr><tr><td>Forma studia</td><td>denní / kombinovaná </td></tr><tr><td>Délka studia</td><td>3 roky / 3,5 roku </td></tr><tr><td>Podmínky přijetí</td><td>bez přijímacích zkoušek (podmínka přijetí &#8211; maturitní zkouška)</td></tr><tr><td>Způsob zakončení</td><td>absolutorium</td></tr><tr><td>Místo výuky</td><td>středisko ČSA, Čsl. armády 681/10, Děčín I</td></tr></tbody></table></figure>



<p><strong>Studium je určeno absolventům gymnázií a středních odborných škol</strong>.</p>



<p><strong>Způsob studia</strong>&nbsp;je obdobný jako u vysokoškolského systému. V&nbsp;zimním semestru probíhá od září do prosince výuka, v&nbsp;lednu je zkouškové období. V&nbsp;letním semestru se vyučuje od února &#8211; května, zkouškové období je v&nbsp;červnu.<br>U dálkového studia probíhá výuka jeden celý den v&nbsp;týdnu (úterý, čtvrtek) formou konzultací.</p>



<p><strong>Školné</strong>&nbsp;činí 3000&nbsp;Kč ročně a platí se ve dvou splátkách &#8211; v&nbsp;září a v&nbsp;únoru.</p>



<p><strong>Absolvent</strong>&nbsp;získává titul DiS. (diplomovaný specialista v&nbsp;oboru &#8230;). Studenti oboru železniční stavitelství během studia vykonávají profesní zkoušky potřebné pro práci na železnici. Vzhledem k&nbsp;tomu, že tento obor vyučujeme jako jediná škola v&nbsp;republice, nemají jeho absolventi problémy s&nbsp;uplatněním v&nbsp;praxi.</p>



<div class="wp-block-file"><a href="https://www.prumkadc.cz/wp-content/uploads/2021/08/Ucebni-plan-denni-studium-1.pdf">Učební plán OCH denní</a><a href="https://www.prumkadc.cz/wp-content/uploads/2021/08/Ucebni-plan-denni-studium-1.pdf" class="wp-block-file__button" download>Stáhnout</a></div>



<div class="wp-block-file"><a href="https://www.prumkadc.cz/wp-content/uploads/2021/08/Ucebni-plan-kombinovane-studium-1.pdf">Učební plán OCH kombinovaná</a><a href="https://www.prumkadc.cz/wp-content/uploads/2021/08/Ucebni-plan-kombinovane-studium-1.pdf" class="wp-block-file__button" download>Stáhnout</a></div>

<p>Název oboru Ochrana památek a krajiny Kód oboru 36 &#8211; 41 &#8211; N/06 Zaměření &nbsp; Forma studia denní / kombinovaná Délka studia 3 roky / 3,5 roku Podmínky přijetí bez přijímacích zkoušek (podmínka přijetí &#8211; maturitní zkouška) Způsob zakončení absolutorium Místo výuky středisko ČSA, Čsl. armády 681/10, Děčín I Studium je určeno absolventům gymnázií a [&hellip;]</p>
