{"id":153,"date":"2021-04-20T14:47:01","date_gmt":"2021-04-20T14:47:01","guid":{"rendered":"https:\/\/www.prumkadc.cz\/?page_id=153"},"modified":"2025-10-07T06:54:05","modified_gmt":"2025-10-07T06:54:05","slug":"vychovne-poradenstvi","status":"publish","type":"page","link":"https:\/\/www.prumkadc.cz\/index.php\/vychovne-poradenstvi\/","title":{"rendered":"V\u00fdchovn\u00e9 poradenstv\u00ed"},"content":{"rendered":"\n<p class=\"has-medium-font-size\"><strong>V\u00fdchovn\u00e9 poradkyn\u011b pro st\u0159edisko \u010csl. arm\u00e1dy<\/strong><\/p>\n\n\n\n<p><strong>Mgr. Kate\u0159ina Fridrichov\u00e1<\/strong><br>Konzulta\u010dn\u00ed hodiny: ka\u017ed\u00fd p\u00e1tek 8.00-11.35<br>Kabinet \u010d. 202 v&nbsp;1.&nbsp;poschod\u00ed<br>E-mail: <a href=\"mailto:katerina.fridrichova@prumkadc.cz\">katerina.fridrichova@prumkadc.cz<\/a><\/p>\n\n\n\n<p>&nbsp;____________________________________________________________________<\/p>\n\n\n\n<p class=\"has-medium-font-size\"><strong>V\u00fdchovn\u00e1 poradkyn\u011b pro st\u0159edisko Slovansk\u00e1 <\/strong><\/p>\n\n\n\n<p><strong>Mgr. Simona Wisurov\u00e1<\/strong><br>Konzulta\u010dn\u00ed hodiny: p\u00e1tek 8:00 \u2013 9:30 hod.<br>v jin\u00e9m term\u00ednu po p\u0159edchoz\u00ed domluv\u011b<br>Kabinet \u010d. 118 v&nbsp;p\u0159\u00edzem\u00ed budovy B<br>E-mail:&nbsp;<a href=\"mailto:simona.wisurova@prumkadc.cz\">simona.wisurova@prumkadc.cz<\/a><br>Tel.: +420&nbsp;771&nbsp;520&nbsp;590<\/p>\n\n\n\n<p> ____________________________________________________________________ <\/p>\n\n\n\n<p>Ka\u017ed\u00fd se v&nbsp;\u017eivot\u011b m\u016f\u017ee setkat s&nbsp;probl\u00e9mem, na kter\u00fd s\u00e1m nesta\u010d\u00ed. Jedn\u00edm z&nbsp;lid\u00ed, kte\u0159\u00ed mohou pomoci, je v\u00fdchovn\u00fd poradce. V\u00fdchovn\u00fd poradce je slu\u017eba pro \u017e\u00e1ky \u0161koly i jejich rodi\u010de.&nbsp;<strong>V\u0161echny informace jsou d\u016fv\u011brn\u00e9<\/strong>&nbsp;(v&nbsp;souladu se z\u00e1konem o ochran\u011b osobn\u00edch \u00fadaj\u016f).<\/p>\n\n\n\n<p><strong>S jak\u00fdmi okruhy probl\u00e9m\u016f pom\u00e1h\u00e1m?<\/strong><\/p>\n\n\n\n<ul class=\"wp-block-list\">\n<li>studijn\u00ed probl\u00e9my<\/li>\n\n\n\n<li>zdravotn\u00ed omezen\u00ed (t\u011blesn\u00e9 a smyslov\u00e9 posti\u017een\u00ed), specifick\u00e9 poruchy u\u010den\u00ed a chov\u00e1n\u00ed (dyslexie, dysgrafie&#8230; , ADHD atd.) a n\u00e1sledn\u00e9 za\u0159azen\u00ed mezi \u017e\u00e1ky s&nbsp;p\u0159iznan\u00fdm uzp\u016fsoben\u00edm podm\u00ednek maturitn\u00ed zkou\u0161ky<\/li>\n\n\n\n<li>\u0159e\u0161en\u00ed probl\u00e9m\u016f osobn\u00edch a soci\u00e1ln\u00edch<\/li>\n\n\n\n<li>p\u0159estup na jin\u00fd obor (resp. \u0161kolu)<\/li>\n\n\n\n<li>ot\u00e1zky volby studia na V\u0160 a VO\u0160, p\u0159\u00edp. volbu povol\u00e1n\u00ed<\/li>\n\n\n\n<li>zprost\u0159edkov\u00e1n\u00ed kontaktu s&nbsp;odborn\u00fdmi poradensk\u00fdm pracovi\u0161ti (PPP, SPC, OSPOD..)<\/li>\n\n\n\n<li>na poradensk\u00e1 pracovi\u0161t\u011b se m\u016f\u017eete obr\u00e1tit i p\u0159\u00edmo, zde najdete&nbsp;<strong>u\u017eite\u010dn\u00e9 kontakty:<\/strong><\/li>\n<\/ul>\n\n\n\n<p><strong>Pedagogicko-psychologick\u00e1 poradna \u00dasteck\u00e9ho kraje Pracovi\u0161t\u011b D\u011b\u010d\u00edn<\/strong><\/p>\n\n\n\n<ul class=\"wp-block-list\">\n<li>Adresa: \u010cs. arm\u00e1dy 8 \/ 1164, &nbsp;405&nbsp;02 D\u011b\u010d\u00edn<\/li>\n\n\n\n<li>Tel.:&nbsp;775&nbsp;441&nbsp;269<\/li>\n\n\n\n<li>E-mail:&nbsp;<a href=\"mailto:decin@pppuk.cz\">decin@pppuk.cz<\/a><\/li>\n\n\n\n<li><a href=\"http:\/\/www.pppuk.cz\/poradny\/decin\" target=\"_blank\" rel=\"noreferrer noopener\">www.pppuk.cz\/poradny\/decin<\/a> <\/li>\n<\/ul>\n\n\n\n<p><strong>Speci\u00e1ln\u011b pedagogick\u00e9 centrum<\/strong><\/p>\n\n\n\n<ul class=\"wp-block-list\">\n<li>Adresa:&nbsp;SPC p\u0159i Spec. Z\u0160 a Spec. M\u0160 D\u011b\u010d\u00edn, 17.&nbsp;listopadu 673\/8,&nbsp;D\u011b\u010d\u00edn 1, 405&nbsp;01<\/li>\n\n\n\n<li>Tel.: &nbsp;412&nbsp;516&nbsp;278,&nbsp;607&nbsp;936&nbsp;913<\/li>\n\n\n\n<li>E-mail:&nbsp;<a href=\"mailto:spc@specdcbynov.cz\">spc@specdcbynov.cz<\/a><\/li>\n<\/ul>\n\n\n\n<p><strong>St\u0159edisko v\u00fdchovn\u00e9 p\u00e9\u010de<\/strong><\/p>\n\n\n\n<ul class=\"wp-block-list\">\n<li>Adresa:&nbsp;SVP,&nbsp;&nbsp;Pivovarsk\u00e1 179\/30,&nbsp;&nbsp;405&nbsp;02 D\u011b\u010d\u00edn<\/li>\n\n\n\n<li>Telefon:&nbsp;412&nbsp;557&nbsp;171<\/li>\n\n\n\n<li>E-mail: <a href=\"mailto:info@vuboletice.cz\">info@vuboletice.cz<\/a><\/li>\n\n\n\n<li><a href=\"http:\/\/www.vuboletice.cz\/\" target=\"_blank\" rel=\"noreferrer noopener\">www.vuboletice.cz<\/a><\/li>\n<\/ul>\n\n\n\n<p><strong>Krizov\u00e1 poradna<\/strong>&nbsp;&#8211; poradenstv\u00ed&nbsp;pro rodinu a mezilidsk\u00e9 vztahy&nbsp;(slu\u017eby jsou bezplatn\u00e9 a d\u016fv\u011brn\u00e9) -dom\u00e1c\u00ed n\u00e1sil\u00ed, \u00famrt\u00ed nebo t\u011b\u017ek\u00fd \u00faraz rodinn\u00e9ho p\u0159\u00edslu\u0161n\u00edka, sebevra\u017eedn\u00e9 pocity, pomoc&nbsp;ob\u011btem trestn\u00fdch \u010din\u016f,&nbsp;probl\u00e9my ve \u0161kole, \u0161ikana, vztahov\u00e9 probl\u00e9my, z\u00e1\u0161kol\u00e1ctv\u00ed &#8230;<\/p>\n\n\n\n<ul class=\"wp-block-list\">\n<li>Adresa: Bezru\u010dova 87\/2,&nbsp; D\u011b\u010d\u00edn IV<\/li>\n\n\n\n<li>Tel., fax: 412&nbsp;519&nbsp;555<\/li>\n\n\n\n<li>Mobil: 732&nbsp;599&nbsp;451<\/li>\n\n\n\n<li>Mail:&nbsp;<a href=\"mailto:krizova.poradna@seznam.cz\">krizova.poradna@seznam.cz<\/a><\/li>\n\n\n\n<li><a href=\"http:\/\/www.krizovaporadna.cz\/\" target=\"_blank\" rel=\"noreferrer noopener\">www.krizovaporadna.cz<\/a><\/li>\n<\/ul>\n\n\n\n<p><strong>K-centrum D\u011b\u010d\u00edn&nbsp;<\/strong>(poradna pro drogov\u011b z\u00e1visl\u00e9 a rodi\u010de)<\/p>\n\n\n\n<p>Je ur\u010deno t\u011bm, kte\u0159\u00ed hledaj\u00ed pomoc v&nbsp;aktu\u00e1ln\u00ed krizi. klienti mohou p\u0159ij\u00edt do za\u0159\u00edzen\u00ed bez doprovodu a bez doporu\u010den\u00ed. Ve\u0161ker\u00e9 slu\u017eby jsou poskytov\u00e1ny zdarm. O klientech se neposkytuj\u00ed informace dal\u0161\u00edm osob\u00e1m.<\/p>\n\n\n\n<ul class=\"wp-block-list\">\n<li>Adresa: Teplick\u00e1 31\/56,&nbsp; D\u011b\u010d\u00edn IV<\/li>\n\n\n\n<li>Telefon: 603&nbsp;828&nbsp;225 (PO &#8211; P\u00c1: 9.00 &#8211; 17.00)<\/li>\n\n\n\n<li>Mail:&nbsp;<a href=\"mailto:kcentrum@cssdecin.cz\">kcentrum@cssdecin.cz<\/a><\/li>\n<\/ul>\n\n\n\n<p><strong>Linka bezpe\u010d\u00ed 800&nbsp;155&nbsp;55<\/strong><\/p>\n\n\n\n<ul class=\"wp-block-list\">\n<li>Linka bezpe\u010d\u00ed je bezplatn\u00e1 telefonick\u00e1 linka krizov\u00e9 intervence pro d\u011bti a mladistv\u00e9 (do 18 let, studenti do 26 let). Je v&nbsp;provozu 24 hodin denn\u011b po cel\u00fd rok a je dostupn\u00e1 z&nbsp;cel\u00e9 \u010cesk\u00e9 republiky zdarma jak z&nbsp;pevn\u00e9 linky, tak i z&nbsp;mobiln\u00edch telefon\u016f. Linka bezpe\u010d\u00ed ct\u00ed z\u00e1sadu anonymity klienta a tak, pokud klienti sami necht\u011bj\u00ed, nemus\u00ed sd\u011blovat sv\u00e9 osobn\u00ed \u00fadaje.&nbsp;Linka bezpe\u010d\u00ed pom\u00e1h\u00e1 d\u011btem a dosp\u00edvaj\u00edc\u00edm \u0159e\u0161it t\u011b\u017ek\u00e9 \u017eivotn\u00ed situace. Slou\u017e\u00ed p\u0159edev\u0161\u00edm t\u011bm, kte\u0159\u00ed si nev\u011bd\u00ed rady se sv\u00fdmi probl\u00e9my, c\u00edt\u00ed se ohro\u017eeni, osam\u011bl\u00ed, zrazen\u00ed, zmaten\u00ed a z&nbsp;nejr\u016fzn\u011bj\u0161\u00edch d\u016fvod\u016f se necht\u011bj\u00ed nebo nemohou sv\u011b\u0159it n\u011bkomu ze sv\u00e9ho okol\u00ed. D\u011btem a mladistv\u00fdm je d\u00e1v\u00e1n dostate\u010dn\u00fd prostor k&nbsp;tomu, aby mohli hovo\u0159it s&nbsp;konzultantem o sv\u00e9 situaci a dosp\u011bt spole\u010dn\u011b k&nbsp;n\u011bjak\u00e9mu mo\u017en\u00e9mu \u0159e\u0161en\u00ed.&nbsp;<\/li>\n<\/ul>\n\n\n\n<p><strong>Internetov\u00e1 linka bezpe\u010d\u00ed: <\/strong><a href=\"mailto:ilb@linkabezpeci.cz\"><strong>ilb@linkabezpeci.cz<\/strong><\/a><\/p>\n\n\n\n<ul class=\"wp-block-list\">\n<li>D\u011bti&nbsp;a dosp\u00edvaj\u00edc\u00ed, kte\u0159\u00ed nemaj\u00ed mo\u017enost vyu\u017e\u00edt telefonu, ale maj\u00ed p\u0159\u00edstup k&nbsp;internetu, se mohou na Linku bezpe\u010d\u00ed obr\u00e1tit p\u0159es e-mail a konzultovat zde svoje probl\u00e9my. Tuto mo\u017enost mohou vyu\u017e\u00edt i \u010desk\u00e9 d\u011bti, kter\u00e9 \u017eij\u00ed s&nbsp;rodi\u010di v&nbsp;zahrani\u010d\u00ed, p\u0159\u00edpadn\u011b d\u011bti se sluchovou vadou \u010di vadou \u0159e\u010di. Odborn\u00edci z&nbsp;Linky bezpe\u010d\u00ed odpov\u00eddaj\u00ed na dotazy v&nbsp;nejkrat\u0161\u00edm mo\u017en\u00e9m term\u00ednu, zpravidla do 3 pracovn\u00edch dn\u016f.<\/li>\n<\/ul>\n\n\n\n<p><strong>Linka vzkaz dom\u016f<\/strong><strong>&nbsp;<\/strong><strong><br>bezplatn\u00e1 linka z&nbsp;pevn\u00e9 s\u00edt\u011b 800&nbsp;111&nbsp;113, z&nbsp;mobilu 724&nbsp;727&nbsp;777<\/strong>&nbsp;(tarif dle oper\u00e1tora) &#8211;<strong> v&nbsp;provozu ka\u017ed\u00fd den od 8.00 do 22.00 hodin.<\/strong><\/p>\n\n\n\n<ul class=\"wp-block-list\">\n<li>Linka slou\u017e\u00ed p\u0159edev\u0161\u00edm d\u011btem a mlad\u00fdm lidem, kter\u00e9 situace donut\u00ed k&nbsp;\u00fat\u011bku nebo t\u011bm, kte\u0159\u00ed o tomto kroku prozat\u00edm jen uva\u017euj\u00ed. \u00dakolem je p\u0159ed\u00e1v\u00e1n\u00ed vzkaz\u016f rodi\u010d\u016fm \u010di jin\u00fdm bl\u00edzk\u00fdm osob\u00e1m d\u011bt\u00ed&nbsp;na \u00fat\u011bku, kter\u00e9 se sice necht\u011bj\u00ed vr\u00e1tit zp\u011bt, ale p\u0159esto by r\u00e1dy nechaly sv\u00fdm bl\u00edzk\u00fdm zpr\u00e1vu, \u017ee jsou na\u017eivu a zdr\u00e1vy. D\u011btem, kter\u00e9 by se dom\u016f vr\u00e1tit cht\u011bly, ale nemaj\u00ed odvahu rodi\u010d\u016fm zavolat z&nbsp;obavy z&nbsp;jejich reakce, jsou pracovn\u00edci na Lince p\u0159ipraveni pomoci nal\u00e9zt cestu zp\u00e1tky. Pokud se d\u00edt\u011b za \u017e\u00e1dnou cenu dom\u016f vr\u00e1tit nechce, pom\u016f\u017ee mu Linka zprost\u0159edkovat um\u00edst\u011bn\u00ed v&nbsp;azylov\u00e9m dom\u011b, v&nbsp;krizov\u00e9m centru \u010di v&nbsp;jin\u00e9m obdobn\u00e9m za\u0159\u00edzen\u00ed, kde by na\u0161lo prozat\u00edmn\u011b st\u0159echu nad hlavou.<\/li>\n\n\n\n<li>Na Linku vzkaz dom\u016f se mohou obr\u00e1tit tak\u00e9 rodi\u010de a p\u0159\u00edbuzn\u00ed d\u011bt\u00ed, kter\u00e9 utekly z&nbsp;domova, a mohou jim zde nechat vzkaz &#8211; nap\u0159\u00edklad, \u017ee se mohou bez obav vr\u00e1tit zp\u00e1tky dom\u016f.<\/li>\n<\/ul>\n\n\n\n<p><strong>Rodi\u010dovsk\u00e1 linka 283&nbsp;852&nbsp;222<\/strong><\/p>\n\n\n\n<ul class=\"wp-block-list\">\n<li>Rodi\u010dovsk\u00e1 linka je ur\u010dena dosp\u011bl\u00fdm, kte\u0159\u00ed se cht\u011bj\u00ed poradit ve v\u011bci v\u00fdchovy sv\u00fdch d\u011bt\u00ed. \u010casto se na Lince setk\u00e1v\u00e1me tak\u00e9 s&nbsp;ohla\u0161ov\u00e1n\u00edm podez\u0159en\u00ed z&nbsp;t\u00fdr\u00e1n\u00ed, zneu\u017e\u00edv\u00e1n\u00ed nebo zanedb\u00e1v\u00e1n\u00ed d\u011bt\u00ed z&nbsp;okol\u00ed volaj\u00edc\u00edch, kte\u0159\u00ed maj\u00ed strach obr\u00e1tit se na policii.<\/li>\n\n\n\n<li>Poradenstv\u00ed poskytuje d\u011btsk\u00fd psycholog a psychoterapeut : pond\u011bl\u00ed, st\u0159eda a p\u00e1tek: 13.00 &#8211; 16.00,&nbsp;&nbsp;\u00fater\u00fd a \u010dtvrtek: 16,00&nbsp;&#8211; &nbsp;19,00 hod.&nbsp;<\/li>\n<\/ul>\n\n\n\n<p><strong>Linka ZTRACEN\u00c9 D\u00cdT\u011a &#8211; 116000<\/strong><\/p>\n\n\n\n<ul class=\"wp-block-list\">\n<li>Ke st\u00e1vaj\u00edc\u00ed krizov\u00e9 Lince Ztracen\u00e9 d\u00edt\u011b pro d\u011bti a dosp\u011bl\u00e9 (zdarma a nonnstop) je nov\u011b poskytov\u00e1no i online chatov\u00e9 poradenstv\u00ed (denne, 15.00 &#8211; 18.00 hodin). Chat je n dispozici na&nbsp;<a href=\"http:\/\/www.linkaztracenedite.cz\/\" target=\"_blank\" rel=\"noreferrer noopener\">www.linkaztracenedite.cz<\/a>.&nbsp;<\/li>\n\n\n\n<li>Linka se zab\u00fdv\u00e1 problematikou poh\u0159e\u0161ovan\u00fdch, ztracen\u00fdch a jinak ohro\u017een\u00fdch d\u011bt\u00ed (\u00fat\u011bky, \u00fanosy, n\u00e1slil\u00ed, \u0161ikana, konflikty), v\u010detn\u011b prevence.<\/li>\n\n\n\n<li>Je registrovan\u00fdm poskytovatelem soci\u00e1ln\u00ed slu\u017eby telefonick\u00e9 krizov\u00e9 pomoci a dr\u017eitelem pov\u011b\u0159en\u00ed k&nbsp;v\u00fdkonu soci\u00e1ln\u011b-pr\u00e1vn\u00ed ochrany d\u011bt\u00ed. &nbsp;<\/li>\n<\/ul>\n","protected":false},"excerpt":{"rendered":"<p>V\u00fdchovn\u00e9 poradkyn\u011b pro st\u0159edisko \u010csl. arm\u00e1dy Mgr. Kate\u0159ina Fridrichov\u00e1Konzulta\u010dn\u00ed hodiny: ka\u017ed\u00fd p\u00e1tek 8.00-11.35Kabinet \u010d. 202 v&nbsp;1.&nbsp;poschod\u00edE-mail: katerina.fridrichova@prumkadc.cz &nbsp;____________________________________________________________________ V\u00fdchovn\u00e1 poradkyn\u011b pro st\u0159edisko Slovansk\u00e1 Mgr. Simona Wisurov\u00e1Konzulta\u010dn\u00ed hodiny: p\u00e1tek 8:00 \u2013 9:30 hod.v jin\u00e9m term\u00ednu po p\u0159edchoz\u00ed domluv\u011bKabinet \u010d. 118 v&nbsp;p\u0159\u00edzem\u00ed budovy BE-mail:&nbsp;simona.wisurova@prumkadc.czTel.: +420&nbsp;771&nbsp;520&nbsp;590 ____________________________________________________________________ Ka\u017ed\u00fd se v&nbsp;\u017eivot\u011b m\u016f\u017ee setkat s&nbsp;probl\u00e9mem, na kter\u00fd s\u00e1m nesta\u010d\u00ed. Jedn\u00edm [&hellip;]<\/p>\n","protected":false},"author":5,"featured_media":0,"parent":0,"menu_order":0,"comment_status":"closed","ping_status":"closed","template":"","meta":{"_acf_changed":false,"footnotes":""},"class_list":["post-153","page","type-page","status-publish","hentry"],"acf":[],"_links":{"self":[{"href":"https:\/\/www.prumkadc.cz\/index.php\/wp-json\/wp\/v2\/pages\/153","targetHints":{"allow":["GET"]}}],"collection":[{"href":"https:\/\/www.prumkadc.cz\/index.php\/wp-json\/wp\/v2\/pages"}],"about":[{"href":"https:\/\/www.prumkadc.cz\/index.php\/wp-json\/wp\/v2\/types\/page"}],"author":[{"embeddable":true,"href":"https:\/\/www.prumkadc.cz\/index.php\/wp-json\/wp\/v2\/users\/5"}],"replies":[{"embeddable":true,"href":"https:\/\/www.prumkadc.cz\/index.php\/wp-json\/wp\/v2\/comments?post=153"}],"version-history":[{"count":8,"href":"https:\/\/www.prumkadc.cz\/index.php\/wp-json\/wp\/v2\/pages\/153\/revisions"}],"predecessor-version":[{"id":6049,"href":"https:\/\/www.prumkadc.cz\/index.php\/wp-json\/wp\/v2\/pages\/153\/revisions\/6049"}],"wp:attachment":[{"href":"https:\/\/www.prumkadc.cz\/index.php\/wp-json\/wp\/v2\/media?parent=153"}],"curies":[{"name":"wp","href":"https:\/\/api.w.org\/{rel}","templated":true}]}}