{"id":2140,"date":"2022-07-19T09:00:27","date_gmt":"2022-07-19T09:00:27","guid":{"rendered":"https:\/\/www.prumkadc.cz\/?page_id=2140"},"modified":"2024-08-26T08:15:45","modified_gmt":"2024-08-26T08:15:45","slug":"skolni-rok","status":"publish","type":"page","link":"https:\/\/www.prumkadc.cz\/index.php\/pro-studenty\/skolni-rok\/","title":{"rendered":"\u0160koln\u00ed rok"},"content":{"rendered":"\n<p><strong>Zde najdete d\u016fle\u017eit\u00e9 term\u00edny a informace k&nbsp;pr\u016fb\u011bhu \u0161koln\u00edho roku 2024\/2025<\/strong><\/p>\n\n\n\n<hr class=\"wp-block-separator has-alpha-channel-opacity\"\/>\n\n\n\n<p><strong><mark style=\"background-color:rgba(0, 0, 0, 0)\" class=\"has-inline-color has-vivid-red-color\">Zah\u00e1jen\u00ed \u0161koln\u00edho roku 2024\/2025<\/mark><\/strong><\/p>\n\n\n\n<p><strong>St\u0159edn\u00ed pr\u016fmyslov\u00e1 \u0161kola: <\/strong><br>\u0160koln\u00ed rok bude zah\u00e1jen t\u0159\u00eddnickou hodinou dne 2.&nbsp;z\u00e1\u0159\u00ed 2024 v&nbsp;8:00<\/p>\n\n\n\n<p><strong>Vy\u0161\u0161\u00ed odborn\u00e1 \u0161kola<\/strong><br>Denn\u00ed studium &#8211; neotev\u0159eno<br><br>Kombinovan\u00e9 studim<br>2.&nbsp;ro\u010dn\u00edk: 17.9.2024 v&nbsp;8:00 hodin<br>3.&nbsp;ro\u010dn\u00edk: 17.9.2024 dle rozvrhu<br>4.&nbsp;ro\u010dn\u00edk: 17.9.2024 dle rozvrhu<\/p>\n\n\n\n<hr class=\"wp-block-separator has-alpha-channel-opacity\"\/>\n\n\n\n<p><strong>Zde najdete d\u016fle\u017eit\u00e9 term\u00edny a informace k&nbsp;pr\u016fb\u011bhu \u0161koln\u00edho roku 2023\/2024<\/strong><\/p>\n\n\n\n<hr class=\"wp-block-separator has-alpha-channel-opacity\"\/>\n\n\n\n<p class=\"has-vivid-red-color has-text-color\"><strong>Opravn\u00e9 a dodate\u010dn\u00e9 zkou\u0161ky<\/strong><\/p>\n\n\n\n<p>Opravn\u00e9 a dodate\u010dn\u00e9 zkou\u0161ky pro 4.&nbsp;ro\u010dn\u00edky pro st\u0159edisko \u010cSA jsou dne 11.&nbsp;6.&nbsp;2024<\/p>\n\n\n\n<div class=\"wp-block-file\"><a id=\"wp-block-file--media-d456cb2c-7db0-4076-a7d7-4bb828520331\" href=\"https:\/\/www.prumkadc.cz\/wp-content\/uploads\/2024\/04\/MZ-jaro-2024_opravne-4R_terminy.pdf\">Opravn\u00e9 zkou\u0161ky &#8211; 4.&nbsp;ro\u010dn\u00edky &#8211; t\u0159\u00eddy 4A, 4T, 4Z<\/a><a href=\"https:\/\/www.prumkadc.cz\/wp-content\/uploads\/2024\/04\/MZ-jaro-2024_opravne-4R_terminy.pdf\" class=\"wp-block-file__button wp-element-button\" download aria-describedby=\"wp-block-file--media-d456cb2c-7db0-4076-a7d7-4bb828520331\">St\u00e1hnout<\/a><\/div>\n\n\n\n<hr class=\"wp-block-separator has-alpha-channel-opacity\"\/>\n\n\n\n<p><strong><mark style=\"background-color:rgba(0, 0, 0, 0)\" class=\"has-inline-color has-vivid-red-color\">Praktick\u00e9 maturitn\u00ed zkou\u0161ky<\/mark><\/strong><\/p>\n\n\n\n<p>t\u0159\u00edda S4 \u2013 \u00fater\u00fd 14.&nbsp;5.&nbsp;2024<br>t\u0159\u00edda E4 \u2013 st\u0159eda 15.&nbsp;5.&nbsp;2024<br>t\u0159\u00edda 4A &#8211; pond\u011bl\u00ed 13.&nbsp;5.&nbsp;2024 &#8211; STK, \u00fater\u00fd 14.&nbsp;5.&nbsp;2024 &#8211; POS<br>t\u0159\u00edda 4T &#8211; pond\u011bl\u00ed 13.&nbsp;5.&nbsp;2024 &#8211; P\u00cdSEMN\u00c1 \u010c\u00c1ST , \u00fater\u00fd 14.&nbsp;5.&nbsp;2024 &#8211; PREZENTACE<br>t\u0159\u00edda 4T &#8211; pond\u011bl\u00ed 13.&nbsp;5.&nbsp;2024 &#8211; PREZENTACE , \u00fater\u00fd 14.&nbsp;5.&nbsp;2024 &#8211; P\u00cdSEMN\u00c1 \u010c\u00c1ST<\/p>\n\n\n\n<div class=\"wp-block-file\"><a id=\"wp-block-file--media-89c5bade-27fe-4bec-b43f-063479603d79\" href=\"https:\/\/www.prumkadc.cz\/wp-content\/uploads\/2024\/05\/MZ-jako-2024_prakticka_terminy_o.pdf\">Rozpis praktick\u00fdch zkou\u0161ek 4A, 4T, 4Z<\/a><a href=\"https:\/\/www.prumkadc.cz\/wp-content\/uploads\/2024\/05\/MZ-jako-2024_prakticka_terminy_o.pdf\" class=\"wp-block-file__button wp-element-button\" download aria-describedby=\"wp-block-file--media-89c5bade-27fe-4bec-b43f-063479603d79\">St\u00e1hnout<\/a><\/div>\n\n\n\n<hr class=\"wp-block-separator has-alpha-channel-opacity is-style-wide\"\/>\n\n\n\n<p><strong><mark style=\"background-color:rgba(0, 0, 0, 0)\" class=\"has-inline-color has-vivid-red-color\">Zah\u00e1jen\u00ed \u0161koln\u00edho roku 2023\/2024<\/mark><\/strong><\/p>\n\n\n\n<p><strong>St\u0159edn\u00ed pr\u016fmyslov\u00e1 \u0161kola: <\/strong><br>\u0160koln\u00ed rok bude zah\u00e1jen t\u0159\u00eddnickou hodinou dne 4.&nbsp;z\u00e1\u0159\u00ed 2023 v&nbsp;8:00<\/p>\n\n\n\n<hr class=\"wp-block-separator has-alpha-channel-opacity\"\/>\n\n\n\n<p><strong>Vy\u0161\u0161\u00ed odborn\u00e1 \u0161kola<\/strong><br>Denn\u00ed studium<br>1.&nbsp;ro\u010dn\u00edk:<br>3.&nbsp;ro\u010dn\u00edk: 6.9.2023 v&nbsp;11:00 z\u00e1pis<br>Kombinovan\u00e9 studim<br>1.&nbsp;ro\u010dn\u00edk: 12.9.2023 v&nbsp;8:00 z\u00e1pis a n\u00e1sleduj\u00ed konzultace<br>2.&nbsp;ro\u010dn\u00edk: 12.9.2023 dle rozvrhu<br>3.&nbsp;ro\u010dn\u00edk: 12.9.2023 dle rozvrhu<br>4.&nbsp;ro\u010dn\u00edk: 12.9.2023 dle rozvrhu<\/p>\n\n\n\n<hr class=\"wp-block-separator has-alpha-channel-opacity\"\/>\n\n\n\n<p><strong><mark style=\"background-color:rgba(0, 0, 0, 0)\" class=\"has-inline-color has-vivid-red-color\">Pokyny pro 1.&nbsp;ro\u010dn\u00edky<\/mark><\/strong><\/p>\n\n\n\n<p><\/p>\n\n\n\n<div class=\"wp-block-file\"><a id=\"wp-block-file--media-b76e0557-ba3e-4945-92e8-70d5769a838a\" href=\"https:\/\/www.prumkadc.cz\/wp-content\/uploads\/2023\/06\/Seznam-ucebnic-pro-skolni-rok-2023-CSA-1.pdf\">Seznam u\u010debn\u00edch pom\u016fcek pro 1.&nbsp;ro\u010dn\u00edky &#8211; obory Stavebnictv\u00ed, Provoz a ekonomika dopravy<\/a><a href=\"https:\/\/www.prumkadc.cz\/wp-content\/uploads\/2023\/06\/Seznam-ucebnic-pro-skolni-rok-2023-CSA-1.pdf\" class=\"wp-block-file__button wp-element-button\" download aria-describedby=\"wp-block-file--media-b76e0557-ba3e-4945-92e8-70d5769a838a\">St\u00e1hnout<\/a><\/div>\n\n\n\n<div class=\"wp-block-file\"><a id=\"wp-block-file--media-1657ba80-4993-4625-af84-1d10991011ab\" href=\"https:\/\/www.prumkadc.cz\/wp-content\/uploads\/2023\/07\/Seznam-ucebnic-pro-skolni-rok-2023-SLO.pdf\">Seznam u\u010debn\u00edch pom\u016fcek pro 1.&nbsp;ro\u010dn\u00edky &#8211; obory Stroj\u00edrenstv\u00ed, Elektrotechnika<\/a><a href=\"https:\/\/www.prumkadc.cz\/wp-content\/uploads\/2023\/07\/Seznam-ucebnic-pro-skolni-rok-2023-SLO.pdf\" class=\"wp-block-file__button wp-element-button\" download aria-describedby=\"wp-block-file--media-1657ba80-4993-4625-af84-1d10991011ab\">St\u00e1hnout<\/a><\/div>\n\n\n\n<hr class=\"wp-block-separator has-alpha-channel-opacity\"\/>\n","protected":false},"excerpt":{"rendered":"<p>Zde najdete d\u016fle\u017eit\u00e9 term\u00edny a informace k&nbsp;pr\u016fb\u011bhu \u0161koln\u00edho roku 2024\/2025 Zah\u00e1jen\u00ed \u0161koln\u00edho roku 2024\/2025 St\u0159edn\u00ed pr\u016fmyslov\u00e1 \u0161kola: \u0160koln\u00ed rok bude zah\u00e1jen t\u0159\u00eddnickou hodinou dne 2.&nbsp;z\u00e1\u0159\u00ed 2024 v&nbsp;8:00 Vy\u0161\u0161\u00ed odborn\u00e1 \u0161kolaDenn\u00ed studium &#8211; neotev\u0159eno Kombinovan\u00e9 studim2.&nbsp;ro\u010dn\u00edk: 17.9.2024 v&nbsp;8:00 hodin3.&nbsp;ro\u010dn\u00edk: 17.9.2024 dle rozvrhu4.&nbsp;ro\u010dn\u00edk: 17.9.2024 dle rozvrhu Zde najdete d\u016fle\u017eit\u00e9 term\u00edny a informace k&nbsp;pr\u016fb\u011bhu \u0161koln\u00edho roku 2023\/2024 Opravn\u00e9 [&hellip;]<\/p>\n","protected":false},"author":5,"featured_media":0,"parent":35,"menu_order":3,"comment_status":"closed","ping_status":"closed","template":"","meta":{"_acf_changed":false,"footnotes":""},"class_list":["post-2140","page","type-page","status-publish","hentry"],"acf":[],"_links":{"self":[{"href":"https:\/\/www.prumkadc.cz\/index.php\/wp-json\/wp\/v2\/pages\/2140","targetHints":{"allow":["GET"]}}],"collection":[{"href":"https:\/\/www.prumkadc.cz\/index.php\/wp-json\/wp\/v2\/pages"}],"about":[{"href":"https:\/\/www.prumkadc.cz\/index.php\/wp-json\/wp\/v2\/types\/page"}],"author":[{"embeddable":true,"href":"https:\/\/www.prumkadc.cz\/index.php\/wp-json\/wp\/v2\/users\/5"}],"replies":[{"embeddable":true,"href":"https:\/\/www.prumkadc.cz\/index.php\/wp-json\/wp\/v2\/comments?post=2140"}],"version-history":[{"count":1,"href":"https:\/\/www.prumkadc.cz\/index.php\/wp-json\/wp\/v2\/pages\/2140\/revisions"}],"predecessor-version":[{"id":5175,"href":"https:\/\/www.prumkadc.cz\/index.php\/wp-json\/wp\/v2\/pages\/2140\/revisions\/5175"}],"up":[{"embeddable":true,"href":"https:\/\/www.prumkadc.cz\/index.php\/wp-json\/wp\/v2\/pages\/35"}],"wp:attachment":[{"href":"https:\/\/www.prumkadc.cz\/index.php\/wp-json\/wp\/v2\/media?parent=2140"}],"curies":[{"name":"wp","href":"https:\/\/api.w.org\/{rel}","templated":true}]}}

Školní rok

<p><strong>Zde najdete důležité termíny a informace k&nbsp;průběhu školního roku 2024/2025</strong></p>



<hr class="wp-block-separator has-alpha-channel-opacity"/>



<p><strong><mark style="background-color:rgba(0, 0, 0, 0)" class="has-inline-color has-vivid-red-color">Zahájení školního roku 2024/2025</mark></strong></p>



<p><strong>Střední průmyslová škola: </strong><br>Školní rok bude zahájen třídnickou hodinou dne 2.&nbsp;září 2024 v&nbsp;8:00</p>



<p><strong>Vyšší odborná škola</strong><br>Denní studium &#8211; neotevřeno<br><br>Kombinované studim<br>2.&nbsp;ročník: 17.9.2024 v&nbsp;8:00 hodin<br>3.&nbsp;ročník: 17.9.2024 dle rozvrhu<br>4.&nbsp;ročník: 17.9.2024 dle rozvrhu</p>



<hr class="wp-block-separator has-alpha-channel-opacity"/>



<p><strong>Zde najdete důležité termíny a informace k&nbsp;průběhu školního roku 2023/2024</strong></p>



<hr class="wp-block-separator has-alpha-channel-opacity"/>



<p class="has-vivid-red-color has-text-color"><strong>Opravné a dodatečné zkoušky</strong></p>



<p>Opravné a dodatečné zkoušky pro 4.&nbsp;ročníky pro středisko ČSA jsou dne 11.&nbsp;6.&nbsp;2024</p>



<div class="wp-block-file"><a id="wp-block-file--media-d456cb2c-7db0-4076-a7d7-4bb828520331" href="https://www.prumkadc.cz/wp-content/uploads/2024/04/MZ-jaro-2024_opravne-4R_terminy.pdf">Opravné zkoušky &#8211; 4.&nbsp;ročníky &#8211; třídy 4A, 4T, 4Z</a><a href="https://www.prumkadc.cz/wp-content/uploads/2024/04/MZ-jaro-2024_opravne-4R_terminy.pdf" class="wp-block-file__button wp-element-button" download aria-describedby="wp-block-file--media-d456cb2c-7db0-4076-a7d7-4bb828520331">Stáhnout</a></div>



<hr class="wp-block-separator has-alpha-channel-opacity"/>



<p><strong><mark style="background-color:rgba(0, 0, 0, 0)" class="has-inline-color has-vivid-red-color">Praktické maturitní zkoušky</mark></strong></p>



<p>třída S4 – úterý 14.&nbsp;5.&nbsp;2024<br>třída E4 – středa 15.&nbsp;5.&nbsp;2024<br>třída 4A &#8211; pondělí 13.&nbsp;5.&nbsp;2024 &#8211; STK, úterý 14.&nbsp;5.&nbsp;2024 &#8211; POS<br>třída 4T &#8211; pondělí 13.&nbsp;5.&nbsp;2024 &#8211; PÍSEMNÁ ČÁST , úterý 14.&nbsp;5.&nbsp;2024 &#8211; PREZENTACE<br>třída 4T &#8211; pondělí 13.&nbsp;5.&nbsp;2024 &#8211; PREZENTACE , úterý 14.&nbsp;5.&nbsp;2024 &#8211; PÍSEMNÁ ČÁST</p>



<div class="wp-block-file"><a id="wp-block-file--media-89c5bade-27fe-4bec-b43f-063479603d79" href="https://www.prumkadc.cz/wp-content/uploads/2024/05/MZ-jako-2024_prakticka_terminy_o.pdf">Rozpis praktických zkoušek 4A, 4T, 4Z</a><a href="https://www.prumkadc.cz/wp-content/uploads/2024/05/MZ-jako-2024_prakticka_terminy_o.pdf" class="wp-block-file__button wp-element-button" download aria-describedby="wp-block-file--media-89c5bade-27fe-4bec-b43f-063479603d79">Stáhnout</a></div>



<hr class="wp-block-separator has-alpha-channel-opacity is-style-wide"/>



<p><strong><mark style="background-color:rgba(0, 0, 0, 0)" class="has-inline-color has-vivid-red-color">Zahájení školního roku 2023/2024</mark></strong></p>



<p><strong>Střední průmyslová škola: </strong><br>Školní rok bude zahájen třídnickou hodinou dne 4.&nbsp;září 2023 v&nbsp;8:00</p>



<hr class="wp-block-separator has-alpha-channel-opacity"/>



<p><strong>Vyšší odborná škola</strong><br>Denní studium<br>1.&nbsp;ročník:<br>3.&nbsp;ročník: 6.9.2023 v&nbsp;11:00 zápis<br>Kombinované studim<br>1.&nbsp;ročník: 12.9.2023 v&nbsp;8:00 zápis a následují konzultace<br>2.&nbsp;ročník: 12.9.2023 dle rozvrhu<br>3.&nbsp;ročník: 12.9.2023 dle rozvrhu<br>4.&nbsp;ročník: 12.9.2023 dle rozvrhu</p>



<hr class="wp-block-separator has-alpha-channel-opacity"/>



<p><strong><mark style="background-color:rgba(0, 0, 0, 0)" class="has-inline-color has-vivid-red-color">Pokyny pro 1.&nbsp;ročníky</mark></strong></p>



<p></p>



<div class="wp-block-file"><a id="wp-block-file--media-b76e0557-ba3e-4945-92e8-70d5769a838a" href="https://www.prumkadc.cz/wp-content/uploads/2023/06/Seznam-ucebnic-pro-skolni-rok-2023-CSA-1.pdf">Seznam učebních pomůcek pro 1.&nbsp;ročníky &#8211; obory Stavebnictví, Provoz a ekonomika dopravy</a><a href="https://www.prumkadc.cz/wp-content/uploads/2023/06/Seznam-ucebnic-pro-skolni-rok-2023-CSA-1.pdf" class="wp-block-file__button wp-element-button" download aria-describedby="wp-block-file--media-b76e0557-ba3e-4945-92e8-70d5769a838a">Stáhnout</a></div>



<div class="wp-block-file"><a id="wp-block-file--media-1657ba80-4993-4625-af84-1d10991011ab" href="https://www.prumkadc.cz/wp-content/uploads/2023/07/Seznam-ucebnic-pro-skolni-rok-2023-SLO.pdf">Seznam učebních pomůcek pro 1.&nbsp;ročníky &#8211; obory Strojírenství, Elektrotechnika</a><a href="https://www.prumkadc.cz/wp-content/uploads/2023/07/Seznam-ucebnic-pro-skolni-rok-2023-SLO.pdf" class="wp-block-file__button wp-element-button" download aria-describedby="wp-block-file--media-1657ba80-4993-4625-af84-1d10991011ab">Stáhnout</a></div>



<hr class="wp-block-separator has-alpha-channel-opacity"/>

<p>Zde najdete důležité termíny a informace k&nbsp;průběhu školního roku 2024/2025 Zahájení školního roku 2024/2025 Střední průmyslová škola: Školní rok bude zahájen třídnickou hodinou dne 2.&nbsp;září 2024 v&nbsp;8:00 Vyšší odborná školaDenní studium &#8211; neotevřeno Kombinované studim2.&nbsp;ročník: 17.9.2024 v&nbsp;8:00 hodin3.&nbsp;ročník: 17.9.2024 dle rozvrhu4.&nbsp;ročník: 17.9.2024 dle rozvrhu Zde najdete důležité termíny a informace k&nbsp;průběhu školního roku 2023/2024 Opravné [&hellip;]</p>
