{"id":47,"date":"2021-04-20T14:25:55","date_gmt":"2021-04-20T14:25:55","guid":{"rendered":"https:\/\/www.prumkadc.cz\/?page_id=47"},"modified":"2025-09-29T13:18:53","modified_gmt":"2025-09-29T13:18:53","slug":"fotogalerie","status":"publish","type":"page","link":"https:\/\/www.prumkadc.cz\/index.php\/fotogalerie\/","title":{"rendered":"Fotogalerie"},"content":{"rendered":"\n<div class=\"wp-block-columns is-layout-flex wp-container-core-columns-is-layout-28f84493 wp-block-columns-is-layout-flex\">\n<div class=\"wp-block-column is-layout-flow wp-block-column-is-layout-flow\" style=\"flex-basis:100%\">\n<figure class=\"wp-block-table\">\n<table>\n<tbody>\n\n<tr>\n<td style=\"width:150px;padding:10px\">\n<img decoding=\"async\" class=\"wp-image-340\" style=\"width: 150px;\" src=\"https:\/\/www.prumkadc.cz\/wp-content\/uploads\/2025\/09\/1A-scaled.jpg\" alt=\"\">\n<\/td>\n<td align=\"left\" style=\"padding-left:20px\">\n<a href=\"https:\/\/www.prumkadc.cz\/index.php\/gallery\/zahajeni-skolniho-roku-2025\/\">Zah\u00e1jen\u00ed \u0161koln\u00edho roku 2025<\/a>\n<\/td>\n<\/tr>\n\n<tr>\n<td style=\"width:150px;padding:10px\">\n<img decoding=\"async\" class=\"wp-image-340\" style=\"width: 150px;\" src=\"https:\/\/www.prumkadc.cz\/wp-content\/uploads\/2021\/09\/2021_22_1A-scaled.jpg\" alt=\"\">\n<\/td>\n<td align=\"left\" style=\"padding-left:20px\">\n<a href=\"https:\/\/www.prumkadc.cz\/index.php\/gallery\/zahajeni-skolniho-roku-2021\/\">Zah\u00e1jen\u00ed \u0161koln\u00edho roku 2021<\/a>\n<\/td>\n<\/tr>\n\n<tr>\n<td style=\"width:150px;padding:10px\">\n<img decoding=\"async\" class=\"wp-image-340\" style=\"width: 150px;\" src=\"https:\/\/www.prumkadc.cz\/wp-content\/uploads\/2021\/10\/DSCN9529.jpg\" alt=\"\">\n<\/td>\n<td align=\"left\" style=\"padding-left:20px\">\n<a href=\"https:\/\/www.prumkadc.cz\/index.php\/gallery\/zahajeni-skolniho-roku-2020\/\">Zah\u00e1jen\u00ed \u0161koln\u00edho roku 2020<\/a>\n<\/td>\n<\/tr>\n\n<tr>\n<td style=\"width:150px;padding:10px\">\n<img decoding=\"async\" class=\"wp-image-336\" style=\"width: 150px;\" src=\"https:\/\/www.prumkadc.cz\/wp-content\/uploads\/2021\/10\/DSCN9038-scaled.jpg\" alt=\"\">\n<\/td>\n<td align=\"left\" style=\"padding-left:20px\">\n<a href=\"https:\/\/www.prumkadc.cz\/?post_type=robo_gallery_table&amp;p=1094&amp;preview=true\">Zah\u00e1jen\u00ed \u0161koln\u00edho roku 2019<\/a>\n<\/td>\n<\/tr>\n\n<tr>\n<td style=\"width:150px;padding:10px\">\n<img decoding=\"async\" class=\"wp-image-336\" style=\"width: 150px;\" src=\"https:\/\/www.prumkadc.cz\/wp-content\/uploads\/2021\/10\/DSC00376.jpg\" alt=\"\">\n<\/td>\n<td align=\"left\" style=\"padding-left:20px\">\n<a href=\"https:\/\/www.prumkadc.cz\/?post_type=robo_gallery_table&amp;p=1143&amp;preview=true\">Zah\u00e1jen\u00ed \u0161koln\u00edho roku 2018<\/a>\n<\/td>\n<\/tr>\n<\/tbody>\n<\/table>\n<\/figure>\n<\/div>\n<\/div>\n\n\n\n<p><\/p>\n","protected":false},"excerpt":{"rendered":"<p>Zah\u00e1jen\u00ed \u0161koln\u00edho roku 2025 Zah\u00e1jen\u00ed \u0161koln\u00edho roku 2021 Zah\u00e1jen\u00ed \u0161koln\u00edho roku 2020 Zah\u00e1jen\u00ed \u0161koln\u00edho roku 2019 Zah\u00e1jen\u00ed \u0161koln\u00edho roku 2018<\/p>\n","protected":false},"author":5,"featured_media":0,"parent":0,"menu_order":0,"comment_status":"closed","ping_status":"closed","template":"","meta":{"_acf_changed":false,"footnotes":""},"class_list":["post-47","page","type-page","status-publish","hentry"],"acf":[],"_links":{"self":[{"href":"https:\/\/www.prumkadc.cz\/index.php\/wp-json\/wp\/v2\/pages\/47","targetHints":{"allow":["GET"]}}],"collection":[{"href":"https:\/\/www.prumkadc.cz\/index.php\/wp-json\/wp\/v2\/pages"}],"about":[{"href":"https:\/\/www.prumkadc.cz\/index.php\/wp-json\/wp\/v2\/types\/page"}],"author":[{"embeddable":true,"href":"https:\/\/www.prumkadc.cz\/index.php\/wp-json\/wp\/v2\/users\/5"}],"replies":[{"embeddable":true,"href":"https:\/\/www.prumkadc.cz\/index.php\/wp-json\/wp\/v2\/comments?post=47"}],"version-history":[{"count":41,"href":"https:\/\/www.prumkadc.cz\/index.php\/wp-json\/wp\/v2\/pages\/47\/revisions"}],"predecessor-version":[{"id":6042,"href":"https:\/\/www.prumkadc.cz\/index.php\/wp-json\/wp\/v2\/pages\/47\/revisions\/6042"}],"wp:attachment":[{"href":"https:\/\/www.prumkadc.cz\/index.php\/wp-json\/wp\/v2\/media?parent=47"}],"curies":[{"name":"wp","href":"https:\/\/api.w.org\/{rel}","templated":true}]}}