{"id":5298,"date":"2024-10-19T10:03:42","date_gmt":"2024-10-19T10:03:42","guid":{"rendered":"https:\/\/www.prumkadc.cz\/?page_id=5298"},"modified":"2026-01-27T12:58:00","modified_gmt":"2026-01-27T12:58:00","slug":"tridni-fond","status":"publish","type":"page","link":"https:\/\/www.prumkadc.cz\/index.php\/tridni-fond\/","title":{"rendered":"T\u0159\u00eddn\u00ed fond"},"content":{"rendered":"\n<p>Odkaz pro vstup do syst\u00e9mu t\u0159\u00eddn\u00edho fondu naleznete na tomto odkazu: <a href=\"http:\/\/www.strava.cz\" data-type=\"link\" data-id=\"www.strava.cz\">www.strava.cz<\/a> <\/p>\n\n\n\n<p>Zde zadejte p\u0159ihla\u0161ovac\u00ed \u00fadaje, kter\u00e9 jste obdr\u017eeli na V\u00e1mi zadanou emailovou adresu, p\u0159i n\u00e1stupu ke studiu. K&nbsp;p\u0159ihl\u00e1\u0161en\u00ed k&nbsp;t\u0159\u00eddn\u00edmu fondu nezapome\u0148te vyplnit \u010d\u00edslo j\u00eddelny <strong>89024<\/strong> (nejedn\u00e1 se o p\u0159ihl\u00e1\u0161en\u00ed ke stravov\u00e1n\u00ed).<\/p>\n\n\n\n<figure class=\"wp-block-image size-large\"><img fetchpriority=\"high\" decoding=\"async\" width=\"1024\" height=\"650\" src=\"https:\/\/www.prumkadc.cz\/wp-content\/uploads\/2024\/10\/Snimek-obrazovky-2024-10-17-v-9.24.11-1024x650.png\" alt=\"\" class=\"wp-image-5299\" srcset=\"https:\/\/www.prumkadc.cz\/wp-content\/uploads\/2024\/10\/Snimek-obrazovky-2024-10-17-v-9.24.11-1024x650.png 1024w, https:\/\/www.prumkadc.cz\/wp-content\/uploads\/2024\/10\/Snimek-obrazovky-2024-10-17-v-9.24.11-300x190.png 300w, https:\/\/www.prumkadc.cz\/wp-content\/uploads\/2024\/10\/Snimek-obrazovky-2024-10-17-v-9.24.11-768x487.png 768w, https:\/\/www.prumkadc.cz\/wp-content\/uploads\/2024\/10\/Snimek-obrazovky-2024-10-17-v-9.24.11-1536x975.png 1536w, https:\/\/www.prumkadc.cz\/wp-content\/uploads\/2024\/10\/Snimek-obrazovky-2024-10-17-v-9.24.11.png 1773w\" sizes=\"(max-width: 1024px) 100vw, 1024px\" \/><\/figure>\n\n\n\n<p>P\u0159i n\u00e1stupu ke studium byl v\u0161em odesl\u00e1n email s&nbsp;aktiva\u010dn\u00edm odkazem Va\u0161eho \u00fa\u010dtu a nastaven\u00edm nov\u00e9ho hesla.<\/p>\n\n\n\n<p>Platnost odkazu pro heslo je 14&nbsp;dn\u00ed. Pokud jste nestihli heslo v&nbsp;tomto intervalu nastavit, m\u016f\u017eete si nechat poslat nov\u00fd odkaz zde:&nbsp;<a href=\"https:\/\/app.strava.cz\/obnova\">zapomenut\u00e9 heslo<\/a>. Do pole u\u017eivatele vlo\u017ete jm\u00e9no a p\u0159\u00edjmen\u00ed studenta ve form\u00e1tu jmeno.prijmeni.<\/p>\n\n\n\n<figure class=\"wp-block-image size-full\"><img decoding=\"async\" width=\"573\" height=\"475\" src=\"https:\/\/www.prumkadc.cz\/wp-content\/uploads\/2024\/10\/Snimek-obrazovky-2024-10-17-v-9.25.42.png\" alt=\"\" class=\"wp-image-5300\" srcset=\"https:\/\/www.prumkadc.cz\/wp-content\/uploads\/2024\/10\/Snimek-obrazovky-2024-10-17-v-9.25.42.png 573w, https:\/\/www.prumkadc.cz\/wp-content\/uploads\/2024\/10\/Snimek-obrazovky-2024-10-17-v-9.25.42-300x249.png 300w\" sizes=\"(max-width: 573px) 100vw, 573px\" \/><\/figure>\n\n\n\n<p>Pokud m\u00e1te probl\u00e9my s&nbsp;p\u0159ihl\u00e1\u0161en\u00edm anebo nem\u00e1te k&nbsp;dispozici sv\u00e9 p\u0159ihla\u0161ovac\u00ed \u00fadaje, kontaktujte sekretari\u00e1t \u0161koly pomoc\u00ed emailu info@prumkadc.cz nebo na telefonn\u00edm \u010d\u00edsle +412&nbsp;516&nbsp;136.<\/p>\n\n\n\n<p>P\u0159i odes\u00edl\u00e1n\u00ed platby, V\u00e1s pros\u00edme o pe\u010dliv\u00e9 vypln\u011bn\u00ed v\u0161ech \u00fadaj\u016f, zvl\u00e1\u0161t\u011b pak variabiln\u00edho symbolu a specifick\u00e9ho symbolu, aby mohla b\u00fdt platba p\u0159i\u0159azena do&nbsp;spr\u00e1vn\u00e9 t\u0159\u00eddy ke jm\u00e9nu va\u0161eho d\u00edt\u011bte.&nbsp;Pokud m\u00e1te ve \u0161kole v\u00edce d\u011bt\u00ed, mus\u00edte tedy platbu poslat jednotliv\u011b s&nbsp;jedine\u010dn\u00fdm variabiln\u00edm symbolem.<\/p>\n\n\n\n<p>\u010d\u00edslo bankovn\u00edho \u00fa\u010dtu: 78-5151130227\/0100<\/p>\n\n\n\n<p>variabiln\u00ed symbol: eviden\u010dn\u00ed \u010d\u00edslo \u017e\u00e1ka (Bakal\u00e1\u0159i)<\/p>\n\n\n\n<p>specifick\u00fd symbol: 3240650<\/p>\n\n\n\n<div data-wp-interactive=\"core\/file\" class=\"wp-block-file\"><object data-wp-bind--hidden=\"!state.hasPdfPreview\" hidden class=\"wp-block-file__embed\" data=\"https:\/\/www.prumkadc.cz\/wp-content\/uploads\/2026\/01\/Strava_TF_2025_09.pdf\" type=\"application\/pdf\" style=\"width:100%;height:600px\" aria-label=\"Vlo\u017eit z Strava_TF_2025_09.\"><\/object><a id=\"wp-block-file--media-9c157c9b-c9d7-4dba-ac61-be7dcfe174e9\" href=\"https:\/\/www.prumkadc.cz\/wp-content\/uploads\/2026\/01\/Strava_TF_2025_09.pdf\">Strava_TF_2025_09<\/a><a href=\"https:\/\/www.prumkadc.cz\/wp-content\/uploads\/2026\/01\/Strava_TF_2025_09.pdf\" class=\"wp-block-file__button wp-element-button\" download aria-describedby=\"wp-block-file--media-9c157c9b-c9d7-4dba-ac61-be7dcfe174e9\">St\u00e1hnout<\/a><\/div>\n","protected":false},"excerpt":{"rendered":"<p>Odkaz pro vstup do syst\u00e9mu t\u0159\u00eddn\u00edho fondu naleznete na tomto odkazu: www.strava.cz Zde zadejte p\u0159ihla\u0161ovac\u00ed \u00fadaje, kter\u00e9 jste obdr\u017eeli na V\u00e1mi zadanou emailovou adresu, p\u0159i n\u00e1stupu ke studiu. K&nbsp;p\u0159ihl\u00e1\u0161en\u00ed k&nbsp;t\u0159\u00eddn\u00edmu fondu nezapome\u0148te vyplnit \u010d\u00edslo j\u00eddelny 89024 (nejedn\u00e1 se o p\u0159ihl\u00e1\u0161en\u00ed ke stravov\u00e1n\u00ed). P\u0159i n\u00e1stupu ke studium byl v\u0161em odesl\u00e1n email s&nbsp;aktiva\u010dn\u00edm odkazem Va\u0161eho \u00fa\u010dtu a [&hellip;]<\/p>\n","protected":false},"author":2,"featured_media":0,"parent":0,"menu_order":0,"comment_status":"closed","ping_status":"closed","template":"","meta":{"_acf_changed":false,"footnotes":""},"class_list":["post-5298","page","type-page","status-publish","hentry"],"acf":[],"_links":{"self":[{"href":"https:\/\/www.prumkadc.cz\/index.php\/wp-json\/wp\/v2\/pages\/5298","targetHints":{"allow":["GET"]}}],"collection":[{"href":"https:\/\/www.prumkadc.cz\/index.php\/wp-json\/wp\/v2\/pages"}],"about":[{"href":"https:\/\/www.prumkadc.cz\/index.php\/wp-json\/wp\/v2\/types\/page"}],"author":[{"embeddable":true,"href":"https:\/\/www.prumkadc.cz\/index.php\/wp-json\/wp\/v2\/users\/2"}],"replies":[{"embeddable":true,"href":"https:\/\/www.prumkadc.cz\/index.php\/wp-json\/wp\/v2\/comments?post=5298"}],"version-history":[{"count":7,"href":"https:\/\/www.prumkadc.cz\/index.php\/wp-json\/wp\/v2\/pages\/5298\/revisions"}],"predecessor-version":[{"id":6351,"href":"https:\/\/www.prumkadc.cz\/index.php\/wp-json\/wp\/v2\/pages\/5298\/revisions\/6351"}],"wp:attachment":[{"href":"https:\/\/www.prumkadc.cz\/index.php\/wp-json\/wp\/v2\/media?parent=5298"}],"curies":[{"name":"wp","href":"https:\/\/api.w.org\/{rel}","templated":true}]}}