{"id":5368,"date":"2024-11-14T10:16:37","date_gmt":"2024-11-14T10:16:37","guid":{"rendered":"https:\/\/www.prumkadc.cz\/?page_id=5368"},"modified":"2024-11-14T10:16:38","modified_gmt":"2024-11-14T10:16:38","slug":"ochrana-oznamovatelu","status":"publish","type":"page","link":"https:\/\/www.prumkadc.cz\/index.php\/ochrana-oznamovatelu\/","title":{"rendered":"Ochrana oznamovatel\u016f"},"content":{"rendered":"\n<p><strong>Vnit\u0159n\u00ed oznamovac\u00ed syst\u00e9m&nbsp;<\/strong><strong>Vy\u0161\u0161\u00ed odborn\u00e9 \u0161koly a St\u0159edn\u00ed pr\u016fmyslov\u00e9 \u0161koly strojn\u00ed, stavebn\u00ed a dopravn\u00ed<\/strong><\/p>\n\n\n\n<p>Tento oznamovac\u00ed syst\u00e9m je ur\u010den zam\u011bstnanc\u016fm a dal\u0161\u00edm pracovn\u00edk\u016fm&nbsp;Vy\u0161\u0161\u00ed odborn\u00e9 \u0161koly a St\u0159edn\u00ed pr\u016fmyslov\u00e9 \u0161koly strojn\u00ed, stavebn\u00ed a dopravn\u00ed.<\/p>\n\n\n\n<p>Prost\u0159ednictv\u00edm vnit\u0159n\u00edho oznamovac\u00edho syst\u00e9mu&nbsp;Vy\u0161\u0161\u00ed odborn\u00e9 \u0161koly a St\u0159edn\u00ed pr\u016fmyslov\u00e9 \u0161koly strojn\u00ed, stavebn\u00ed a dopravn\u00ed&nbsp;lze ozn\u00e1men\u00ed podat p\u0159\u00edslu\u0161n\u00e9 osob\u011b p\u00edsemn\u011b, \u00fastn\u011b \u010di na \u017e\u00e1dost oznamovatele osobn\u011b.<\/p>\n\n\n\n<p>P\u0159\u00edslu\u0161nou osobou je Bc. Jana Prouzov\u00e1<\/p>\n\n\n\n<p><strong>Ozn\u00e1men\u00ed lze p\u0159\u00edslu\u0161n\u00e9 osob\u011b podat zde:<\/strong><\/p>\n\n\n\n<p>e-mail:&nbsp;jana.prouzova@prumkadc.cz,&nbsp; telefonn\u00ed \u010d\u00edslo:&nbsp;412&nbsp;516&nbsp;136<\/p>\n\n\n\n<p><strong>Informace p\u0159ed pod\u00e1n\u00edm ozn\u00e1men\u00ed&nbsp;<\/strong><\/p>\n\n\n\n<p><strong>Co lze ozn\u00e1mit a kdo m\u016f\u017ee ozn\u00e1men\u00ed podat?<\/strong><\/p>\n\n\n\n<p>Tento oznamovac\u00ed syst\u00e9m je ur\u010den zam\u011bstnanc\u016fm&nbsp;Vy\u0161\u0161\u00ed odborn\u00e9 \u0161koly a St\u0159edn\u00ed pr\u016fmyslov\u00e9 \u0161koly strojn\u00ed, stavebn\u00ed a dopravn\u00ed, kte\u0159\u00ed se o protipr\u00e1vn\u00edm jedn\u00e1n\u00ed v&nbsp;rozsahu p\u016fsobnosti&nbsp;Vy\u0161\u0161\u00ed odborn\u00e9 \u0161koly a St\u0159edn\u00ed pr\u016fmyslov\u00e9 \u0161koly strojn\u00ed, stavebn\u00ed a dopravn\u00ed&nbsp;dozv\u011bd\u011bli v&nbsp;souvislosti s&nbsp;v\u00fdkonem sv\u00e9 pracovn\u00ed \u010dinnosti.<\/p>\n\n\n\n<p><strong>Prac\u00ed nebo jinou obdobnou \u010dinnost\u00ed se rozum\u00ed<\/strong><\/p>\n\n\n\n<ul class=\"wp-block-list\">\n<li>z\u00e1visl\u00e1 pr\u00e1ce vykon\u00e1van\u00e1 v&nbsp;z\u00e1kladn\u00edm pracovn\u011bpr\u00e1vn\u00edm vztahu,<\/li>\n\n\n\n<li>slu\u017eba,<\/li>\n\n\n\n<li>dobrovolnick\u00e1 \u010dinnost, nebo<\/li>\n\n\n\n<li>odborn\u00e1 praxe nebo st\u00e1\u017e.<\/li>\n<\/ul>\n\n\n\n<p>Prac\u00ed nebo jinou obdobnou \u010dinnost\u00ed se rozum\u00ed i uch\u00e1zen\u00ed se o v\u00fd\u0161e uvedenou pr\u00e1ci nebo jinou obdobnou \u010dinnost.<\/p>\n\n\n\n<p>Vy\u0161\u0161\u00ed odborn\u00e1 \u0161kola a St\u0159edn\u00ed pr\u016fmyslov\u00e1 \u0161kola strojn\u00ed, stavebn\u00ed a dopravn\u00ed&nbsp;tedy vylu\u010duje p\u0159ij\u00edm\u00e1n\u00ed ozn\u00e1men\u00ed od osob, kter\u00e9 pro n\u011bj nevykon\u00e1vaj\u00ed pr\u00e1ci nebo jinou obdobnou \u010dinnost podle \u00a7 2 odst. 3 p\u00edsm. a), b), h) nebo i) z\u00e1kona \u010d. 171\/2023 Sb., o&nbsp;ochran\u011b oznamovatel\u016f. Tyto osoby mohou vyu\u017e\u00edt extern\u00ed oznamovac\u00ed syst\u00e9m Ministerstva spravedlnosti na webov\u00fdch str\u00e1nk\u00e1ch&nbsp;<a href=\"https:\/\/oznamovatel.justice.cz\/\" target=\"_blank\" rel=\"noreferrer noopener\">oznamovatel.justice.cz<\/a><\/p>\n\n\n\n<p><strong>Protipr\u00e1vn\u00edm jedn\u00e1n\u00edm, kter\u00e9 lze oznamovat, se rozum\u00ed jedn\u00e1n\u00ed ve smyslu \u00a7 2 odst. 1 z\u00e1kona o ochran\u011b oznamovatel\u016f, tedy kter\u00e9<\/strong><\/p>\n\n\n\n<ul class=\"wp-block-list\">\n<li>m\u00e1 znaky trestn\u00e9ho \u010dinu,<\/li>\n\n\n\n<li>m\u00e1 znaky p\u0159estupku, za kter\u00fd z\u00e1kon stanov\u00ed sazbu pokuty, jej\u00ed\u017e horn\u00ed hranice je alespo\u0148 100&nbsp;000 K\u010d,<\/li>\n\n\n\n<li>poru\u0161uje tento z\u00e1kon, nebo<\/li>\n\n\n\n<li>poru\u0161uje jin\u00fd pr\u00e1vn\u00ed p\u0159edpis nebo p\u0159edpis Evropsk\u00e9 unie v\u00a0oblasti\u00a0<\/li>\n\n\n\n<li>finan\u010dn\u00edch slu\u017eeb, povinn\u00e9ho auditu a jin\u00fdch ov\u011b\u0159ovac\u00edch slu\u017eeb, finan\u010dn\u00edch produkt\u016f a finan\u010dn\u00edch trh\u016f,<\/li>\n\n\n\n<li>dan\u011b z&nbsp;p\u0159\u00edjm\u016f pr\u00e1vnick\u00fdch osob,<\/li>\n\n\n\n<li>p\u0159edch\u00e1zen\u00ed legalizaci v\u00fdnos\u016f z&nbsp;trestn\u00e9 \u010dinnosti a financov\u00e1n\u00ed terorismu,<\/li>\n\n\n\n<li>ochrany spot\u0159ebitele,<\/li>\n\n\n\n<li>souladu s&nbsp;po\u017eadavky na v\u00fdrobky v\u010detn\u011b jejich bezpe\u010dnosti,<\/li>\n\n\n\n<li>bezpe\u010dnosti dopravy, p\u0159epravy a provozu na pozemn\u00edch komunikac\u00edch,<\/li>\n\n\n\n<li>ochrany \u017eivotn\u00edho prost\u0159ed\u00ed,<\/li>\n\n\n\n<li>bezpe\u010dnosti potravin a krmiv a ochrany zv\u00ed\u0159at a jejich zdrav\u00ed,<\/li>\n\n\n\n<li>radia\u010dn\u00ed ochrany a jadern\u00e9 bezpe\u010dnosti,<\/li>\n\n\n\n<li>hospod\u00e1\u0159sk\u00e9 sout\u011b\u017ee, ve\u0159ejn\u00fdch dra\u017eeb a zad\u00e1v\u00e1n\u00ed ve\u0159ejn\u00fdch zak\u00e1zek,<\/li>\n\n\n\n<li>ochrany vnit\u0159n\u00edho po\u0159\u00e1dku a bezpe\u010dnosti, \u017eivota a zdrav\u00ed,<\/li>\n\n\n\n<li>ochrany osobn\u00edch \u00fadaj\u016f, soukrom\u00ed a bezpe\u010dnosti s\u00edt\u00ed elektronick\u00fdch komunikac\u00ed a informa\u010dn\u00edch syst\u00e9m\u016f,<\/li>\n\n\n\n<li>ochrany finan\u010dn\u00edch z\u00e1jm\u016f Evropsk\u00e9 unie, nebo<\/li>\n\n\n\n<li>fungov\u00e1n\u00ed vnit\u0159n\u00edho trhu\u00a0v\u010detn\u011b ochrany hospod\u00e1\u0159sk\u00e9 sout\u011b\u017ee a st\u00e1tn\u00ed podpory podle pr\u00e1va Evropsk\u00e9 unie.<\/li>\n<\/ul>\n\n\n\n<p><strong>Jak\u00e9 povinnosti m\u00e1 oznamovatel?&nbsp;<\/strong><\/p>\n\n\n\n<p>Oznamuj\u00edc\u00ed osoba by vzhledem k&nbsp;okolnostem a informac\u00edm, kter\u00e9 m\u00e1 k&nbsp;dispozici v&nbsp;dob\u011b ozn\u00e1men\u00ed, m\u011bla d\u016fvodn\u011b domn\u00edvat, \u017ee j\u00ed oznamovan\u00e9 \u010di&nbsp;uve\u0159ej\u0148ovan\u00e9 skute\u010dnosti jsou autentick\u00e9 a pravdiv\u00e9.&nbsp;Nelze tedy oznamovat skute\u010dnosti v\u011bdom\u011b nepravdiv\u00e9. Takov\u00e9 jedn\u00e1n\u00ed m\u016f\u017ee b\u00fdt sankcionov\u00e1no.<\/p>\n\n\n\n<p>Oznamovatel by m\u011bl b\u00fdt schopen identifikovat, jak\u00e9 oblasti se protipr\u00e1vn\u00ed jedn\u00e1n\u00ed t\u00fdk\u00e1, a&nbsp;promyslet, jak\u00e9 ov\u011b\u0159iteln\u00e9 informace o oznamovan\u00e9m protipr\u00e1vn\u00edm jedn\u00e1n\u00ed m\u016f\u017ee poskytnout. Rozsah a kvalita p\u0159edkl\u00e1dan\u00fdch informac\u00ed mohou pozitivn\u011b ovlivnit pro\u0161et\u0159en\u00ed ozn\u00e1men\u00ed.<\/p>\n\n\n\n<p>Oznamovatel tak\u00e9 mus\u00ed v&nbsp;ozn\u00e1men\u00ed uv\u00e9st \u00fadaje o jm\u00e9nu, p\u0159\u00edjmen\u00ed a datu narozen\u00ed, nebo jin\u00e9 \u00fadaje, z&nbsp;nich\u017e je mo\u017en\u00e9 dovodit jeho toto\u017enost.<\/p>\n\n\n\n<p>&nbsp;<em>Komplexn\u00ed informace pro oznamovatele lze nal\u00e9zt&nbsp;<\/em><a href=\"https:\/\/oznamovatel.justice.cz\/informace-pro-oznamovatele\/\"><em>zde<\/em><\/a><em>.<\/em><\/p>\n\n\n\n<p><strong>Ochrana oznamovatele&nbsp;<\/strong><\/p>\n\n\n\n<p>Z\u00e1kon zakazuje uplatnit v\u016f\u010di oznamovateli \u010di jin\u00e9 chr\u00e1n\u011bn\u00e9 osob\u011b jak\u00e9koliv odvetn\u00e9 opat\u0159en\u00ed. Tedy takov\u00e9 jedn\u00e1n\u00ed nebo jeho opomenut\u00ed v&nbsp;souvislosti s&nbsp;prac\u00ed nebo jinou obdobnou \u010dinnost\u00ed oznamovatele, kter\u00e9 bylo vyvol\u00e1no u\u010din\u011bn\u00edm ozn\u00e1men\u00ed a kter\u00e9 oznamovateli nebo jin\u00e9 chr\u00e1n\u011bn\u00e9 osob\u011b m\u016f\u017ee zp\u016fsobit \u00fajmu (\u00a7 4 z\u00e1kona o ochran\u011b oznamovatel\u016f). Zam\u011bstnavatel, pro kter\u00e9ho oznamovatel vykon\u00e1v\u00e1 pr\u00e1ci nebo jinou obdobnou \u010dinnost, nesm\u00ed umo\u017enit, aby oznamovatel nebo jin\u00e1 chr\u00e1n\u011bn\u00e1 osoba byli vystaveni odvetn\u00e9mu opat\u0159en\u00ed.<\/p>\n","protected":false},"excerpt":{"rendered":"<p>Vnit\u0159n\u00ed oznamovac\u00ed syst\u00e9m&nbsp;Vy\u0161\u0161\u00ed odborn\u00e9 \u0161koly a St\u0159edn\u00ed pr\u016fmyslov\u00e9 \u0161koly strojn\u00ed, stavebn\u00ed a dopravn\u00ed Tento oznamovac\u00ed syst\u00e9m je ur\u010den zam\u011bstnanc\u016fm a dal\u0161\u00edm pracovn\u00edk\u016fm&nbsp;Vy\u0161\u0161\u00ed odborn\u00e9 \u0161koly a St\u0159edn\u00ed pr\u016fmyslov\u00e9 \u0161koly strojn\u00ed, stavebn\u00ed a dopravn\u00ed. Prost\u0159ednictv\u00edm vnit\u0159n\u00edho oznamovac\u00edho syst\u00e9mu&nbsp;Vy\u0161\u0161\u00ed odborn\u00e9 \u0161koly a St\u0159edn\u00ed pr\u016fmyslov\u00e9 \u0161koly strojn\u00ed, stavebn\u00ed a dopravn\u00ed&nbsp;lze ozn\u00e1men\u00ed podat p\u0159\u00edslu\u0161n\u00e9 osob\u011b p\u00edsemn\u011b, \u00fastn\u011b \u010di na \u017e\u00e1dost [&hellip;]<\/p>\n","protected":false},"author":2,"featured_media":0,"parent":0,"menu_order":0,"comment_status":"closed","ping_status":"closed","template":"","meta":{"_acf_changed":false,"footnotes":""},"class_list":["post-5368","page","type-page","status-publish","hentry"],"acf":[],"_links":{"self":[{"href":"https:\/\/www.prumkadc.cz\/index.php\/wp-json\/wp\/v2\/pages\/5368","targetHints":{"allow":["GET"]}}],"collection":[{"href":"https:\/\/www.prumkadc.cz\/index.php\/wp-json\/wp\/v2\/pages"}],"about":[{"href":"https:\/\/www.prumkadc.cz\/index.php\/wp-json\/wp\/v2\/types\/page"}],"author":[{"embeddable":true,"href":"https:\/\/www.prumkadc.cz\/index.php\/wp-json\/wp\/v2\/users\/2"}],"replies":[{"embeddable":true,"href":"https:\/\/www.prumkadc.cz\/index.php\/wp-json\/wp\/v2\/comments?post=5368"}],"version-history":[{"count":1,"href":"https:\/\/www.prumkadc.cz\/index.php\/wp-json\/wp\/v2\/pages\/5368\/revisions"}],"predecessor-version":[{"id":5369,"href":"https:\/\/www.prumkadc.cz\/index.php\/wp-json\/wp\/v2\/pages\/5368\/revisions\/5369"}],"wp:attachment":[{"href":"https:\/\/www.prumkadc.cz\/index.php\/wp-json\/wp\/v2\/media?parent=5368"}],"curies":[{"name":"wp","href":"https:\/\/api.w.org\/{rel}","templated":true}]}}

Ochrana oznamovatelů

<p><strong>Vnitřní oznamovací systém&nbsp;</strong><strong>Vyšší odborné školy a Střední průmyslové školy strojní, stavební a dopravní</strong></p>



<p>Tento oznamovací systém je určen zaměstnancům a dalším pracovníkům&nbsp;Vyšší odborné školy a Střední průmyslové školy strojní, stavební a dopravní.</p>



<p>Prostřednictvím vnitřního oznamovacího systému&nbsp;Vyšší odborné školy a Střední průmyslové školy strojní, stavební a dopravní&nbsp;lze oznámení podat příslušné osobě písemně, ústně či na žádost oznamovatele osobně.</p>



<p>Příslušnou osobou je Bc. Jana Prouzová</p>



<p><strong>Oznámení lze příslušné osobě podat zde:</strong></p>



<p>e-mail:&nbsp;jana.prouzova@prumkadc.cz,&nbsp; telefonní číslo:&nbsp;412&nbsp;516&nbsp;136</p>



<p><strong>Informace před podáním oznámení&nbsp;</strong></p>



<p><strong>Co lze oznámit a kdo může oznámení podat?</strong></p>



<p>Tento oznamovací systém je určen zaměstnancům&nbsp;Vyšší odborné školy a Střední průmyslové školy strojní, stavební a dopravní, kteří se o protiprávním jednání v&nbsp;rozsahu působnosti&nbsp;Vyšší odborné školy a Střední průmyslové školy strojní, stavební a dopravní&nbsp;dozvěděli v&nbsp;souvislosti s&nbsp;výkonem své pracovní činnosti.</p>



<p><strong>Prací nebo jinou obdobnou činností se rozumí</strong></p>



<ul class="wp-block-list">
<li>závislá práce vykonávaná v&nbsp;základním pracovněprávním vztahu,</li>



<li>služba,</li>



<li>dobrovolnická činnost, nebo</li>



<li>odborná praxe nebo stáž.</li>
</ul>



<p>Prací nebo jinou obdobnou činností se rozumí i ucházení se o výše uvedenou práci nebo jinou obdobnou činnost.</p>



<p>Vyšší odborná škola a Střední průmyslová škola strojní, stavební a dopravní&nbsp;tedy vylučuje přijímání oznámení od osob, které pro něj nevykonávají práci nebo jinou obdobnou činnost podle § 2 odst. 3 písm. a), b), h) nebo i) zákona č. 171/2023 Sb., o&nbsp;ochraně oznamovatelů. Tyto osoby mohou využít externí oznamovací systém Ministerstva spravedlnosti na webových stránkách&nbsp;<a href="https://oznamovatel.justice.cz/" target="_blank" rel="noreferrer noopener">oznamovatel.justice.cz</a></p>



<p><strong>Protiprávním jednáním, které lze oznamovat, se rozumí jednání ve smyslu § 2 odst. 1 zákona o ochraně oznamovatelů, tedy které</strong></p>



<ul class="wp-block-list">
<li>má znaky trestného činu,</li>



<li>má znaky přestupku, za který zákon stanoví sazbu pokuty, jejíž horní hranice je alespoň 100&nbsp;000 Kč,</li>



<li>porušuje tento zákon, nebo</li>



<li>porušuje jiný právní předpis nebo předpis Evropské unie v oblasti </li>



<li>finančních služeb, povinného auditu a jiných ověřovacích služeb, finančních produktů a finančních trhů,</li>



<li>daně z&nbsp;příjmů právnických osob,</li>



<li>předcházení legalizaci výnosů z&nbsp;trestné činnosti a financování terorismu,</li>



<li>ochrany spotřebitele,</li>



<li>souladu s&nbsp;požadavky na výrobky včetně jejich bezpečnosti,</li>



<li>bezpečnosti dopravy, přepravy a provozu na pozemních komunikacích,</li>



<li>ochrany životního prostředí,</li>



<li>bezpečnosti potravin a krmiv a ochrany zvířat a jejich zdraví,</li>



<li>radiační ochrany a jaderné bezpečnosti,</li>



<li>hospodářské soutěže, veřejných dražeb a zadávání veřejných zakázek,</li>



<li>ochrany vnitřního pořádku a bezpečnosti, života a zdraví,</li>



<li>ochrany osobních údajů, soukromí a bezpečnosti sítí elektronických komunikací a informačních systémů,</li>



<li>ochrany finančních zájmů Evropské unie, nebo</li>



<li>fungování vnitřního trhu včetně ochrany hospodářské soutěže a státní podpory podle práva Evropské unie.</li>
</ul>



<p><strong>Jaké povinnosti má oznamovatel?&nbsp;</strong></p>



<p>Oznamující osoba by vzhledem k&nbsp;okolnostem a informacím, které má k&nbsp;dispozici v&nbsp;době oznámení, měla důvodně domnívat, že jí oznamované či&nbsp;uveřejňované skutečnosti jsou autentické a pravdivé.&nbsp;Nelze tedy oznamovat skutečnosti vědomě nepravdivé. Takové jednání může být sankcionováno.</p>



<p>Oznamovatel by měl být schopen identifikovat, jaké oblasti se protiprávní jednání týká, a&nbsp;promyslet, jaké ověřitelné informace o oznamovaném protiprávním jednání může poskytnout. Rozsah a kvalita předkládaných informací mohou pozitivně ovlivnit prošetření oznámení.</p>



<p>Oznamovatel také musí v&nbsp;oznámení uvést údaje o jménu, příjmení a datu narození, nebo jiné údaje, z&nbsp;nichž je možné dovodit jeho totožnost.</p>



<p>&nbsp;<em>Komplexní informace pro oznamovatele lze nalézt&nbsp;</em><a href="https://oznamovatel.justice.cz/informace-pro-oznamovatele/"><em>zde</em></a><em>.</em></p>



<p><strong>Ochrana oznamovatele&nbsp;</strong></p>



<p>Zákon zakazuje uplatnit vůči oznamovateli či jiné chráněné osobě jakékoliv odvetné opatření. Tedy takové jednání nebo jeho opomenutí v&nbsp;souvislosti s&nbsp;prací nebo jinou obdobnou činností oznamovatele, které bylo vyvoláno učiněním oznámení a které oznamovateli nebo jiné chráněné osobě může způsobit újmu (§ 4 zákona o ochraně oznamovatelů). Zaměstnavatel, pro kterého oznamovatel vykonává práci nebo jinou obdobnou činnost, nesmí umožnit, aby oznamovatel nebo jiná chráněná osoba byli vystaveni odvetnému opatření.</p>

<p>Vnitřní oznamovací systém&nbsp;Vyšší odborné školy a Střední průmyslové školy strojní, stavební a dopravní Tento oznamovací systém je určen zaměstnancům a dalším pracovníkům&nbsp;Vyšší odborné školy a Střední průmyslové školy strojní, stavební a dopravní. Prostřednictvím vnitřního oznamovacího systému&nbsp;Vyšší odborné školy a Střední průmyslové školy strojní, stavební a dopravní&nbsp;lze oznámení podat příslušné osobě písemně, ústně či na žádost [&hellip;]</p>
