{"id":57,"date":"2021-04-20T14:26:47","date_gmt":"2021-04-20T14:26:47","guid":{"rendered":"https:\/\/www.prumkadc.cz\/?page_id=57"},"modified":"2026-01-16T13:23:18","modified_gmt":"2026-01-16T13:23:18","slug":"seminare","status":"publish","type":"page","link":"https:\/\/www.prumkadc.cz\/index.php\/seminare\/","title":{"rendered":"Semin\u00e1\u0159e"},"content":{"rendered":"\n<p><strong>Aktu\u00e1ln\u011b:<\/strong><\/p>\n\n\n\n<figure class=\"wp-block-embed is-type-wp-embed is-provider-vo-a-sp-d-n wp-block-embed-vo-a-sp-d-n\"><div class=\"wp-block-embed__wrapper\">\n<blockquote class=\"wp-embedded-content\" data-secret=\"AJOFT4U0fM\"><a href=\"https:\/\/www.prumkadc.cz\/index.php\/2025\/12\/17\/seminar-moderni-konstrukce-zeleznicniho-svrsku-a-spodku\/\">Semin\u00e1\u0159 \u201eModern\u00ed konstrukce \u017eelezni\u010dn\u00edho svr\u0161ku a spodku\u201c<\/a><\/blockquote><iframe class=\"wp-embedded-content\" sandbox=\"allow-scripts\" security=\"restricted\" style=\"position: absolute; visibility: hidden;\" title=\"&#8222;Semin\u00e1\u0159 \u201eModern\u00ed konstrukce \u017eelezni\u010dn\u00edho svr\u0161ku a spodku\u201c&#8220; &#8212; VO\u0160 a SP\u0160 D\u011b\u010d\u00edn\" src=\"https:\/\/www.prumkadc.cz\/index.php\/2025\/12\/17\/seminar-moderni-konstrukce-zeleznicniho-svrsku-a-spodku\/embed\/#?secret=QSBIyxrLxh#?secret=AJOFT4U0fM\" data-secret=\"AJOFT4U0fM\" width=\"600\" height=\"338\" frameborder=\"0\" marginwidth=\"0\" marginheight=\"0\" scrolling=\"no\"><\/iframe>\n<\/div><\/figure>\n\n\n\n<p><strong>Po\u0159\u00e1dali jsme:<\/strong><\/p>\n\n\n\n<p>semin\u00e1\u0159<br><a href=\"https:\/\/www.prumkadc.cz\/index.php\/2024\/12\/27\/seminar-ciste-a-bezpecne\/\">\u010cist\u011b a bezpe\u010dn\u011b<\/a><br>po\u0159\u00e1dala Vy\u0161\u0161\u00ed odborn\u00e1 \u0161kola a St\u0159edn\u00ed pr\u016fmyslov\u00e1 \u0161kola strojn\u00ed, stavebn\u00ed a dopravn\u00ed, D\u011b\u010d\u00edn<br>ve dnech 19.&nbsp;a 20.&nbsp;\u00fanora 2025<\/p>\n\n\n\n<p>semin\u00e1\u0159<br><strong><a href=\"https:\/\/www.prumkadc.cz\/index.php\/2024\/03\/18\/seminar-nove-prvky-v-zeleznicnim-stavitelstvi\/\">Nov\u00e9 prvky v&nbsp;\u017eelezni\u010dn\u00edm stavitelstv\u00ed<\/a><\/strong><br>po\u0159\u00e1dala Vy\u0161\u0161\u00ed odborn\u00e1 \u0161kola a St\u0159edn\u00ed pr\u016fmyslov\u00e1 \u0161kola strojn\u00ed, stavebn\u00ed a dopravn\u00ed, D\u011b\u010d\u00edn<br>ve dnech 14.&nbsp;a 15.&nbsp;\u00fanora 2024<\/p>\n\n\n\n<p>semin\u00e1\u0159<br><strong><a href=\"https:\/\/www.prumkadc.cz\/index.php\/2023\/03\/07\/jubilejni-20-seminar-na-decinske-prumyslovce\/\" data-type=\"URL\" data-id=\"https:\/\/www.prumkadc.cz\/index.php\/2023\/03\/07\/jubilejni-20-seminar-na-decinske-prumyslovce\/\">Vysokorychlostn\u00ed trat\u011b v&nbsp;\u010cR<\/a><\/strong><br>po\u0159\u00e1dala Vy\u0161\u0161\u00ed odborn\u00e1 \u0161kola a St\u0159edn\u00ed pr\u016fmyslov\u00e1 \u0161kola strojn\u00ed, stavebn\u00ed a dopravn\u00ed, D\u011b\u010d\u00edn<br>ve dnech 8.&nbsp;a 9.&nbsp;\u00fanora 2023<\/p>\n\n\n\n<p>semin\u00e1\u0159<br><mark style=\"background-color:rgba(0, 0, 0, 0)\" class=\"has-inline-color has-black-color\"><strong><a href=\"https:\/\/www.prumkadc.cz\/index.php\/2022\/03\/23\/seminar-nova-generace-pracovniku-v-inzenyrskem-stavitelstvi\/\">Nov\u00e1 generace pracovn\u00edk\u016f v&nbsp;in\u017een\u00fdrsk\u00e9m stavitelstv\u00ed<\/a><\/strong><\/mark><strong><br><\/strong>po\u0159\u00e1dala Vy\u0161\u0161\u00ed odborn\u00e1 \u0161kola a St\u0159edn\u00ed pr\u016fmyslov\u00e1 \u0161kola strojn\u00ed, stavebn\u00ed a dopravn\u00ed, D\u011b\u010d\u00edn<br>ve dnech 16.&nbsp;a 17.b\u0159ezna 2022<\/p>\n\n\n\n<p><strong><a href=\"https:\/\/www.prumkadc.cz\/node\/1544\"><strong>Stavby dopravn\u00ed infrastruktury<\/strong><\/a><br><\/strong>po\u0159\u00e1dala Vy\u0161\u0161\u00ed odborn\u00e1 \u0161kola a St\u0159edn\u00ed pr\u016fmyslov\u00e1 \u0161kola strojn\u00ed, stavebn\u00ed a dopravn\u00ed, D\u011b\u010d\u00edn<br>ve dnech&nbsp; 26.&nbsp;a 27.\u00fanora 2020<\/p>\n\n\n\n<p>semin\u00e1\u0159<br><a href=\"https:\/\/www.prumkadc.cz\/node\/1397\"><strong>Kvalita staveb a oprav trat\u00ed \u017eelezni\u010dn\u00ed dopravn\u00ed cesty<\/strong><\/a><br>po\u0159\u00e1dala Vy\u0161\u0161\u00ed odborn\u00e1 \u0161kola a St\u0159edn\u00ed pr\u016fmyslov\u00e1 \u0161kola strojn\u00ed, stavebn\u00ed a dopravn\u00ed, D\u011b\u010d\u00edn<br>ve dnech&nbsp; 20.&nbsp;a 21.\u00fanora 2019<\/p>\n\n\n\n<p>semin\u00e1\u0159<br><a href=\"https:\/\/www.prumkadc.cz\/node\/1242\"><strong>Voda a \u017eivotn\u00ed prost\u0159ed\u00ed, voda a dopravn\u00ed stavitelstv\u00ed<\/strong><\/a><br>po\u0159\u00e1dala Vy\u0161\u0161\u00ed odborn\u00e1 \u0161kola a St\u0159edn\u00ed pr\u016fmyslov\u00e1 \u0161kola strojn\u00ed, stavebn\u00ed a dopravn\u00ed, D\u011b\u010d\u00edn<br>ve dnech&nbsp; 14.&nbsp;a 15.\u00fanora 2018<\/p>\n\n\n\n<p>semin\u00e1\u0159<br><a href=\"https:\/\/www.prumkadc.cz\/node\/1047\"><strong>Opravy a rekonstrukce \u017eelezni\u010dn\u00edch trat\u00ed ve v\u00fdluk\u00e1ch<\/strong><\/a><br>po\u0159\u00e1dala Vy\u0161\u0161\u00ed odborn\u00e1 \u0161kola a St\u0159edn\u00ed pr\u016fmyslov\u00e1 \u0161kola strojn\u00ed, stavebn\u00ed a dopravn\u00ed, D\u011b\u010d\u00edn<br>ve dnech&nbsp; 8.&nbsp;a 9.\u00fanora 2017<\/p>\n\n\n\n<p>semin\u00e1\u0159<br><a href=\"https:\/\/www.prumkadc.cz\/node\/913\"><strong>V\u011bda a v\u00fdzkum pro stavby \u017eelezni\u010dn\u00ed dopravn\u00ed cesty<\/strong><\/a><br>po\u0159\u00e1dala Vy\u0161\u0161\u00ed odborn\u00e1 \u0161kola a St\u0159edn\u00ed pr\u016fmyslov\u00e1 \u0161kola strojn\u00ed, stavebn\u00ed a dopravn\u00ed, D\u011b\u010d\u00edn<br>ve dnech 9.&nbsp;a 10.&nbsp;b\u0159ezna 2016<\/p>\n\n\n\n<p>semin\u00e1\u0159<br><a href=\"https:\/\/www.prumkadc.cz\/node\/717\"><strong>Stroje pro pr\u00e1ce na \u017eelezni\u010dn\u00edm spodku a svr\u0161ku<\/strong><\/a><br>po\u0159\u00e1dala Vy\u0161\u0161\u00ed odborn\u00e1 \u0161kola a St\u0159edn\u00ed pr\u016fmyslov\u00e1 \u0161kola strojn\u00ed, stavebn\u00ed a dopravn\u00ed, D\u011b\u010d\u00edn<br>ve dnech 4.&nbsp;a 5.&nbsp;b\u0159ezna 2015<\/p>\n\n\n\n<p>semin\u00e1\u0159<br><a href=\"https:\/\/www.prumkadc.cz\/node\/494\"><strong>Projektov\u00e1n\u00ed na \u017eelezni\u010dn\u00ed dopravn\u00ed cest\u011b 2014<\/strong><\/a><br>po\u0159\u00e1dala Vy\u0161\u0161\u00ed odborn\u00e1 \u0161kola a St\u0159edn\u00ed pr\u016fmyslov\u00e1 \u0161kola strojn\u00ed, stavebn\u00ed a dopravn\u00ed, D\u011b\u010d\u00edn<br>ve spolupr\u00e1ci se SUDOP Praha,<br>pod z\u00e1\u0161titou gener\u00e1ln\u00edho \u0159editele S\u017dDC, s.o. Ing. Ji\u0159\u00edho Kol\u00e1\u0159e,<br>ve dnech 26.&nbsp;a 27.&nbsp;\u00fanora 2014<\/p>\n\n\n\n<p>semin\u00e1\u0159<br><a href=\"https:\/\/www.prumkadc.cz\/node\/501\"><strong>Zateplovac\u00ed syst\u00e9m<\/strong><\/a><br>po\u0159\u00e1dala Vy\u0161\u0161\u00ed odborn\u00e1 \u0161kola a St\u0159edn\u00ed pr\u016fmyslov\u00e1 \u0161kola strojn\u00ed, stavebn\u00ed a dopravn\u00ed, D\u011b\u010d\u00edn<br>ve spolupr\u00e1ci s&nbsp;firmami Stavebniny RABAT a Saint- Gobain Construction Products CZ a.s. &#8211; divize Weber,<br>dne 19.&nbsp;\u00fanora 2014<\/p>\n\n\n\n<p>semin\u00e1\u0159<br><a href=\"https:\/\/www.prumkadc.cz\/node\/150#overlay-context=node\/247\" target=\"_blank\" rel=\"noreferrer noopener\"><strong>Diagnostika na \u017eelezni\u010dn\u00ed dopravn\u00ed cest\u011b 2013<\/strong><\/a><br>po\u0159\u00e1dala Vy\u0161\u0161\u00ed odborn\u00e1 \u0161kola a St\u0159edn\u00ed pr\u016fmyslov\u00e1 \u0161kola strojn\u00ed, stavebn\u00ed a dopravn\u00ed, D\u011b\u010d\u00edn<br>ve spolupr\u00e1ci se S\u017dDC, s.o \u2013 T\u00daDC Praha,<br>pod z\u00e1\u0161titou gener\u00e1ln\u00edho \u0159editele S\u017dDC, s.o. Ing. Ji\u0159\u00edho Kol\u00e1\u0159e,<br>ve dnech 20.&nbsp;a 21.&nbsp;\u00fanora 2013<\/p>\n","protected":false},"excerpt":{"rendered":"<p>Aktu\u00e1ln\u011b: Po\u0159\u00e1dali jsme: semin\u00e1\u0159\u010cist\u011b a bezpe\u010dn\u011bpo\u0159\u00e1dala Vy\u0161\u0161\u00ed odborn\u00e1 \u0161kola a St\u0159edn\u00ed pr\u016fmyslov\u00e1 \u0161kola strojn\u00ed, stavebn\u00ed a dopravn\u00ed, D\u011b\u010d\u00ednve dnech 19.&nbsp;a 20.&nbsp;\u00fanora 2025 semin\u00e1\u0159Nov\u00e9 prvky v&nbsp;\u017eelezni\u010dn\u00edm stavitelstv\u00edpo\u0159\u00e1dala Vy\u0161\u0161\u00ed odborn\u00e1 \u0161kola a St\u0159edn\u00ed pr\u016fmyslov\u00e1 \u0161kola strojn\u00ed, stavebn\u00ed a dopravn\u00ed, D\u011b\u010d\u00ednve dnech 14.&nbsp;a 15.&nbsp;\u00fanora 2024 semin\u00e1\u0159Vysokorychlostn\u00ed trat\u011b v&nbsp;\u010cRpo\u0159\u00e1dala Vy\u0161\u0161\u00ed odborn\u00e1 \u0161kola a St\u0159edn\u00ed pr\u016fmyslov\u00e1 \u0161kola strojn\u00ed, stavebn\u00ed a [&hellip;]<\/p>\n","protected":false},"author":5,"featured_media":0,"parent":0,"menu_order":0,"comment_status":"closed","ping_status":"closed","template":"","meta":{"_acf_changed":false,"footnotes":""},"class_list":["post-57","page","type-page","status-publish","hentry"],"acf":[],"_links":{"self":[{"href":"https:\/\/www.prumkadc.cz\/index.php\/wp-json\/wp\/v2\/pages\/57","targetHints":{"allow":["GET"]}}],"collection":[{"href":"https:\/\/www.prumkadc.cz\/index.php\/wp-json\/wp\/v2\/pages"}],"about":[{"href":"https:\/\/www.prumkadc.cz\/index.php\/wp-json\/wp\/v2\/types\/page"}],"author":[{"embeddable":true,"href":"https:\/\/www.prumkadc.cz\/index.php\/wp-json\/wp\/v2\/users\/5"}],"replies":[{"embeddable":true,"href":"https:\/\/www.prumkadc.cz\/index.php\/wp-json\/wp\/v2\/comments?post=57"}],"version-history":[{"count":7,"href":"https:\/\/www.prumkadc.cz\/index.php\/wp-json\/wp\/v2\/pages\/57\/revisions"}],"predecessor-version":[{"id":6305,"href":"https:\/\/www.prumkadc.cz\/index.php\/wp-json\/wp\/v2\/pages\/57\/revisions\/6305"}],"wp:attachment":[{"href":"https:\/\/www.prumkadc.cz\/index.php\/wp-json\/wp\/v2\/media?parent=57"}],"curies":[{"name":"wp","href":"https:\/\/api.w.org\/{rel}","templated":true}]}}

Semináře

<p><strong>Aktuálně:</strong></p>



<figure class="wp-block-embed is-type-wp-embed is-provider-vo-a-sp-d-n wp-block-embed-vo-a-sp-d-n"><div class="wp-block-embed__wrapper">
<blockquote class="wp-embedded-content" data-secret="AJOFT4U0fM"><a href="https://www.prumkadc.cz/index.php/2025/12/17/seminar-moderni-konstrukce-zeleznicniho-svrsku-a-spodku/">Seminář „Moderní konstrukce železničního svršku a spodku“</a></blockquote><iframe class="wp-embedded-content" sandbox="allow-scripts" security="restricted" style="position: absolute; visibility: hidden;" title="&#8222;Seminář „Moderní konstrukce železničního svršku a spodku“&#8220; &#8212; VOŠ a SPŠ Děčín" src="https://www.prumkadc.cz/index.php/2025/12/17/seminar-moderni-konstrukce-zeleznicniho-svrsku-a-spodku/embed/#?secret=QSBIyxrLxh#?secret=AJOFT4U0fM" data-secret="AJOFT4U0fM" width="600" height="338" frameborder="0" marginwidth="0" marginheight="0" scrolling="no"></iframe>
</div></figure>



<p><strong>Pořádali jsme:</strong></p>



<p>seminář<br><a href="https://www.prumkadc.cz/index.php/2024/12/27/seminar-ciste-a-bezpecne/">Čistě a bezpečně</a><br>pořádala Vyšší odborná škola a Střední průmyslová škola strojní, stavební a dopravní, Děčín<br>ve dnech 19.&nbsp;a 20.&nbsp;února 2025</p>



<p>seminář<br><strong><a href="https://www.prumkadc.cz/index.php/2024/03/18/seminar-nove-prvky-v-zeleznicnim-stavitelstvi/">Nové prvky v&nbsp;železničním stavitelství</a></strong><br>pořádala Vyšší odborná škola a Střední průmyslová škola strojní, stavební a dopravní, Děčín<br>ve dnech 14.&nbsp;a 15.&nbsp;února 2024</p>



<p>seminář<br><strong><a href="https://www.prumkadc.cz/index.php/2023/03/07/jubilejni-20-seminar-na-decinske-prumyslovce/" data-type="URL" data-id="https://www.prumkadc.cz/index.php/2023/03/07/jubilejni-20-seminar-na-decinske-prumyslovce/">Vysokorychlostní tratě v&nbsp;ČR</a></strong><br>pořádala Vyšší odborná škola a Střední průmyslová škola strojní, stavební a dopravní, Děčín<br>ve dnech 8.&nbsp;a 9.&nbsp;února 2023</p>



<p>seminář<br><mark style="background-color:rgba(0, 0, 0, 0)" class="has-inline-color has-black-color"><strong><a href="https://www.prumkadc.cz/index.php/2022/03/23/seminar-nova-generace-pracovniku-v-inzenyrskem-stavitelstvi/">Nová generace pracovníků v&nbsp;inženýrském stavitelství</a></strong></mark><strong><br></strong>pořádala Vyšší odborná škola a Střední průmyslová škola strojní, stavební a dopravní, Děčín<br>ve dnech 16.&nbsp;a 17.března 2022</p>



<p><strong><a href="https://www.prumkadc.cz/node/1544"><strong>Stavby dopravní infrastruktury</strong></a><br></strong>pořádala Vyšší odborná škola a Střední průmyslová škola strojní, stavební a dopravní, Děčín<br>ve dnech&nbsp; 26.&nbsp;a 27.února 2020</p>



<p>seminář<br><a href="https://www.prumkadc.cz/node/1397"><strong>Kvalita staveb a oprav tratí železniční dopravní cesty</strong></a><br>pořádala Vyšší odborná škola a Střední průmyslová škola strojní, stavební a dopravní, Děčín<br>ve dnech&nbsp; 20.&nbsp;a 21.února 2019</p>



<p>seminář<br><a href="https://www.prumkadc.cz/node/1242"><strong>Voda a životní prostředí, voda a dopravní stavitelství</strong></a><br>pořádala Vyšší odborná škola a Střední průmyslová škola strojní, stavební a dopravní, Děčín<br>ve dnech&nbsp; 14.&nbsp;a 15.února 2018</p>



<p>seminář<br><a href="https://www.prumkadc.cz/node/1047"><strong>Opravy a rekonstrukce železničních tratí ve výlukách</strong></a><br>pořádala Vyšší odborná škola a Střední průmyslová škola strojní, stavební a dopravní, Děčín<br>ve dnech&nbsp; 8.&nbsp;a 9.února 2017</p>



<p>seminář<br><a href="https://www.prumkadc.cz/node/913"><strong>Věda a výzkum pro stavby železniční dopravní cesty</strong></a><br>pořádala Vyšší odborná škola a Střední průmyslová škola strojní, stavební a dopravní, Děčín<br>ve dnech 9.&nbsp;a 10.&nbsp;března 2016</p>



<p>seminář<br><a href="https://www.prumkadc.cz/node/717"><strong>Stroje pro práce na železničním spodku a svršku</strong></a><br>pořádala Vyšší odborná škola a Střední průmyslová škola strojní, stavební a dopravní, Děčín<br>ve dnech 4.&nbsp;a 5.&nbsp;března 2015</p>



<p>seminář<br><a href="https://www.prumkadc.cz/node/494"><strong>Projektování na železniční dopravní cestě 2014</strong></a><br>pořádala Vyšší odborná škola a Střední průmyslová škola strojní, stavební a dopravní, Děčín<br>ve spolupráci se SUDOP Praha,<br>pod záštitou generálního ředitele SŽDC, s.o. Ing. Jiřího Koláře,<br>ve dnech 26.&nbsp;a 27.&nbsp;února 2014</p>



<p>seminář<br><a href="https://www.prumkadc.cz/node/501"><strong>Zateplovací systém</strong></a><br>pořádala Vyšší odborná škola a Střední průmyslová škola strojní, stavební a dopravní, Děčín<br>ve spolupráci s&nbsp;firmami Stavebniny RABAT a Saint- Gobain Construction Products CZ a.s. &#8211; divize Weber,<br>dne 19.&nbsp;února 2014</p>



<p>seminář<br><a href="https://www.prumkadc.cz/node/150#overlay-context=node/247" target="_blank" rel="noreferrer noopener"><strong>Diagnostika na železniční dopravní cestě 2013</strong></a><br>pořádala Vyšší odborná škola a Střední průmyslová škola strojní, stavební a dopravní, Děčín<br>ve spolupráci se SŽDC, s.o – TÚDC Praha,<br>pod záštitou generálního ředitele SŽDC, s.o. Ing. Jiřího Koláře,<br>ve dnech 20.&nbsp;a 21.&nbsp;února 2013</p>

<p>Aktuálně: Pořádali jsme: seminářČistě a bezpečněpořádala Vyšší odborná škola a Střední průmyslová škola strojní, stavební a dopravní, Děčínve dnech 19.&nbsp;a 20.&nbsp;února 2025 seminářNové prvky v&nbsp;železničním stavitelstvípořádala Vyšší odborná škola a Střední průmyslová škola strojní, stavební a dopravní, Děčínve dnech 14.&nbsp;a 15.&nbsp;února 2024 seminářVysokorychlostní tratě v&nbsp;ČRpořádala Vyšší odborná škola a Střední průmyslová škola strojní, stavební a [&hellip;]</p>
