{"id":6334,"date":"2026-01-26T18:41:26","date_gmt":"2026-01-26T18:41:26","guid":{"rendered":"https:\/\/www.prumkadc.cz\/?page_id=6334"},"modified":"2026-01-28T01:50:23","modified_gmt":"2026-01-28T01:50:23","slug":"sps-obor-technicke-lyceum","status":"publish","type":"page","link":"https:\/\/www.prumkadc.cz\/index.php\/sps-obor-technicke-lyceum\/","title":{"rendered":"SP\u0160 \u2013 Technick\u00e9 lyceum"},"content":{"rendered":"\n<figure class=\"wp-block-table\"><table><tbody><tr><td>N\u00e1zev oboru<\/td><td><strong>Technick\u00e9 lyceum<\/strong><\/td><\/tr><tr><td>K\u00f3d oboru<\/td><td>78-42-M\/01<\/td><\/tr><tr><td>Zam\u011b\u0159en\u00ed<\/td><td><strong>Po\u010d\u00edta\u010dov\u00e1 grafika a vizualizace<br>AI<\/strong><\/td><\/tr><tr><td>Forma studia<\/td><td>denn\u00ed<\/td><\/tr><tr><td>D\u00e9lka studia<\/td><td>4 roky<\/td><\/tr><tr><td>Zp\u016fsob zakon\u010den\u00ed<\/td><td>maturitn\u00ed zkou\u0161ka<\/td><\/tr><tr><td>M\u00edsto v\u00fduky<\/td><td>st\u0159edisko SLO, Slovansk\u00e1 1000\/55, D\u011b\u010d\u00edn VI<\/td><\/tr><\/tbody><\/table><\/figure>\n\n\n\n<p>Vzd\u011bl\u00e1vac\u00ed program <strong>Technick\u00e9 lyceum<\/strong> na na\u0161\u00ed \u0161kole p\u0159ipravuje \u017e\u00e1ky ke studiu technick\u00fdch a technicko-ekonomick\u00fdch obor\u016f na vysok\u00fdch \u0161kol\u00e1ch technick\u00e9ho, p\u0159\u00edrodov\u011bdn\u00e9ho i ekonomick\u00e9ho zam\u011b\u0159en\u00ed. Je ur\u010den absolvent\u016fm z\u00e1kladn\u00edch \u0161kol se z\u00e1jmem o techniku, informatiku, matematiku a p\u0159\u00edrodn\u00ed v\u011bdy.<\/p>\n\n\n\n<p>Studium je koncipov\u00e1no jako odborn\u00e9 technick\u00e9 vzd\u011bl\u00e1v\u00e1n\u00ed s&nbsp;vy\u0161\u0161\u00edm pod\u00edlem v\u0161eobecn\u011b vzd\u011bl\u00e1vac\u00edch p\u0159edm\u011bt\u016f, kter\u00e9 systematicky rozv\u00edjej\u00ed logick\u00e9 a technick\u00e9 my\u0161len\u00ed, schopnost anal\u00fdzy probl\u00e9m\u016f a t\u00fdmovou spolupr\u00e1ci. V\u00fdrazn\u00e1 pozornost je v\u011bnov\u00e1na modern\u00edm technologi\u00edm a jejich praktick\u00e9mu vyu\u017eit\u00ed.<\/p>\n\n\n\n<p>Profilace oboru klade d\u016fraz zejm\u00e9na na <strong>programov\u00e1n\u00ed<\/strong>, <strong>pr\u00e1ci s&nbsp;informa\u010dn\u00edmi a komunika\u010dn\u00edmi technologiemi<\/strong>, <strong>3D modelov\u00e1n\u00ed a 3D tisk<\/strong>, <strong>virtu\u00e1ln\u00ed a roz\u0161\u00ed\u0159enou realitu<\/strong>, profilaci a pou\u017e\u00edv\u00e1n\u00ed <strong>AI<\/strong> a praktick\u00e9 vyu\u017eit\u00ed digit\u00e1ln\u00edch technologi\u00ed. \u017d\u00e1ci se u\u010d\u00ed nejen teorii, ale p\u0159edev\u0161\u00edm jej\u00ed smyslupln\u00e9 vyu\u017eit\u00ed v&nbsp;praxi.<\/p>\n\n\n\n<p>Sou\u010d\u00e1st\u00ed studia je pr\u00e1ce s&nbsp;modern\u00edm technick\u00fdm vybaven\u00edm, CAD syst\u00e9my a digit\u00e1ln\u00edmi n\u00e1stroji, kter\u00e9 se b\u011b\u017en\u011b pou\u017e\u00edvaj\u00ed na vysok\u00fdch \u0161kol\u00e1ch i v&nbsp;technick\u00fdch profes\u00edch. D\u00edky tomu z\u00edsk\u00e1vaj\u00ed \u017e\u00e1ci n\u00e1skok p\u0159i dal\u0161\u00edm studiu a lep\u0161\u00ed orientaci v&nbsp;technicky n\u00e1ro\u010dn\u00fdch oborech.<\/p>\n\n\n\n<p>V\u00fdznamn\u00fdm p\u0159\u00ednosem je tak\u00e9 <strong>spolupr\u00e1ce \u0161koly s&nbsp;Fakultou jadernou a fyzik\u00e1ln\u011b in\u017een\u00fdrskou \u010cVUT v&nbsp;Praze &#8211; pracovi\u0161t\u011b D\u011b\u010d\u00edn<\/strong>, kter\u00e1 \u017e\u00e1k\u016fm umo\u017e\u0148uje nahl\u00e9dnout do prost\u0159ed\u00ed \u0161pi\u010dkov\u00e9ho technick\u00e9ho vzd\u011bl\u00e1v\u00e1n\u00ed, sezn\u00e1mit se s&nbsp;aktu\u00e1ln\u00edmi trendy ve v\u011bd\u011b a technice a l\u00e9pe se p\u0159ipravit na n\u00e1roky vysoko\u0161kolsk\u00e9ho studia.<\/p>\n\n\n\n<p>Absolventi Technick\u00e9ho lycea jsou \u00fasp\u011b\u0161n\u011b p\u0159ij\u00edm\u00e1ni na vysok\u00e9 \u0161koly a z\u00e1rove\u0148 maj\u00ed \u0161irok\u00e9 uplatn\u011bn\u00ed i v&nbsp;praxi \u2013 zejm\u00e9na v&nbsp;oblasti IT, technick\u00e9ho v\u00fdvoje, programov\u00e1n\u00ed, projektov\u00e1n\u00ed, digit\u00e1ln\u00edch technologi\u00ed a inovativn\u00edch obor\u016f. Ned\u00edlnou sou\u010d\u00e1st\u00ed vzd\u011bl\u00e1v\u00e1n\u00ed je tak\u00e9 v\u00fduka dvou ciz\u00edch jazyk\u016f a z\u00e1klad\u016f ekonomiky, \u0159\u00edzen\u00ed a managementu, kter\u00e9 jsou d\u016fle\u017eit\u00e9 pro budouc\u00ed profesn\u00ed i osobn\u00ed rozvoj.<\/p>\n\n\n\n<p>Technick\u00e9 lyceum je tak vhodnou volbou pro \u017e\u00e1ky, kte\u0159\u00ed hledaj\u00ed <strong>modern\u00ed, perspektivn\u00ed a n\u00e1ro\u010dn\u011bj\u0161\u00ed studijn\u00ed obor<\/strong>, jen\u017e ponech\u00e1v\u00e1 otev\u0159en\u00e9 dve\u0159e k&nbsp;dal\u0161\u00edmu studiu i profesn\u00edmu uplatn\u011bn\u00ed.<\/p>\n\n\n\n<p><\/p>\n","protected":false},"excerpt":{"rendered":"<p>N\u00e1zev oboru Technick\u00e9 lyceum K\u00f3d oboru 78-42-M\/01 Zam\u011b\u0159en\u00ed Po\u010d\u00edta\u010dov\u00e1 grafika a vizualizaceAI Forma studia denn\u00ed D\u00e9lka studia 4 roky Zp\u016fsob zakon\u010den\u00ed maturitn\u00ed zkou\u0161ka M\u00edsto v\u00fduky st\u0159edisko SLO, Slovansk\u00e1 1000\/55, D\u011b\u010d\u00edn VI Vzd\u011bl\u00e1vac\u00ed program Technick\u00e9 lyceum na na\u0161\u00ed \u0161kole p\u0159ipravuje \u017e\u00e1ky ke studiu technick\u00fdch a technicko-ekonomick\u00fdch obor\u016f na vysok\u00fdch \u0161kol\u00e1ch technick\u00e9ho, p\u0159\u00edrodov\u011bdn\u00e9ho i ekonomick\u00e9ho zam\u011b\u0159en\u00ed. Je [&hellip;]<\/p>\n","protected":false},"author":7,"featured_media":0,"parent":0,"menu_order":0,"comment_status":"closed","ping_status":"closed","template":"","meta":{"_acf_changed":false,"footnotes":""},"class_list":["post-6334","page","type-page","status-publish","hentry"],"acf":[],"_links":{"self":[{"href":"https:\/\/www.prumkadc.cz\/index.php\/wp-json\/wp\/v2\/pages\/6334","targetHints":{"allow":["GET"]}}],"collection":[{"href":"https:\/\/www.prumkadc.cz\/index.php\/wp-json\/wp\/v2\/pages"}],"about":[{"href":"https:\/\/www.prumkadc.cz\/index.php\/wp-json\/wp\/v2\/types\/page"}],"author":[{"embeddable":true,"href":"https:\/\/www.prumkadc.cz\/index.php\/wp-json\/wp\/v2\/users\/7"}],"replies":[{"embeddable":true,"href":"https:\/\/www.prumkadc.cz\/index.php\/wp-json\/wp\/v2\/comments?post=6334"}],"version-history":[{"count":5,"href":"https:\/\/www.prumkadc.cz\/index.php\/wp-json\/wp\/v2\/pages\/6334\/revisions"}],"predecessor-version":[{"id":6367,"href":"https:\/\/www.prumkadc.cz\/index.php\/wp-json\/wp\/v2\/pages\/6334\/revisions\/6367"}],"wp:attachment":[{"href":"https:\/\/www.prumkadc.cz\/index.php\/wp-json\/wp\/v2\/media?parent=6334"}],"curies":[{"name":"wp","href":"https:\/\/api.w.org\/{rel}","templated":true}]}}

SPŠ – Technické lyceum

<figure class="wp-block-table"><table><tbody><tr><td>Název oboru</td><td><strong>Technické lyceum</strong></td></tr><tr><td>Kód oboru</td><td>78-42-M/01</td></tr><tr><td>Zaměření</td><td><strong>Počítačová grafika a vizualizace<br>AI</strong></td></tr><tr><td>Forma studia</td><td>denní</td></tr><tr><td>Délka studia</td><td>4 roky</td></tr><tr><td>Způsob zakončení</td><td>maturitní zkouška</td></tr><tr><td>Místo výuky</td><td>středisko SLO, Slovanská 1000/55, Děčín VI</td></tr></tbody></table></figure>



<p>Vzdělávací program <strong>Technické lyceum</strong> na naší škole připravuje žáky ke studiu technických a technicko-ekonomických oborů na vysokých školách technického, přírodovědného i ekonomického zaměření. Je určen absolventům základních škol se zájmem o techniku, informatiku, matematiku a přírodní vědy.</p>



<p>Studium je koncipováno jako odborné technické vzdělávání s&nbsp;vyšším podílem všeobecně vzdělávacích předmětů, které systematicky rozvíjejí logické a technické myšlení, schopnost analýzy problémů a týmovou spolupráci. Výrazná pozornost je věnována moderním technologiím a jejich praktickému využití.</p>



<p>Profilace oboru klade důraz zejména na <strong>programování</strong>, <strong>práci s&nbsp;informačními a komunikačními technologiemi</strong>, <strong>3D modelování a 3D tisk</strong>, <strong>virtuální a rozšířenou realitu</strong>, profilaci a používání <strong>AI</strong> a praktické využití digitálních technologií. Žáci se učí nejen teorii, ale především její smysluplné využití v&nbsp;praxi.</p>



<p>Součástí studia je práce s&nbsp;moderním technickým vybavením, CAD systémy a digitálními nástroji, které se běžně používají na vysokých školách i v&nbsp;technických profesích. Díky tomu získávají žáci náskok při dalším studiu a lepší orientaci v&nbsp;technicky náročných oborech.</p>



<p>Významným přínosem je také <strong>spolupráce školy s&nbsp;Fakultou jadernou a fyzikálně inženýrskou ČVUT v&nbsp;Praze &#8211; pracoviště Děčín</strong>, která žákům umožňuje nahlédnout do prostředí špičkového technického vzdělávání, seznámit se s&nbsp;aktuálními trendy ve vědě a technice a lépe se připravit na nároky vysokoškolského studia.</p>



<p>Absolventi Technického lycea jsou úspěšně přijímáni na vysoké školy a zároveň mají široké uplatnění i v&nbsp;praxi – zejména v&nbsp;oblasti IT, technického vývoje, programování, projektování, digitálních technologií a inovativních oborů. Nedílnou součástí vzdělávání je také výuka dvou cizích jazyků a základů ekonomiky, řízení a managementu, které jsou důležité pro budoucí profesní i osobní rozvoj.</p>



<p>Technické lyceum je tak vhodnou volbou pro žáky, kteří hledají <strong>moderní, perspektivní a náročnější studijní obor</strong>, jenž ponechává otevřené dveře k&nbsp;dalšímu studiu i profesnímu uplatnění.</p>



<p></p>

<p>Název oboru Technické lyceum Kód oboru 78-42-M/01 Zaměření Počítačová grafika a vizualizaceAI Forma studia denní Délka studia 4 roky Způsob zakončení maturitní zkouška Místo výuky středisko SLO, Slovanská 1000/55, Děčín VI Vzdělávací program Technické lyceum na naší škole připravuje žáky ke studiu technických a technicko-ekonomických oborů na vysokých školách technického, přírodovědného i ekonomického zaměření. Je [&hellip;]</p>
