{"id":6437,"date":"2026-03-18T11:06:00","date_gmt":"2026-03-18T11:06:00","guid":{"rendered":"https:\/\/www.prumkadc.cz\/?page_id=6437"},"modified":"2026-03-18T11:10:03","modified_gmt":"2026-03-18T11:10:03","slug":"vos-a-sps-decin-konektivita-skoly","status":"publish","type":"page","link":"https:\/\/www.prumkadc.cz\/index.php\/vos-a-sps-decin-konektivita-skoly\/","title":{"rendered":"VO\u0160 a SP\u0160 D\u011b\u010d\u00edn &#8211; konektivita \u0161koly"},"content":{"rendered":"\n<p>Tento projekt je spolufinancov\u00e1n&nbsp;<strong>Evropskou uni\u00ed.<\/strong><\/p>\n\n\n\n<p>Hlavn\u00edm projektov\u00fdm c\u00edlem je rozs\u00e1hl\u00e1 modernizace \u0161koln\u00ed s\u00edt\u011b a zaji\u0161t\u011bn\u00ed konektivity \u0161koly&nbsp;<br>v souladu se standardem konektivity. C\u00edlem doprovodn\u00e9 \u010d\u00e1sti projektu je zkvalitn\u011bn\u00ed vzd\u011bl\u00e1vac\u00ed infrastruktury pro pr\u00e1ci s&nbsp;digit\u00e1ln\u00edmi technologiemi, a to po\u0159\u00edzen\u00edm modern\u00edho technologick\u00e9ho vybaven\u00ed.<\/p>\n\n\n\n<p><strong>Term\u00edn realizace projektu: 04\/2023 \u2013 12\/2025<\/strong><\/p>\n\n\n\n<figure class=\"wp-block-image size-full\"><img fetchpriority=\"high\" decoding=\"async\" width=\"766\" height=\"107\" src=\"https:\/\/www.prumkadc.cz\/wp-content\/uploads\/2026\/03\/image.png\" alt=\"\" class=\"wp-image-6438\" srcset=\"https:\/\/www.prumkadc.cz\/wp-content\/uploads\/2026\/03\/image.png 766w, https:\/\/www.prumkadc.cz\/wp-content\/uploads\/2026\/03\/image-300x42.png 300w, https:\/\/www.prumkadc.cz\/wp-content\/uploads\/2026\/03\/image-100x14.png 100w\" sizes=\"(max-width: 766px) 100vw, 766px\" \/><\/figure>\n\n\n\n<div data-wp-interactive=\"core\/file\" class=\"wp-block-file\"><object data-wp-bind--hidden=\"!state.hasPdfPreview\" hidden class=\"wp-block-file__embed\" data=\"https:\/\/www.prumkadc.cz\/wp-content\/uploads\/2026\/03\/docasny-billboard-bez-orezovych-znacek.pdf\" type=\"application\/pdf\" style=\"width:100%;height:600px\" aria-label=\"Vlo\u017eit z Billboard.\"><\/object><a id=\"wp-block-file--media-35fd24ac-0982-4725-b829-62b9756294bc\" href=\"https:\/\/www.prumkadc.cz\/wp-content\/uploads\/2026\/03\/docasny-billboard-bez-orezovych-znacek.pdf\">Billboard<\/a><a href=\"https:\/\/www.prumkadc.cz\/wp-content\/uploads\/2026\/03\/docasny-billboard-bez-orezovych-znacek.pdf\" class=\"wp-block-file__button wp-element-button\" download aria-describedby=\"wp-block-file--media-35fd24ac-0982-4725-b829-62b9756294bc\">St\u00e1hnout<\/a><\/div>\n\n\n\n<p><\/p>\n","protected":false},"excerpt":{"rendered":"<p>Tento projekt je spolufinancov\u00e1n&nbsp;Evropskou uni\u00ed. Hlavn\u00edm projektov\u00fdm c\u00edlem je rozs\u00e1hl\u00e1 modernizace \u0161koln\u00ed s\u00edt\u011b a zaji\u0161t\u011bn\u00ed konektivity \u0161koly&nbsp;v&nbsp;souladu se standardem konektivity. C\u00edlem doprovodn\u00e9 \u010d\u00e1sti projektu je zkvalitn\u011bn\u00ed vzd\u011bl\u00e1vac\u00ed infrastruktury pro pr\u00e1ci s&nbsp;digit\u00e1ln\u00edmi technologiemi, a to po\u0159\u00edzen\u00edm modern\u00edho technologick\u00e9ho vybaven\u00ed. Term\u00edn realizace projektu: 04\/2023 \u2013 12\/2025<\/p>\n","protected":false},"author":2,"featured_media":0,"parent":0,"menu_order":0,"comment_status":"closed","ping_status":"closed","template":"","meta":{"_acf_changed":false,"footnotes":""},"class_list":["post-6437","page","type-page","status-publish","hentry"],"acf":[],"_links":{"self":[{"href":"https:\/\/www.prumkadc.cz\/index.php\/wp-json\/wp\/v2\/pages\/6437","targetHints":{"allow":["GET"]}}],"collection":[{"href":"https:\/\/www.prumkadc.cz\/index.php\/wp-json\/wp\/v2\/pages"}],"about":[{"href":"https:\/\/www.prumkadc.cz\/index.php\/wp-json\/wp\/v2\/types\/page"}],"author":[{"embeddable":true,"href":"https:\/\/www.prumkadc.cz\/index.php\/wp-json\/wp\/v2\/users\/2"}],"replies":[{"embeddable":true,"href":"https:\/\/www.prumkadc.cz\/index.php\/wp-json\/wp\/v2\/comments?post=6437"}],"version-history":[{"count":3,"href":"https:\/\/www.prumkadc.cz\/index.php\/wp-json\/wp\/v2\/pages\/6437\/revisions"}],"predecessor-version":[{"id":6444,"href":"https:\/\/www.prumkadc.cz\/index.php\/wp-json\/wp\/v2\/pages\/6437\/revisions\/6444"}],"wp:attachment":[{"href":"https:\/\/www.prumkadc.cz\/index.php\/wp-json\/wp\/v2\/media?parent=6437"}],"curies":[{"name":"wp","href":"https:\/\/api.w.org\/{rel}","templated":true}]}}